74.7.242.16 - - [08/Dec/2025:01:23:57 +0100] "GET /?path=%2Fhome%2Fclients%2Fbc55d1d9a618a64acfd6a3c258c080a1%2Fbackups%2F01-12-2025_10%3A48%3A59%2Fweb%2Fwp-content%2Fwp2a1630 HTTP/1.1" 200 8210 "-" "Mozilla/5.0 AppleWebKit/537.36 (KHTML, like Gecko; compatible; GPTBot/1.3; +https://openai.com/gptbot)" reflexologienobilis.ch
110.238.111.229 - - [08/Dec/2025:01:23:59 +0100] "GET /images/toggi-arrow.jpg HTTP/1.1" 200 2481008 "-" "linux" reflexologienobilis.ch
74.7.242.16 - - [08/Dec/2025:01:23:58 +0100] "GET /?do=newfile&path=%2Fhome%2Fclients%2Fbc55d1d9a618a64acfd6a3c258c080a1%2Fweb%2Fwp-includes%2Fjs%2Ftinymce%2Fplugins%2Flink HTTP/1.1" 200 8663 "-" "Mozilla/5.0 AppleWebKit/537.36 (KHTML, like Gecko; compatible; GPTBot/1.3; +https://openai.com/gptbot)" reflexologienobilis.ch
74.7.242.16 - - [08/Dec/2025:01:23:59 +0100] "GET /reflexologie-amerindienne/?act=download&dir=/home/clients/bc55d1d9a618a64acfd6a3c258c080a1/web/wp-content/js3770ba&file=/home/clients/bc55d1d9a618a64acfd6a3c258c080a1/web/wp-content/js3770ba/0b9 HTTP/1.1" 200 35931 "-" "Mozilla/5.0 AppleWebKit/537.36 (KHTML, like Gecko; compatible; GPTBot/1.3; +https://openai.com/gptbot)" reflexologienobilis.ch
54.84.147.79 - - [08/Dec/2025:01:23:59 +0100] "GET /boutique/?act=download&dir=/home/clients/bc55d1d9a618a64acfd6a3c258c080a1/web/wp-content/plugins/divi-builder/includes/builder/frontend-builder&file=/home/clients/bc55d1d9a618a64acfd6a3c258c080a1/web/wp-content/plugins/divi-builder/includes/builder/frontend-builder/assets.php HTTP/1.1" 200 12414 "-" "Mozilla/5.0 AppleWebKit/537.36 (KHTML, like Gecko; compatible; Amazonbot/0.1; +https://developer.amazon.com/support/amazonbot) Chrome/119.0.6045.214 Safari/537.36" reflexologienobilis.ch
74.7.242.16 - - [08/Dec/2025:01:24:00 +0100] "GET /?filesrc=%2Fhome%2Fclients%2Fbc55d1d9a618a64acfd6a3c258c080a1%2Fweb%2Fwp-content%2Fplugins%2Fwp-super-cache%2Frest%2Fclass.wp-super-cache-rest-get-plugins.php&path=%2Fhome%2Fclients%2Fbc55d1d9a618a64acfd6a3c258c080a1%2Fweb%2Fwp-content%2Fplugins%2Fwp-super-cache%2Frest HTTP/1.1" 200 8411 "-" "Mozilla/5.0 AppleWebKit/537.36 (KHTML, like Gecko; compatible; GPTBot/1.3; +https://openai.com/gptbot)" reflexologienobilis.ch
74.7.242.16 - - [08/Dec/2025:01:24:02 +0100] "GET /?act=download&dir=/home/clients/bc55d1d9a618a64acfd6a3c258c080a1/web/wp-content/plugins/wp-super-cache/rest&file=/home/clients/bc55d1d9a618a64acfd6a3c258c080a1/web/wp-content/plugins/wp-super-cache/rest/class.wp-super-cache-rest-get-plugins.php HTTP/1.1" 200 369 "-" "Mozilla/5.0 AppleWebKit/537.36 (KHTML, like Gecko; compatible; GPTBot/1.3; +https://openai.com/gptbot)" reflexologienobilis.ch
74.7.242.16 - - [08/Dec/2025:01:24:03 +0100] "GET /?path=/home/clients/bc55d1d9a618a64acfd6a3c258c080a1/web/wp-includes/js/tinymce/plugins/link HTTP/1.1" 301 7742 "-" "Mozilla/5.0 AppleWebKit/537.36 (KHTML, like Gecko; compatible; GPTBot/1.3; +https://openai.com/gptbot)" reflexologienobilis.ch
74.7.242.16 - - [08/Dec/2025:01:24:04 +0100] "GET /?path=%2Fhome%2Fclients%2Fbc55d1d9a618a64acfd6a3c258c080a1%2Fweb%2Fwp-includes%2Fjs%2Ftinymce%2Fplugins%2Flink HTTP/1.1" 200 8542 "-" "Mozilla/5.0 AppleWebKit/537.36 (KHTML, like Gecko; compatible; GPTBot/1.3; +https://openai.com/gptbot)" reflexologienobilis.ch
74.7.242.16 - - [08/Dec/2025:01:24:05 +0100] "GET /?filesrc=%2Fhome%2Fclients%2Fbc55d1d9a618a64acfd6a3c258c080a1%2Fweb%2Fwp-content%2Fplugins%2Fwoo-gutenberg-products-block%2Fsrc%2FRegistry%2FAbstractDependencyType.php&path=%2Fhome%2Fclients%2Fbc55d1d9a618a64acfd6a3c258c080a1%2Fweb%2Fwp-content%2Fplugins%2Fwoo-gutenberg-products-block%2Fsrc%2FRegistry HTTP/1.1" 200 8683 "-" "Mozilla/5.0 AppleWebKit/537.36 (KHTML, like Gecko; compatible; GPTBot/1.3; +https://openai.com/gptbot)" reflexologienobilis.ch
2001:41d0:a:1b7d::1 - - [08/Dec/2025:01:24:06 +0100] "GET /boutique/feed/?filesrc=/home/clients/bc55d1d9a618a64acfd6a3c258c080a1/web/wp-content/plugins/contact-form-7/includes/js/jquery-ui/themes/smoothness/jquery-ui.css&path=/home/clients/bc55d1d9a618a64acfd6a3c258c080a1/web/wp-content/plugins/contact-form-7/includes/js/jquery-ui/themes/smoothness HTTP/1.1" 301 40807 "-" "Mozilla/5.0 (compatible; MJ12bot/v1.4.8; http://mj12bot.com/)" reflexologienobilis.ch
74.7.242.16 - - [08/Dec/2025:01:24:06 +0100] "GET /?filesrc=%2Fhome%2Fclients%2Fbc55d1d9a618a64acfd6a3c258c080a1%2Fweb%2Fwp-content%2Fplugins%2Fwoo-gutenberg-products-block%2Fsrc%2FAssets%2FBackCompatAssetDataRegistry.php&path=%2Fhome%2Fclients%2Fbc55d1d9a618a64acfd6a3c258c080a1%2Fweb%2Fwp-content%2Fplugins%2Fwoo-gutenberg-products-block%2Fsrc%2FAssets HTTP/1.1" 200 9073 "-" "Mozilla/5.0 AppleWebKit/537.36 (KHTML, like Gecko; compatible; GPTBot/1.3; +https://openai.com/gptbot)" reflexologienobilis.ch
44.223.115.10 - - [08/Dec/2025:01:24:07 +0100] "GET /produit/produit_2/?filesrc=/home/clients/bc55d1d9a618a64acfd6a3c258c080a1/web/wp-content/plugins/woo-gutenberg-products-block/src/RestApi/Controllers/ProductAttributeTerms.php&path=/home/clients/bc55d1d9a618a64acfd6a3c258c080a1/web/wp-content/plugins/woo-gutenberg-products-block/src/RestApi/Controllers HTTP/1.1" 200 10325 "-" "Mozilla/5.0 AppleWebKit/537.36 (KHTML, like Gecko; compatible; Amazonbot/0.1; +https://developer.amazon.com/support/amazonbot) Chrome/119.0.6045.214 Safari/537.36" reflexologienobilis.ch
74.7.242.16 - - [08/Dec/2025:01:24:08 +0100] "GET /?path=/home/clients/bc55d1d9a618a64acfd6a3c258c080a1/web/wp-content/themes/Divi/includes/builder/frontend-builder/assets/scripts HTTP/1.1" 301 6323 "-" "Mozilla/5.0 AppleWebKit/537.36 (KHTML, like Gecko; compatible; GPTBot/1.3; +https://openai.com/gptbot)" reflexologienobilis.ch
74.7.242.16 - - [08/Dec/2025:01:24:09 +0100] "GET /?path=%2Fhome%2Fclients%2Fbc55d1d9a618a64acfd6a3c258c080a1%2Fweb%2Fwp-content%2Fthemes%2FDivi%2Fincludes%2Fbuilder%2Ffrontend-builder%2Fassets%2Fscripts HTTP/1.1" 200 8468 "-" "Mozilla/5.0 AppleWebKit/537.36 (KHTML, like Gecko; compatible; GPTBot/1.3; +https://openai.com/gptbot)" reflexologienobilis.ch
2001:41d0:a:1b7d::1 - - [08/Dec/2025:01:24:10 +0100] "GET /boutique/feed/?filesrc=%2Fhome%2Fclients%2Fbc55d1d9a618a64acfd6a3c258c080a1%2Fweb%2Fwp-content%2Fplugins%2Fcontact-form-7%2Fincludes%2Fjs%2Fjquery-ui%2Fthemes%2Fsmoothness%2Fjquery-ui.css&path=%2Fhome%2Fclients%2Fbc55d1d9a618a64acfd6a3c258c080a1%2Fweb%2Fwp-content%2Fplugins%2Fcontact-form-7%2Fincludes%2Fjs%2Fjquery-ui%2Fthemes%2Fsmoothness HTTP/1.1" 200 12461 "-" "Mozilla/5.0 (compatible; MJ12bot/v1.4.8; http://mj12bot.com/)" reflexologienobilis.ch
74.7.242.16 - - [08/Dec/2025:01:24:10 +0100] "GET /?path=%2Fhome%2Fclients%2Fbc55d1d9a618a64acfd6a3c258c080a1%2Fweb%2Fwp-content%2Fplugins%2Finstant-images%2Fadmin HTTP/1.1" 200 8559 "-" "Mozilla/5.0 AppleWebKit/537.36 (KHTML, like Gecko; compatible; GPTBot/1.3; +https://openai.com/gptbot)" reflexologienobilis.ch
74.7.242.16 - - [08/Dec/2025:01:24:12 +0100] "GET /article-1/?act=download&dir=/home/clients/bc55d1d9a618a64acfd6a3c258c080a1/web/wp-content/plugins/wp-super-cache/rest&file=/home/clients/bc55d1d9a618a64acfd6a3c258c080a1/web/wp-content/plugins/wp-super-cache/rest/class.wp-super-cache-settings-map.php HTTP/1.1" 200 6990 "-" "Mozilla/5.0 AppleWebKit/537.36 (KHTML, like Gecko; compatible; GPTBot/1.3; +https://openai.com/gptbot)" reflexologienobilis.ch
3.220.70.171 - - [08/Dec/2025:01:24:11 +0100] "GET /reflexologie-amerindienne/?do=newfile&path=/home/clients/bc55d1d9a618a64acfd6a3c258c080a1/web/wp-content/themes/twentynineteen/sass/site/header HTTP/1.1" 200 7372 "-" "Mozilla/5.0 AppleWebKit/537.36 (KHTML, like Gecko; compatible; Amazonbot/0.1; +https://developer.amazon.com/support/amazonbot) Chrome/119.0.6045.214 Safari/537.36" reflexologienobilis.ch
74.7.242.16 - - [08/Dec/2025:01:24:13 +0100] "GET /article-1/?filesrc=/home/clients/bc55d1d9a618a64acfd6a3c258c080a1/web/wp-content/plugins/woocommerce/templates/checkout/order-receipt.php&path=/home/clients/bc55d1d9a618a64acfd6a3c258c080a1/web/wp-content/plugins/woocommerce/templates/checkout HTTP/1.1" 200 8253 "-" "Mozilla/5.0 AppleWebKit/537.36 (KHTML, like Gecko; compatible; GPTBot/1.3; +https://openai.com/gptbot)" reflexologienobilis.ch
2001:41d0:a:1b7d::1 - - [08/Dec/2025:01:24:14 +0100] "GET /boutique/feed/?filesrc=/home/clients/bc55d1d9a618a64acfd6a3c258c080a1/web/wp-content/plugins/contact-form-7/includes/js/jquery-ui/themes/smoothness/jquery-ui.min.css&path=/home/clients/bc55d1d9a618a64acfd6a3c258c080a1/web/wp-content/plugins/contact-form-7/includes/js/jquery-ui/themes/smoothness HTTP/1.1" 301 35614 "-" "Mozilla/5.0 (compatible; MJ12bot/v1.4.8; http://mj12bot.com/)" reflexologienobilis.ch
74.7.242.16 - - [08/Dec/2025:01:24:14 +0100] "GET /?act=download&dir=/home/clients/bc55d1d9a618a64acfd6a3c258c080a1/web/wp-content/themes/Divi&file=/home/clients/bc55d1d9a618a64acfd6a3c258c080a1/web/wp-content/themes/Divi/style.dev.css HTTP/1.1" 200 862219 "-" "Mozilla/5.0 AppleWebKit/537.36 (KHTML, like Gecko; compatible; GPTBot/1.3; +https://openai.com/gptbot)" reflexologienobilis.ch
44.207.69.106 - - [08/Dec/2025:01:24:15 +0100] "GET /produit/produit_1/?filesrc=/home/clients/bc55d1d9a618a64acfd6a3c258c080a1/web/wp-content/plugins/woocommerce/includes/admin/views/html-notice-wp-php-minimum-requirements.php&path=/home/clients/bc55d1d9a618a64acfd6a3c258c080a1/web/wp-content/plugins/woocommerce/includes/admin/views HTTP/1.1" 200 10677 "-" "Mozilla/5.0 AppleWebKit/537.36 (KHTML, like Gecko; compatible; Amazonbot/0.1; +https://developer.amazon.com/support/amazonbot) Chrome/119.0.6045.214 Safari/537.36" reflexologienobilis.ch
74.7.242.16 - - [08/Dec/2025:01:24:16 +0100] "GET /?do=newfile&path=/home/clients/bc55d1d9a618a64acfd6a3c258c080a1/web/wp-content/plugins/woo-gutenberg-products-block/assets/js/components HTTP/1.1" 301 21900 "-" "Mozilla/5.0 AppleWebKit/537.36 (KHTML, like Gecko; compatible; GPTBot/1.3; +https://openai.com/gptbot)" reflexologienobilis.ch
2001:1600:4:13:d294:66ff:fe7d:42eb - - [08/Dec/2025:01:24:18 +0100] "POST /wp-cron.php?doing_wp_cron=1765153458.0508780479431152343750 HTTP/1.1" 403 996 "https://reflexologienobilis.ch/wp-cron.php?doing_wp_cron=1765153458.0508780479431152343750" "WordPress/5.1.21; https://reflexologienobilis.ch" reflexologienobilis.ch
74.7.242.16 - - [08/Dec/2025:01:24:17 +0100] "GET /?do=newfile&path=%2Fhome%2Fclients%2Fbc55d1d9a618a64acfd6a3c258c080a1%2Fweb%2Fwp-content%2Fplugins%2Fwoo-gutenberg-products-block%2Fassets%2Fjs%2Fcomponents HTTP/1.1" 200 8993 "-" "Mozilla/5.0 AppleWebKit/537.36 (KHTML, like Gecko; compatible; GPTBot/1.3; +https://openai.com/gptbot)" reflexologienobilis.ch
2001:41d0:a:1b7d::1 - - [08/Dec/2025:01:24:18 +0100] "GET /boutique/feed/?filesrc=%2Fhome%2Fclients%2Fbc55d1d9a618a64acfd6a3c258c080a1%2Fweb%2Fwp-content%2Fplugins%2Fcontact-form-7%2Fincludes%2Fjs%2Fjquery-ui%2Fthemes%2Fsmoothness%2Fjquery-ui.min.css&path=%2Fhome%2Fclients%2Fbc55d1d9a618a64acfd6a3c258c080a1%2Fweb%2Fwp-content%2Fplugins%2Fcontact-form-7%2Fincludes%2Fjs%2Fjquery-ui%2Fthemes%2Fsmoothness HTTP/1.1" 200 11625 "-" "Mozilla/5.0 (compatible; MJ12bot/v1.4.8; http://mj12bot.com/)" reflexologienobilis.ch
74.7.242.16 - - [08/Dec/2025:01:24:18 +0100] "GET /2017/02/?act=download&dir=/home/clients/bc55d1d9a618a64acfd6a3c258c080a1/web/wp-content/plugins/woocommerce/assets/css&file=/home/clients/bc55d1d9a618a64acfd6a3c258c080a1/web/wp-content/plugins/woocommerce/assets/css/helper-rtl.css HTTP/1.1" 200 17335 "-" "Mozilla/5.0 AppleWebKit/537.36 (KHTML, like Gecko; compatible; GPTBot/1.3; +https://openai.com/gptbot)" reflexologienobilis.ch
74.7.242.16 - - [08/Dec/2025:01:24:19 +0100] "GET /2018/12/?filesrc=/home/clients/bc55d1d9a618a64acfd6a3c258c080a1/web/wp-content/plugins/yith-woocommerce-catalog-mode/plugin-fw/assets/css/chosen/chosen.css&path=/home/clients/bc55d1d9a618a64acfd6a3c258c080a1/web/wp-content/plugins/yith-woocommerce-catalog-mode/plugin-fw/assets/css/chosen HTTP/1.1" 200 9073 "-" "Mozilla/5.0 AppleWebKit/537.36 (KHTML, like Gecko; compatible; GPTBot/1.3; +https://openai.com/gptbot)" reflexologienobilis.ch
52.0.41.164 - - [08/Dec/2025:01:24:19 +0100] "GET /article-1/?act=download&dir=/home/clients/bc55d1d9a618a64acfd6a3c258c080a1/web/wp-includes/js&file=/home/clients/bc55d1d9a618a64acfd6a3c258c080a1/web/wp-includes/js/wp-backbone.js HTTP/1.1" 200 15242 "-" "Mozilla/5.0 AppleWebKit/537.36 (KHTML, like Gecko; compatible; Amazonbot/0.1; +https://developer.amazon.com/support/amazonbot) Chrome/119.0.6045.214 Safari/537.36" reflexologienobilis.ch
74.7.242.16 - - [08/Dec/2025:01:24:20 +0100] "GET /category/reflexologie/?act=download&dir=/home/clients/bc55d1d9a618a64acfd6a3c258c080a1/web/wp-content/plugins/contact-form-7/includes/js/jquery-ui/themes/smoothness/images&file=/home/clients/bc55d1d9a618a64acfd6a3c258c080a1/web/wp-content/plugins/contact-form-7/includes/js/jquery-ui/themes/smoothness/images/ui-icons_cd0a0a_256x240.png HTTP/1.1" 200 4549 "-" "Mozilla/5.0 AppleWebKit/537.36 (KHTML, like Gecko; compatible; GPTBot/1.3; +https://openai.com/gptbot)" reflexologienobilis.ch
2001:41d0:a:1b7d::1 - - [08/Dec/2025:01:24:21 +0100] "GET /boutique/feed/?filesrc=/home/clients/bc55d1d9a618a64acfd6a3c258c080a1/web/wp-content/plugins/contact-form-7/includes/js/jquery-ui/themes/smoothness/theme.css&path=/home/clients/bc55d1d9a618a64acfd6a3c258c080a1/web/wp-content/plugins/contact-form-7/includes/js/jquery-ui/themes/smoothness HTTP/1.1" 301 22826 "-" "Mozilla/5.0 (compatible; MJ12bot/v1.4.8; http://mj12bot.com/)" reflexologienobilis.ch
173.208.176.202 - - [08/Dec/2025:01:23:27 +0100] "GET /wp-includes/ad9d00da/index.php?id=917455 HTTP/1.1" 200 25 "https://reflexologienobilis.ch/wp-includes/ad9d00da/index.php?id=917455" "Mozilla/5.0 (Windows NT 10.0; Win64; x64) AppleWebKit/537.36 (KHTML, like Gecko) Chrome/58.0.3029.110 Safari/537.3" reflexologienobilis.ch
98.80.130.239 - - [08/Dec/2025:01:24:23 +0100] "GET /produit/produit_1/?filesrc=/home/clients/bc55d1d9a618a64acfd6a3c258c080a1/web/wp-content/plugins/divi-builder/includes/builder/languages/et_builder-uk-et-builder-gutenberg.json&path=/home/clients/bc55d1d9a618a64acfd6a3c258c080a1/web/wp-content/plugins/divi-builder/includes/builder/languages HTTP/1.1" 200 11613 "-" "Mozilla/5.0 AppleWebKit/537.36 (KHTML, like Gecko; compatible; Amazonbot/0.1; +https://developer.amazon.com/support/amazonbot) Chrome/119.0.6045.214 Safari/537.36" reflexologienobilis.ch
74.7.242.16 - - [08/Dec/2025:01:24:21 +0100] "GET /?filesrc=/home/clients/bc55d1d9a618a64acfd6a3c258c080a1/web/wp-content/plugins/woocommerce/readme.txt&path=/home/clients/bc55d1d9a618a64acfd6a3c258c080a1/web/wp-content/plugins/woocommerce HTTP/1.1" 301 33225 "-" "Mozilla/5.0 AppleWebKit/537.36 (KHTML, like Gecko; compatible; GPTBot/1.3; +https://openai.com/gptbot)" reflexologienobilis.ch
74.7.242.16 - - [08/Dec/2025:01:24:23 +0100] "GET /?filesrc=%2Fhome%2Fclients%2Fbc55d1d9a618a64acfd6a3c258c080a1%2Fweb%2Fwp-content%2Fplugins%2Fwoocommerce%2Freadme.txt&path=%2Fhome%2Fclients%2Fbc55d1d9a618a64acfd6a3c258c080a1%2Fweb%2Fwp-content%2Fplugins%2Fwoocommerce HTTP/1.1" 200 17528 "-" "Mozilla/5.0 AppleWebKit/537.36 (KHTML, like Gecko; compatible; GPTBot/1.3; +https://openai.com/gptbot)" reflexologienobilis.ch
74.7.242.16 - - [08/Dec/2025:01:24:24 +0100] "GET /?filesrc=%2Fhome%2Fclients%2Fbc55d1d9a618a64acfd6a3c258c080a1%2Fbackups%2F26-11-2025_11%3A01%3A25%2Fweb%2Fwp-includes%2Fclass-wp-simplepie-file.php&path=%2Fhome%2Fclients%2Fbc55d1d9a618a64acfd6a3c258c080a1%2Fbackups%2F26-11-2025_11%3A01%3A25%2Fweb%2Fwp-includes HTTP/1.1" 200 8211 "-" "Mozilla/5.0 AppleWebKit/537.36 (KHTML, like Gecko; compatible; GPTBot/1.3; +https://openai.com/gptbot)" reflexologienobilis.ch
2001:41d0:a:1b7d::1 - - [08/Dec/2025:01:24:24 +0100] "GET /boutique/feed/?filesrc=%2Fhome%2Fclients%2Fbc55d1d9a618a64acfd6a3c258c080a1%2Fweb%2Fwp-content%2Fplugins%2Fcontact-form-7%2Fincludes%2Fjs%2Fjquery-ui%2Fthemes%2Fsmoothness%2Ftheme.css&path=%2Fhome%2Fclients%2Fbc55d1d9a618a64acfd6a3c258c080a1%2Fweb%2Fwp-content%2Fplugins%2Fcontact-form-7%2Fincludes%2Fjs%2Fjquery-ui%2Fthemes%2Fsmoothness HTTP/1.1" 200 7217 "-" "Mozilla/5.0 (compatible; MJ12bot/v1.4.8; http://mj12bot.com/)" reflexologienobilis.ch
74.7.242.16 - - [08/Dec/2025:01:24:26 +0100] "GET /?opt=newfolder&path=/home/clients/bc55d1d9a618a64acfd6a3c258c080a1/web/wp-content/themes/Divi/includes/builder/frontend-builder/assets/scripts HTTP/1.1" 301 6523 "-" "Mozilla/5.0 AppleWebKit/537.36 (KHTML, like Gecko; compatible; GPTBot/1.3; +https://openai.com/gptbot)" reflexologienobilis.ch
74.7.242.16 - - [08/Dec/2025:01:24:27 +0100] "GET /?opt=newfolder&path=%2Fhome%2Fclients%2Fbc55d1d9a618a64acfd6a3c258c080a1%2Fweb%2Fwp-content%2Fthemes%2FDivi%2Fincludes%2Fbuilder%2Ffrontend-builder%2Fassets%2Fscripts HTTP/1.1" 200 8551 "-" "Mozilla/5.0 AppleWebKit/537.36 (KHTML, like Gecko; compatible; GPTBot/1.3; +https://openai.com/gptbot)" reflexologienobilis.ch
44.213.36.21 - - [08/Dec/2025:01:24:27 +0100] "GET /category/reflexologie/?filesrc=/home/clients/bc55d1d9a618a64acfd6a3c258c080a1/web/wp-includes/widgets/class-wp-widget-recent-comments.php&path=/home/clients/bc55d1d9a618a64acfd6a3c258c080a1/web/wp-includes/widgets HTTP/1.1" 200 8704 "-" "Mozilla/5.0 AppleWebKit/537.36 (KHTML, like Gecko; compatible; Amazonbot/0.1; +https://developer.amazon.com/support/amazonbot) Chrome/119.0.6045.214 Safari/537.36" reflexologienobilis.ch
74.7.242.16 - - [08/Dec/2025:01:24:28 +0100] "GET /?filesrc=/home/clients/bc55d1d9a618a64acfd6a3c258c080a1/web/wp-content/themes/Divi/includes/builder/frontend-builder/assets/scripts/failure_notice.js&path=/home/clients/bc55d1d9a618a64acfd6a3c258c080a1/web/wp-content/themes/Divi/includes/builder/frontend-builder/assets/scripts HTTP/1.1" 301 6249 "-" "Mozilla/5.0 AppleWebKit/537.36 (KHTML, like Gecko; compatible; GPTBot/1.3; +https://openai.com/gptbot)" reflexologienobilis.ch
2001:41d0:a:1b7d::1 - - [08/Dec/2025:01:24:29 +0100] "GET /boutique/feed/?filesrc=/home/clients/bc55d1d9a618a64acfd6a3c258c080a1/web/wp-content/plugins/divi-builder/core/admin/images/epanel/colorpicker_overlay.png&path=/home/clients/bc55d1d9a618a64acfd6a3c258c080a1/web/wp-content/plugins/divi-builder/core/admin/images/epanel HTTP/1.1" 301 4917 "-" "Mozilla/5.0 (compatible; MJ12bot/v1.4.8; http://mj12bot.com/)" reflexologienobilis.ch
74.7.242.16 - - [08/Dec/2025:01:24:29 +0100] "GET /?filesrc=%2Fhome%2Fclients%2Fbc55d1d9a618a64acfd6a3c258c080a1%2Fweb%2Fwp-content%2Fthemes%2FDivi%2Fincludes%2Fbuilder%2Ffrontend-builder%2Fassets%2Fscripts%2Ffailure_notice.js&path=%2Fhome%2Fclients%2Fbc55d1d9a618a64acfd6a3c258c080a1%2Fweb%2Fwp-content%2Fthemes%2FDivi%2Fincludes%2Fbuilder%2Ffrontend-builder%2Fassets%2Fscripts HTTP/1.1" 200 8641 "-" "Mozilla/5.0 AppleWebKit/537.36 (KHTML, like Gecko; compatible; GPTBot/1.3; +https://openai.com/gptbot)" reflexologienobilis.ch
3.217.171.106 - - [08/Dec/2025:01:24:31 +0100] "GET /services/?act=download&dir=/home/clients/bc55d1d9a618a64acfd6a3c258c080a1/web/wp-content/plugins/woocommerce/includes/libraries/action-scheduler/deprecated&file=/home/clients/bc55d1d9a618a64acfd6a3c258c080a1/web/wp-content/plugins/woocommerce/includes/libraries/action-scheduler/deprecated/functions.php HTTP/1.1" 200 5110 "-" "Mozilla/5.0 AppleWebKit/537.36 (KHTML, like Gecko; compatible; Amazonbot/0.1; +https://developer.amazon.com/support/amazonbot) Chrome/119.0.6045.214 Safari/537.36" reflexologienobilis.ch
2001:41d0:a:1b7d::1 - - [08/Dec/2025:01:24:31 +0100] "GET /boutique/feed/?filesrc=%2Fhome%2Fclients%2Fbc55d1d9a618a64acfd6a3c258c080a1%2Fweb%2Fwp-content%2Fplugins%2Fdivi-builder%2Fcore%2Fadmin%2Fimages%2Fepanel%2Fcolorpicker_overlay.png&path=%2Fhome%2Fclients%2Fbc55d1d9a618a64acfd6a3c258c080a1%2Fweb%2Fwp-content%2Fplugins%2Fdivi-builder%2Fcore%2Fadmin%2Fimages%2Fepanel HTTP/1.1" 200 4225 "-" "Mozilla/5.0 (compatible; MJ12bot/v1.4.8; http://mj12bot.com/)" reflexologienobilis.ch
74.7.242.16 - - [08/Dec/2025:01:24:30 +0100] "GET /?filesrc=/home/clients/bc55d1d9a618a64acfd6a3c258c080a1/web/wp-includes/widgets/class-wp-widget-media-gallery.php&path=/home/clients/bc55d1d9a618a64acfd6a3c258c080a1/web/wp-includes/widgets HTTP/1.1" 301 11136 "-" "Mozilla/5.0 AppleWebKit/537.36 (KHTML, like Gecko; compatible; GPTBot/1.3; +https://openai.com/gptbot)" reflexologienobilis.ch
74.7.242.16 - - [08/Dec/2025:01:24:32 +0100] "GET /?filesrc=%2Fhome%2Fclients%2Fbc55d1d9a618a64acfd6a3c258c080a1%2Fweb%2Fwp-includes%2Fwidgets%2Fclass-wp-widget-media-gallery.php&path=%2Fhome%2Fclients%2Fbc55d1d9a618a64acfd6a3c258c080a1%2Fweb%2Fwp-includes%2Fwidgets HTTP/1.1" 200 10183 "-" "Mozilla/5.0 AppleWebKit/537.36 (KHTML, like Gecko; compatible; GPTBot/1.3; +https://openai.com/gptbot)" reflexologienobilis.ch
74.7.242.16 - - [08/Dec/2025:01:24:33 +0100] "GET /article-1/?act=download&dir=/home/clients/bc55d1d9a618a64acfd6a3c258c080a1/web/wp-content/plugins/woocommerce/templates/checkout&file=/home/clients/bc55d1d9a618a64acfd6a3c258c080a1/web/wp-content/plugins/woocommerce/templates/checkout/order-receipt.php HTTP/1.1" 200 1577 "-" "Mozilla/5.0 AppleWebKit/537.36 (KHTML, like Gecko; compatible; GPTBot/1.3; +https://openai.com/gptbot)" reflexologienobilis.ch
74.7.242.16 - - [08/Dec/2025:01:24:35 +0100] "GET /category/reflexologie/?path=/home/clients/bc55d1d9a618a64acfd6a3c258c080a1/web/wp-content/plugins/woocommerce/packages/woocommerce-blocks/assets/js/hocs/test HTTP/1.1" 200 7339 "-" "Mozilla/5.0 AppleWebKit/537.36 (KHTML, like Gecko; compatible; GPTBot/1.3; +https://openai.com/gptbot)" reflexologienobilis.ch
54.147.238.89 - - [08/Dec/2025:01:24:35 +0100] "GET /categorie-produit/en-vente-au-magasin/?filesrc=/home/clients/bc55d1d9a618a64acfd6a3c258c080a1/web/wp-content/plugins/woocommerce/includes/data-stores/class-wc-data-store-wp.php&path=/home/clients/bc55d1d9a618a64acfd6a3c258c080a1/web/wp-content/plugins/woocommerce/includes/data-stores HTTP/1.1" 200 12402 "-" "Mozilla/5.0 AppleWebKit/537.36 (KHTML, like Gecko; compatible; Amazonbot/0.1; +https://developer.amazon.com/support/amazonbot) Chrome/119.0.6045.214 Safari/537.36" reflexologienobilis.ch
2001:41d0:a:1b7d::1 - - [08/Dec/2025:01:24:36 +0100] "GET /boutique/feed/?filesrc=/home/clients/bc55d1d9a618a64acfd6a3c258c080a1/web/wp-content/plugins/divi-builder/core/admin/images/epanel/colorpicker_select.gif&path=/home/clients/bc55d1d9a618a64acfd6a3c258c080a1/web/wp-content/plugins/divi-builder/core/admin/images/epanel HTTP/1.1" 301 4915 "-" "Mozilla/5.0 (compatible; MJ12bot/v1.4.8; http://mj12bot.com/)" reflexologienobilis.ch
74.7.242.16 - - [08/Dec/2025:01:24:36 +0100] "GET /?do=newfile&path=%2Fhome%2Fclients%2Fbc55d1d9a618a64acfd6a3c258c080a1%2Fweb%2Fwp-content%2Fplugins%2Fwoo-gutenberg-products-block%2Fassets%2Fjs%2Fcomponents HTTP/1.1" 200 8993 "-" "Mozilla/5.0 AppleWebKit/537.36 (KHTML, like Gecko; compatible; GPTBot/1.3; +https://openai.com/gptbot)" reflexologienobilis.ch
74.7.242.16 - - [08/Dec/2025:01:24:38 +0100] "GET /?act=download&dir=/home/clients/bc55d1d9a618a64acfd6a3c258c080a1/web/wp-includes/css&file=/home/clients/bc55d1d9a618a64acfd6a3c258c080a1/web/wp-includes/css/customize-preview.css HTTP/1.1" 200 3628 "-" "Mozilla/5.0 AppleWebKit/537.36 (KHTML, like Gecko; compatible; GPTBot/1.3; +https://openai.com/gptbot)" reflexologienobilis.ch
74.7.242.16 - - [08/Dec/2025:01:24:39 +0100] "GET /2018/12/?act=download&dir=/home/clients/bc55d1d9a618a64acfd6a3c258c080a1/web/wp-content/plugins/yith-woocommerce-catalog-mode/plugin-fw/assets/css/chosen&file=/home/clients/bc55d1d9a618a64acfd6a3c258c080a1/web/wp-content/plugins/yith-woocommerce-catalog-mode/plugin-fw/assets/css/chosen/chosen.css HTTP/1.1" 200 13096 "-" "Mozilla/5.0 AppleWebKit/537.36 (KHTML, like Gecko; compatible; GPTBot/1.3; +https://openai.com/gptbot)" reflexologienobilis.ch
2001:41d0:a:1b7d::1 - - [08/Dec/2025:01:24:39 +0100] "GET /boutique/feed/?filesrc=%2Fhome%2Fclients%2Fbc55d1d9a618a64acfd6a3c258c080a1%2Fweb%2Fwp-content%2Fplugins%2Fdivi-builder%2Fcore%2Fadmin%2Fimages%2Fepanel%2Fcolorpicker_select.gif&path=%2Fhome%2Fclients%2Fbc55d1d9a618a64acfd6a3c258c080a1%2Fweb%2Fwp-content%2Fplugins%2Fdivi-builder%2Fcore%2Fadmin%2Fimages%2Fepanel HTTP/1.1" 200 4221 "-" "Mozilla/5.0 (compatible; MJ12bot/v1.4.8; http://mj12bot.com/)" reflexologienobilis.ch
2a03:2880:f804:13:: - - [08/Dec/2025:01:24:39 +0100] "GET /?p=766761540 HTTP/1.1" 404 62758 "-" "meta-externalagent/1.1 (+https://developers.facebook.com/docs/sharing/webmasters/crawler)" reflexologienobilis.ch
52.44.229.124 - - [08/Dec/2025:01:24:39 +0100] "GET /produit/produit_1/?filesrc=/home/clients/bc55d1d9a618a64acfd6a3c258c080a1/web/wp-content/plugins/divi-builder/includes/builder/languages/sr_RS.mo&path=/home/clients/bc55d1d9a618a64acfd6a3c258c080a1/web/wp-content/plugins/divi-builder/includes/builder/languages HTTP/1.1" 200 10166 "-" "Mozilla/5.0 AppleWebKit/537.36 (KHTML, like Gecko; compatible; Amazonbot/0.1; +https://developer.amazon.com/support/amazonbot) Chrome/119.0.6045.214 Safari/537.36" reflexologienobilis.ch
74.7.242.16 - - [08/Dec/2025:01:24:41 +0100] "GET /?do=newfile&path=%2Fhome%2Fclients%2Fbc55d1d9a618a64acfd6a3c258c080a1%2Fweb%2Fwp-includes%2Fjs%2Ftinymce%2Fplugins%2Fwplink HTTP/1.1" 200 8702 "-" "Mozilla/5.0 AppleWebKit/537.36 (KHTML, like Gecko; compatible; GPTBot/1.3; +https://openai.com/gptbot)" reflexologienobilis.ch
100.29.107.38 - - [08/Dec/2025:01:24:43 +0100] "GET /produit/produit_3/?act=download&dir=/home/clients/bc55d1d9a618a64acfd6a3c258c080a1/web/wp-content/themes/Divi&file=/home/clients/bc55d1d9a618a64acfd6a3c258c080a1/web/wp-content/themes/Divi/post_thumbnails_divi.php HTTP/1.1" 500 1029 "-" "Mozilla/5.0 AppleWebKit/537.36 (KHTML, like Gecko; compatible; Amazonbot/0.1; +https://developer.amazon.com/support/amazonbot) Chrome/119.0.6045.214 Safari/537.36" reflexologienobilis.ch
74.7.242.16 - - [08/Dec/2025:01:24:43 +0100] "GET /2017/02/?act=download&dir=/home/clients/bc55d1d9a618a64acfd6a3c258c080a1/web/wp-content/plugins/woocommerce/includes/admin/views&file=/home/clients/bc55d1d9a618a64acfd6a3c258c080a1/web/wp-content/plugins/woocommerce/includes/admin/views/html-notice-install.php HTTP/1.1" 200 708 "-" "Mozilla/5.0 AppleWebKit/537.36 (KHTML, like Gecko; compatible; GPTBot/1.3; +https://openai.com/gptbot)" reflexologienobilis.ch
74.7.242.16 - - [08/Dec/2025:01:24:44 +0100] "GET /contact/?act=download&dir=/home/clients/bc55d1d9a618a64acfd6a3c258c080a1/web/wp-includes/js/tinymce/langs&file=/home/clients/bc55d1d9a618a64acfd6a3c258c080a1/web/wp-includes/js/tinymce/langs/wp-langs-en.js HTTP/1.1" 200 15599 "-" "Mozilla/5.0 AppleWebKit/537.36 (KHTML, like Gecko; compatible; GPTBot/1.3; +https://openai.com/gptbot)" reflexologienobilis.ch
2001:41d0:a:1b7d::1 - - [08/Dec/2025:01:24:45 +0100] "GET /boutique/feed/?filesrc=/home/clients/bc55d1d9a618a64acfd6a3c258c080a1/web/wp-content/plugins/divi-builder/core/admin/images/epanel/custom_background.png&path=/home/clients/bc55d1d9a618a64acfd6a3c258c080a1/web/wp-content/plugins/divi-builder/core/admin/images/epanel HTTP/1.1" 301 4913 "-" "Mozilla/5.0 (compatible; MJ12bot/v1.4.8; http://mj12bot.com/)" reflexologienobilis.ch
74.7.242.16 - - [08/Dec/2025:01:24:45 +0100] "GET /contact/?path=/home/clients/bc55d1d9a618a64acfd6a3c258c080a1/web/wp-content/plugins/woo-gutenberg-products-block HTTP/1.1" 200 8530 "-" "Mozilla/5.0 AppleWebKit/537.36 (KHTML, like Gecko; compatible; GPTBot/1.3; +https://openai.com/gptbot)" reflexologienobilis.ch
74.7.242.16 - - [08/Dec/2025:01:24:47 +0100] "GET /?filesrc=%2Fhome%2Fclients%2Fbc55d1d9a618a64acfd6a3c258c080a1%2Fweb%2Fwp-content%2Fthemes%2FDivi%2Fincludes%2Fbuilder%2Ffrontend-builder%2Fassets%2Fscripts%2Ffailure_notice.js&path=%2Fhome%2Fclients%2Fbc55d1d9a618a64acfd6a3c258c080a1%2Fweb%2Fwp-content%2Fthemes%2FDivi%2Fincludes%2Fbuilder%2Ffrontend-builder%2Fassets%2Fscripts HTTP/1.1" 200 8642 "-" "Mozilla/5.0 AppleWebKit/537.36 (KHTML, like Gecko; compatible; GPTBot/1.3; +https://openai.com/gptbot)" reflexologienobilis.ch
44.207.252.58 - - [08/Dec/2025:01:24:47 +0100] "GET /services/?filesrc=/home/clients/bc55d1d9a618a64acfd6a3c258c080a1/web/wp-content/plugins/woo-gutenberg-products-block/assets/js/components/product-category-control/index.js&path=/home/clients/bc55d1d9a618a64acfd6a3c258c080a1/web/wp-content/plugins/woo-gutenberg-products-block/assets/js/components/product-category-control HTTP/1.1" 200 14059 "-" "Mozilla/5.0 AppleWebKit/537.36 (KHTML, like Gecko; compatible; Amazonbot/0.1; +https://developer.amazon.com/support/amazonbot) Chrome/119.0.6045.214 Safari/537.36" reflexologienobilis.ch
74.7.242.16 - - [08/Dec/2025:01:24:48 +0100] "GET /?act=download&dir=/home/clients/bc55d1d9a618a64acfd6a3c258c080a1/web/wp-includes/widgets&file=/home/clients/bc55d1d9a618a64acfd6a3c258c080a1/web/wp-includes/widgets/class-wp-widget-media-gallery.php HTTP/1.1" 200 6456 "-" "Mozilla/5.0 AppleWebKit/537.36 (KHTML, like Gecko; compatible; GPTBot/1.3; +https://openai.com/gptbot)" reflexologienobilis.ch
2001:41d0:a:1b7d::1 - - [08/Dec/2025:01:24:49 +0100] "GET /boutique/feed/?filesrc=%2Fhome%2Fclients%2Fbc55d1d9a618a64acfd6a3c258c080a1%2Fweb%2Fwp-content%2Fplugins%2Fdivi-builder%2Fcore%2Fadmin%2Fimages%2Fepanel%2Fcustom_background.png&path=%2Fhome%2Fclients%2Fbc55d1d9a618a64acfd6a3c258c080a1%2Fweb%2Fwp-content%2Fplugins%2Fdivi-builder%2Fcore%2Fadmin%2Fimages%2Fepanel HTTP/1.1" 200 4218 "-" "Mozilla/5.0 (compatible; MJ12bot/v1.4.8; http://mj12bot.com/)" reflexologienobilis.ch
74.7.242.16 - - [08/Dec/2025:01:24:49 +0100] "GET /?act=download&dir=/home/clients/bc55d1d9a618a64acfd6a3c258c080a1/web/wp-content/themes/Divi/includes/builder/frontend-builder/assets/scripts&file=/home/clients/bc55d1d9a618a64acfd6a3c258c080a1/web/wp-content/themes/Divi/includes/builder/frontend-builder/assets/scripts/failure_notice.js HTTP/1.1" 200 1105 "-" "Mozilla/5.0 AppleWebKit/537.36 (KHTML, like Gecko; compatible; GPTBot/1.3; +https://openai.com/gptbot)" reflexologienobilis.ch
74.7.242.16 - - [08/Dec/2025:01:24:50 +0100] "GET /category/reflexologie/?do=newfile&path=/home/clients/bc55d1d9a618a64acfd6a3c258c080a1/web/wp-content/plugins/woocommerce/packages/woocommerce-blocks/assets/js/hocs/test HTTP/1.1" 200 7460 "-" "Mozilla/5.0 AppleWebKit/537.36 (KHTML, like Gecko; compatible; GPTBot/1.3; +https://openai.com/gptbot)" reflexologienobilis.ch
74.7.242.16 - - [08/Dec/2025:01:24:52 +0100] "GET /category/reflexologie/?filesrc=/home/clients/bc55d1d9a618a64acfd6a3c258c080a1/web/wp-content/plugins/woocommerce/packages/woocommerce-blocks/assets/js/hocs/test/with-product-variations.js&path=/home/clients/bc55d1d9a618a64acfd6a3c258c080a1/web/wp-content/plugins/woocommerce/packages/woocommerce-blocks/assets/js/hocs/test HTTP/1.1" 200 7883 "-" "Mozilla/5.0 AppleWebKit/537.36 (KHTML, like Gecko; compatible; GPTBot/1.3; +https://openai.com/gptbot)" reflexologienobilis.ch
3.211.181.86 - - [08/Dec/2025:01:24:52 +0100] "GET /produit/produit_1/?filesrc=/home/clients/bc55d1d9a618a64acfd6a3c258c080a1/web/wp-content/plugins/woo-gutenberg-products-block/assets/js/utils/get-query.js&path=/home/clients/bc55d1d9a618a64acfd6a3c258c080a1/web/wp-content/plugins/woo-gutenberg-products-block/assets/js/utils HTTP/1.1" 200 10864 "-" "Mozilla/5.0 AppleWebKit/537.36 (KHTML, like Gecko; compatible; Amazonbot/0.1; +https://developer.amazon.com/support/amazonbot) Chrome/119.0.6045.214 Safari/537.36" reflexologienobilis.ch
74.7.242.16 - - [08/Dec/2025:01:24:53 +0100] "GET /category/reflexologie/?filesrc=/home/clients/bc55d1d9a618a64acfd6a3c258c080a1/web/wp-content/plugins/woocommerce/packages/woocommerce-blocks/assets/js/hocs/test/with-product.js&path=/home/clients/bc55d1d9a618a64acfd6a3c258c080a1/web/wp-content/plugins/woocommerce/packages/woocommerce-blocks/assets/js/hocs/test HTTP/1.1" 200 7768 "-" "Mozilla/5.0 AppleWebKit/537.36 (KHTML, like Gecko; compatible; GPTBot/1.3; +https://openai.com/gptbot)" reflexologienobilis.ch
74.7.242.16 - - [08/Dec/2025:01:24:55 +0100] "GET /?path=%2Fhome%2Fclients%2Fbc55d1d9a618a64acfd6a3c258c080a1%2Fweb%2Fwp-content%2Fplugins%2Fwoocommerce%2Fincludes%2Fgateways%2Fcheque HTTP/1.1" 200 8458 "-" "Mozilla/5.0 AppleWebKit/537.36 (KHTML, like Gecko; compatible; GPTBot/1.3; +https://openai.com/gptbot)" reflexologienobilis.ch
74.7.242.16 - - [08/Dec/2025:01:24:56 +0100] "GET /?path=%2Fhome%2Fclients%2Fbc55d1d9a618a64acfd6a3c258c080a1%2Fweb%2Fwp-content%2Fplugins%2Fwoocommerce%2Fincludes%2Fadmin%2Fhelper HTTP/1.1" 200 8733 "-" "Mozilla/5.0 AppleWebKit/537.36 (KHTML, like Gecko; compatible; GPTBot/1.3; +https://openai.com/gptbot)" reflexologienobilis.ch
3.212.205.90 - - [08/Dec/2025:01:24:55 +0100] "GET /produit/produit_3/?filesrc=/home/clients/bc55d1d9a618a64acfd6a3c258c080a1/web/wp-content/plugins/divi-builder/core/admin/fonts/modules.svg&path=/home/clients/bc55d1d9a618a64acfd6a3c258c080a1/web/wp-content/plugins/divi-builder/core/admin/fonts HTTP/1.1" 200 81194 "-" "Mozilla/5.0 AppleWebKit/537.36 (KHTML, like Gecko; compatible; Amazonbot/0.1; +https://developer.amazon.com/support/amazonbot) Chrome/119.0.6045.214 Safari/537.36" reflexologienobilis.ch
111.7.100.38 - - [08/Dec/2025:01:24:58 +0100] "GET /images/toggi-arrow.jpg HTTP/1.1" 200 2481008 "-" "curl/7.58.0" reflexologienobilis.ch
74.7.242.16 - - [08/Dec/2025:01:24:58 +0100] "GET /?path=%2Fhome%2Fclients%2Fbc55d1d9a618a64acfd6a3c258c080a1%2Fweb%2Fwp-content%2Fplugins%2Fwoocommerce%2Fincludes%2Fadmin%2Fimporters HTTP/1.1" 200 8620 "-" "Mozilla/5.0 AppleWebKit/537.36 (KHTML, like Gecko; compatible; GPTBot/1.3; +https://openai.com/gptbot)" reflexologienobilis.ch
74.7.242.16 - - [08/Dec/2025:01:24:59 +0100] "GET /?path=%2Fhome%2Fclients%2Fbc55d1d9a618a64acfd6a3c258c080a1%2Fweb%2Fwp-content%2Fplugins%2Fwoocommerce%2Fincludes%2Fgateways%2Fnextjs HTTP/1.1" 200 8439 "-" "Mozilla/5.0 AppleWebKit/537.36 (KHTML, like Gecko; compatible; GPTBot/1.3; +https://openai.com/gptbot)" reflexologienobilis.ch
52.6.232.201 - - [08/Dec/2025:01:24:59 +0100] "GET /services/?act=download&dir=/home/clients/bc55d1d9a618a64acfd6a3c258c080a1/web/wp-content/plugins/woo-gutenberg-products-block/assets/js/blocks/attribute-filter&file=/home/clients/bc55d1d9a618a64acfd6a3c258c080a1/web/wp-content/plugins/woo-gutenberg-products-block/assets/js/blocks/attribute-filter/frontend.js HTTP/1.1" 200 622 "-" "Mozilla/5.0 AppleWebKit/537.36 (KHTML, like Gecko; compatible; Amazonbot/0.1; +https://developer.amazon.com/support/amazonbot) Chrome/119.0.6045.214 Safari/537.36" reflexologienobilis.ch
74.7.242.16 - - [08/Dec/2025:01:25:00 +0100] "GET /contact/?path=/home/clients/bc55d1d9a618a64acfd6a3c258c080a1/web/wp-content/plugins/woo-gutenberg-products-block/assets HTTP/1.1" 200 8368 "-" "Mozilla/5.0 AppleWebKit/537.36 (KHTML, like Gecko; compatible; GPTBot/1.3; +https://openai.com/gptbot)" reflexologienobilis.ch
74.7.242.16 - - [08/Dec/2025:01:25:02 +0100] "GET /contact/?path=/home/clients/bc55d1d9a618a64acfd6a3c258c080a1/web/wp-content/plugins/woo-gutenberg-products-block/build HTTP/1.1" 200 11327 "-" "Mozilla/5.0 AppleWebKit/537.36 (KHTML, like Gecko; compatible; GPTBot/1.3; +https://openai.com/gptbot)" reflexologienobilis.ch
52.200.93.170 - - [08/Dec/2025:01:25:03 +0100] "GET /article-1/?act=download&dir=/home/clients/bc55d1d9a618a64acfd6a3c258c080a1/web/wp-admin/includes&file=/home/clients/bc55d1d9a618a64acfd6a3c258c080a1/web/wp-admin/includes/class-wp-upgrader-skins.php HTTP/1.1" 200 1456 "-" "Mozilla/5.0 AppleWebKit/537.36 (KHTML, like Gecko; compatible; Amazonbot/0.1; +https://developer.amazon.com/support/amazonbot) Chrome/119.0.6045.214 Safari/537.36" reflexologienobilis.ch
74.7.242.16 - - [08/Dec/2025:01:25:03 +0100] "GET /contact/?path=/home/clients/bc55d1d9a618a64acfd6a3c258c080a1/web/wp-content/plugins/woo-gutenberg-products-block/src HTTP/1.1" 200 8691 "-" "Mozilla/5.0 AppleWebKit/537.36 (KHTML, like Gecko; compatible; GPTBot/1.3; +https://openai.com/gptbot)" reflexologienobilis.ch
74.7.242.16 - - [08/Dec/2025:01:25:05 +0100] "GET /contact/?do=newfile&path=/home/clients/bc55d1d9a618a64acfd6a3c258c080a1/web/wp-content/plugins/woo-gutenberg-products-block HTTP/1.1" 200 8648 "-" "Mozilla/5.0 AppleWebKit/537.36 (KHTML, like Gecko; compatible; GPTBot/1.3; +https://openai.com/gptbot)" reflexologienobilis.ch
74.7.242.16 - - [08/Dec/2025:01:25:06 +0100] "GET /?path=%2Fhome%2Fclients%2Fbc55d1d9a618a64acfd6a3c258c080a1%2Fweb%2Fwp-content%2Fplugins%2Fwoocommerce%2Fincludes%2Fgateways%2Fpaypal HTTP/1.1" 200 8551 "-" "Mozilla/5.0 AppleWebKit/537.36 (KHTML, like Gecko; compatible; GPTBot/1.3; +https://openai.com/gptbot)" reflexologienobilis.ch
107.20.224.184 - - [08/Dec/2025:01:25:07 +0100] "GET /produit/produit_2/?filesrc=/home/clients/bc55d1d9a618a64acfd6a3c258c080a1/web/wp-includes/js/tinymce/skins/lightgray/cssjs/index.php&path=/home/clients/bc55d1d9a618a64acfd6a3c258c080a1/web/wp-includes/js/tinymce/skins/lightgray/cssjs HTTP/1.1" 200 9640 "-" "Mozilla/5.0 AppleWebKit/537.36 (KHTML, like Gecko; compatible; Amazonbot/0.1; +https://developer.amazon.com/support/amazonbot) Chrome/119.0.6045.214 Safari/537.36" reflexologienobilis.ch
74.7.242.16 - - [08/Dec/2025:01:25:08 +0100] "GET /?path=%2Fhome%2Fclients%2Fbc55d1d9a618a64acfd6a3c258c080a1%2Fweb%2Fwp-content%2Fplugins%2Fwoocommerce%2Fincludes%2Fimport%2Frequests HTTP/1.1" 200 8437 "-" "Mozilla/5.0 AppleWebKit/537.36 (KHTML, like Gecko; compatible; GPTBot/1.3; +https://openai.com/gptbot)" reflexologienobilis.ch
2001:41d0:a:1b7d::1 - - [08/Dec/2025:01:25:08 +0100] "GET /boutique/feed/?filesrc=/home/clients/bc55d1d9a618a64acfd6a3c258c080a1/web/wp-content/plugins/divi-builder/core/admin/images/epanel/custom_hex.png&path=/home/clients/bc55d1d9a618a64acfd6a3c258c080a1/web/wp-content/plugins/divi-builder/core/admin/images/epanel HTTP/1.1" 301 4899 "-" "Mozilla/5.0 (compatible; MJ12bot/v1.4.8; http://mj12bot.com/)" reflexologienobilis.ch
74.7.242.16 - - [08/Dec/2025:01:25:09 +0100] "GET /?path=%2Fhome%2Fclients%2Fbc55d1d9a618a64acfd6a3c258c080a1%2Fweb%2Fwp-content%2Fplugins%2Fwoocommerce%2Fincludes%2Flegacy%2Fstatics HTTP/1.1" 200 8437 "-" "Mozilla/5.0 AppleWebKit/537.36 (KHTML, like Gecko; compatible; GPTBot/1.3; +https://openai.com/gptbot)" reflexologienobilis.ch
74.7.242.16 - - [08/Dec/2025:01:25:11 +0100] "GET /?path=%2Fhome%2Fclients%2Fbc55d1d9a618a64acfd6a3c258c080a1%2Fweb%2Fwp-content%2Fplugins%2Fwoocommerce%2Fincludes%2Ftracks%2Fevents HTTP/1.1" 200 8744 "-" "Mozilla/5.0 AppleWebKit/537.36 (KHTML, like Gecko; compatible; GPTBot/1.3; +https://openai.com/gptbot)" reflexologienobilis.ch
34.194.14.255 - - [08/Dec/2025:01:25:12 +0100] "GET /produit/produit_1/?act=download&dir=/home/clients/bc55d1d9a618a64acfd6a3c258c080a1/web/wp-content/themes/twentyseventeen/assets/js&file=/home/clients/bc55d1d9a618a64acfd6a3c258c080a1/web/wp-content/themes/twentyseventeen/assets/js/skip-link-focus-fix.js HTTP/1.1" 200 683 "-" "Mozilla/5.0 AppleWebKit/537.36 (KHTML, like Gecko; compatible; Amazonbot/0.1; +https://developer.amazon.com/support/amazonbot) Chrome/119.0.6045.214 Safari/537.36" reflexologienobilis.ch
74.7.242.16 - - [08/Dec/2025:01:25:12 +0100] "GET /?path=%2Fhome%2Fclients%2Fbc55d1d9a618a64acfd6a3c258c080a1%2Fweb%2Fwp-content%2Fplugins%2Fwoo-gutenberg-products-block%2Fassets%2Fjs%2Fblocks%2Fhandpicked-products HTTP/1.1" 200 8551 "-" "Mozilla/5.0 AppleWebKit/537.36 (KHTML, like Gecko; compatible; GPTBot/1.3; +https://openai.com/gptbot)" reflexologienobilis.ch
2001:41d0:a:1b7d::1 - - [08/Dec/2025:01:25:12 +0100] "GET /boutique/feed/?filesrc=%2Fhome%2Fclients%2Fbc55d1d9a618a64acfd6a3c258c080a1%2Fweb%2Fwp-content%2Fplugins%2Fdivi-builder%2Fcore%2Fadmin%2Fimages%2Fepanel%2Fcustom_hex.png&path=%2Fhome%2Fclients%2Fbc55d1d9a618a64acfd6a3c258c080a1%2Fweb%2Fwp-content%2Fplugins%2Fdivi-builder%2Fcore%2Fadmin%2Fimages%2Fepanel HTTP/1.1" 200 4218 "-" "Mozilla/5.0 (compatible; MJ12bot/v1.4.8; http://mj12bot.com/)" reflexologienobilis.ch
74.7.242.16 - - [08/Dec/2025:01:25:14 +0100] "GET /2017/02/?filesrc=/home/clients/bc55d1d9a618a64acfd6a3c258c080a1/web/wp-content/plugins/woo-gutenberg-products-block/vendor/composer/autoload_real.php&path=/home/clients/bc55d1d9a618a64acfd6a3c258c080a1/web/wp-content/plugins/woo-gutenberg-products-block/vendor/composer HTTP/1.1" 200 7282 "-" "Mozilla/5.0 AppleWebKit/537.36 (KHTML, like Gecko; compatible; GPTBot/1.3; +https://openai.com/gptbot)" reflexologienobilis.ch
34.236.41.241 - - [08/Dec/2025:01:25:15 +0100] "GET /produit/produit_1/?act=download&dir=/home/clients/bc55d1d9a618a64acfd6a3c258c080a1/web/wp-content/themes/twentyseventeen/assets/js&file=/home/clients/bc55d1d9a618a64acfd6a3c258c080a1/web/wp-content/themes/twentyseventeen/assets/js/customize-preview.js HTTP/1.1" 200 4480 "-" "Mozilla/5.0 AppleWebKit/537.36 (KHTML, like Gecko; compatible; Amazonbot/0.1; +https://developer.amazon.com/support/amazonbot) Chrome/119.0.6045.214 Safari/537.36" reflexologienobilis.ch
74.7.242.16 - - [08/Dec/2025:01:25:15 +0100] "GET /2018/12/?filesrc=/home/clients/bc55d1d9a618a64acfd6a3c258c080a1/web/wp-content/plugins/woo-gutenberg-products-block/vendor/autoload_packages.php&path=/home/clients/bc55d1d9a618a64acfd6a3c258c080a1/web/wp-content/plugins/woo-gutenberg-products-block/vendor HTTP/1.1" 200 8229 "-" "Mozilla/5.0 AppleWebKit/537.36 (KHTML, like Gecko; compatible; GPTBot/1.3; +https://openai.com/gptbot)" reflexologienobilis.ch
2001:41d0:a:1b7d::1 - - [08/Dec/2025:01:25:16 +0100] "GET /boutique/feed/?filesrc=/home/clients/bc55d1d9a618a64acfd6a3c258c080a1/web/wp-content/plugins/divi-builder/core/admin/images/epanel/custom_hsb_b.png&path=/home/clients/bc55d1d9a618a64acfd6a3c258c080a1/web/wp-content/plugins/divi-builder/core/admin/images/epanel HTTP/1.1" 301 4903 "-" "Mozilla/5.0 (compatible; MJ12bot/v1.4.8; http://mj12bot.com/)" reflexologienobilis.ch
2001:1600:4:13:d294:66ff:fe7d:42eb - - [08/Dec/2025:01:25:18 +0100] "POST /wp-cron.php?doing_wp_cron=1765153518.1656188964843750000000 HTTP/1.1" 403 996 "https://reflexologienobilis.ch/wp-cron.php?doing_wp_cron=1765153518.1656188964843750000000" "WordPress/5.1.21; https://reflexologienobilis.ch" reflexologienobilis.ch
74.7.242.16 - - [08/Dec/2025:01:25:17 +0100] "GET /contact/?path=/home/clients/bc55d1d9a618a64acfd6a3c258c080a1/web/wp-content/plugins/woo-gutenberg-products-block/assets/css HTTP/1.1" 200 8499 "-" "Mozilla/5.0 AppleWebKit/537.36 (KHTML, like Gecko; compatible; GPTBot/1.3; +https://openai.com/gptbot)" reflexologienobilis.ch
74.7.242.16 - - [08/Dec/2025:01:25:18 +0100] "GET /contact/?filesrc=/home/clients/bc55d1d9a618a64acfd6a3c258c080a1/web/wp-content/plugins/woo-gutenberg-products-block/build/product-tag.deps.json&path=/home/clients/bc55d1d9a618a64acfd6a3c258c080a1/web/wp-content/plugins/woo-gutenberg-products-block/build HTTP/1.1" 200 8274 "-" "Mozilla/5.0 AppleWebKit/537.36 (KHTML, like Gecko; compatible; GPTBot/1.3; +https://openai.com/gptbot)" reflexologienobilis.ch
54.87.95.7 - - [08/Dec/2025:01:25:20 +0100] "GET /produit/produit_1/?act=download&dir=/home/clients/bc55d1d9a618a64acfd6a3c258c080a1/web/wp-content/themes/twentyseventeen/assets/js&file=/home/clients/bc55d1d9a618a64acfd6a3c258c080a1/web/wp-content/themes/twentyseventeen/assets/js/html5.js HTTP/1.1" 200 10330 "-" "Mozilla/5.0 AppleWebKit/537.36 (KHTML, like Gecko; compatible; Amazonbot/0.1; +https://developer.amazon.com/support/amazonbot) Chrome/119.0.6045.214 Safari/537.36" reflexologienobilis.ch
74.7.242.16 - - [08/Dec/2025:01:25:20 +0100] "GET /contact/?filesrc=/home/clients/bc55d1d9a618a64acfd6a3c258c080a1/web/wp-content/plugins/woo-gutenberg-products-block/build/price-filter.deps.json&path=/home/clients/bc55d1d9a618a64acfd6a3c258c080a1/web/wp-content/plugins/woo-gutenberg-products-block/build HTTP/1.1" 200 8248 "-" "Mozilla/5.0 AppleWebKit/537.36 (KHTML, like Gecko; compatible; GPTBot/1.3; +https://openai.com/gptbot)" reflexologienobilis.ch
2001:41d0:a:1b7d::1 - - [08/Dec/2025:01:25:21 +0100] "GET /boutique/feed/?filesrc=%2Fhome%2Fclients%2Fbc55d1d9a618a64acfd6a3c258c080a1%2Fweb%2Fwp-content%2Fplugins%2Fdivi-builder%2Fcore%2Fadmin%2Fimages%2Fepanel%2Fcustom_hsb_b.png&path=%2Fhome%2Fclients%2Fbc55d1d9a618a64acfd6a3c258c080a1%2Fweb%2Fwp-content%2Fplugins%2Fdivi-builder%2Fcore%2Fadmin%2Fimages%2Fepanel HTTP/1.1" 200 4221 "-" "Mozilla/5.0 (compatible; MJ12bot/v1.4.8; http://mj12bot.com/)" reflexologienobilis.ch
74.7.242.16 - - [08/Dec/2025:01:25:22 +0100] "GET /contact/?filesrc=/home/clients/bc55d1d9a618a64acfd6a3c258c080a1/web/wp-content/plugins/woo-gutenberg-products-block/build/product-on-sale-legacy.deps.json&path=/home/clients/bc55d1d9a618a64acfd6a3c258c080a1/web/wp-content/plugins/woo-gutenberg-products-block/build HTTP/1.1" 200 8288 "-" "Mozilla/5.0 AppleWebKit/537.36 (KHTML, like Gecko; compatible; GPTBot/1.3; +https://openai.com/gptbot)" reflexologienobilis.ch
44.212.131.50 - - [08/Dec/2025:01:25:23 +0100] "GET /produit/produit_1/?act=download&dir=/home/clients/bc55d1d9a618a64acfd6a3c258c080a1/web/wp-content/themes/twentyseventeen/assets/js&file=/home/clients/bc55d1d9a618a64acfd6a3c258c080a1/web/wp-content/themes/twentyseventeen/assets/js/navigation.js HTTP/1.1" 200 3754 "-" "Mozilla/5.0 AppleWebKit/537.36 (KHTML, like Gecko; compatible; Amazonbot/0.1; +https://developer.amazon.com/support/amazonbot) Chrome/119.0.6045.214 Safari/537.36" reflexologienobilis.ch
74.7.242.16 - - [08/Dec/2025:01:25:23 +0100] "GET /contact/?filesrc=/home/clients/bc55d1d9a618a64acfd6a3c258c080a1/web/wp-content/plugins/woo-gutenberg-products-block/build/product-top-rated-legacy.js&path=/home/clients/bc55d1d9a618a64acfd6a3c258c080a1/web/wp-content/plugins/woo-gutenberg-products-block/build HTTP/1.1" 200 14136 "-" "Mozilla/5.0 AppleWebKit/537.36 (KHTML, like Gecko; compatible; GPTBot/1.3; +https://openai.com/gptbot)" reflexologienobilis.ch
2001:41d0:a:1b7d::1 - - [08/Dec/2025:01:25:24 +0100] "GET /boutique/feed/?filesrc=/home/clients/bc55d1d9a618a64acfd6a3c258c080a1/web/wp-content/plugins/divi-builder/core/admin/images/epanel/custom_hsb_h.png&path=/home/clients/bc55d1d9a618a64acfd6a3c258c080a1/web/wp-content/plugins/divi-builder/core/admin/images/epanel HTTP/1.1" 301 4903 "-" "Mozilla/5.0 (compatible; MJ12bot/v1.4.8; http://mj12bot.com/)" reflexologienobilis.ch
173.208.176.202 - - [08/Dec/2025:01:24:29 +0100] "GET /wp-includes/ad9d00da/index.php?id=917455 HTTP/1.1" 200 25 "https://reflexologienobilis.ch/wp-includes/ad9d00da/index.php?id=917455" "Mozilla/5.0 (Windows NT 10.0; Win64; x64) AppleWebKit/537.36 (KHTML, like Gecko) Chrome/58.0.3029.110 Safari/537.3" reflexologienobilis.ch
74.7.242.16 - - [08/Dec/2025:01:25:25 +0100] "GET /contact/?filesrc=/home/clients/bc55d1d9a618a64acfd6a3c258c080a1/web/wp-content/plugins/woo-gutenberg-products-block/build/featured-product-legacy.js&path=/home/clients/bc55d1d9a618a64acfd6a3c258c080a1/web/wp-content/plugins/woo-gutenberg-products-block/build HTTP/1.1" 200 66879 "-" "Mozilla/5.0 AppleWebKit/537.36 (KHTML, like Gecko; compatible; GPTBot/1.3; +https://openai.com/gptbot)" reflexologienobilis.ch
184.72.95.195 - - [08/Dec/2025:01:25:27 +0100] "GET /produit/produit_1/?act=download&dir=/home/clients/bc55d1d9a618a64acfd6a3c258c080a1/web/wp-content/themes/twentyseventeen/assets/js&file=/home/clients/bc55d1d9a618a64acfd6a3c258c080a1/web/wp-content/themes/twentyseventeen/assets/js/global.js HTTP/1.1" 200 7754 "-" "Mozilla/5.0 AppleWebKit/537.36 (KHTML, like Gecko; compatible; Amazonbot/0.1; +https://developer.amazon.com/support/amazonbot) Chrome/119.0.6045.214 Safari/537.36" reflexologienobilis.ch
74.7.242.16 - - [08/Dec/2025:01:25:27 +0100] "GET /contact/?filesrc=/home/clients/bc55d1d9a618a64acfd6a3c258c080a1/web/wp-content/plugins/woo-gutenberg-products-block/build/product-best-sellers-legacy.js&path=/home/clients/bc55d1d9a618a64acfd6a3c258c080a1/web/wp-content/plugins/woo-gutenberg-products-block/build HTTP/1.1" 200 14143 "-" "Mozilla/5.0 AppleWebKit/537.36 (KHTML, like Gecko; compatible; GPTBot/1.3; +https://openai.com/gptbot)" reflexologienobilis.ch
2001:41d0:a:1b7d::1 - - [08/Dec/2025:01:25:30 +0100] "GET /boutique/feed/?filesrc=%2Fhome%2Fclients%2Fbc55d1d9a618a64acfd6a3c258c080a1%2Fweb%2Fwp-content%2Fplugins%2Fdivi-builder%2Fcore%2Fadmin%2Fimages%2Fepanel%2Fcustom_hsb_h.png&path=%2Fhome%2Fclients%2Fbc55d1d9a618a64acfd6a3c258c080a1%2Fweb%2Fwp-content%2Fplugins%2Fdivi-builder%2Fcore%2Fadmin%2Fimages%2Fepanel HTTP/1.1" 500 1029 "-" "Mozilla/5.0 (compatible; MJ12bot/v1.4.8; http://mj12bot.com/)" reflexologienobilis.ch
74.7.242.16 - - [08/Dec/2025:01:25:30 +0100] "GET /contact/?filesrc=/home/clients/bc55d1d9a618a64acfd6a3c258c080a1/web/wp-content/plugins/woo-gutenberg-products-block/build/product-categories-legacy.js&path=/home/clients/bc55d1d9a618a64acfd6a3c258c080a1/web/wp-content/plugins/woo-gutenberg-products-block/build HTTP/1.1" 200 11019 "-" "Mozilla/5.0 AppleWebKit/537.36 (KHTML, like Gecko; compatible; GPTBot/1.3; +https://openai.com/gptbot)" reflexologienobilis.ch
44.213.36.21 - - [08/Dec/2025:01:25:32 +0100] "GET /produit/produit_1/?act=download&dir=/home/clients/bc55d1d9a618a64acfd6a3c258c080a1/web/wp-content/themes/twentyseventeen/assets/js&file=/home/clients/bc55d1d9a618a64acfd6a3c258c080a1/web/wp-content/themes/twentyseventeen/assets/js/customize-controls.js HTTP/1.1" 200 1137 "-" "Mozilla/5.0 AppleWebKit/537.36 (KHTML, like Gecko; compatible; Amazonbot/0.1; +https://developer.amazon.com/support/amazonbot) Chrome/119.0.6045.214 Safari/537.36" reflexologienobilis.ch
74.7.242.16 - - [08/Dec/2025:01:25:31 +0100] "GET /contact/?filesrc=/home/clients/bc55d1d9a618a64acfd6a3c258c080a1/web/wp-content/plugins/woo-gutenberg-products-block/build/reviews-by-product-legacy.js&path=/home/clients/bc55d1d9a618a64acfd6a3c258c080a1/web/wp-content/plugins/woo-gutenberg-products-block/build HTTP/1.1" 200 21841 "-" "Mozilla/5.0 AppleWebKit/537.36 (KHTML, like Gecko; compatible; GPTBot/1.3; +https://openai.com/gptbot)" reflexologienobilis.ch
