18.214.138.148 - - [08/Dec/2025:01:31:27 +0100] "GET /services/?filesrc=/home/clients/bc55d1d9a618a64acfd6a3c258c080a1/web/wp-content/plugins/divi-builder/includes/builder/frontend-builder/assets/css/failure_modal.css&path=/home/clients/bc55d1d9a618a64acfd6a3c258c080a1/web/wp-content/plugins/divi-builder/includes/builder/frontend-builder/assets/css HTTP/1.1" 200 13073 "-" "Mozilla/5.0 AppleWebKit/537.36 (KHTML, like Gecko; compatible; Amazonbot/0.1; +https://developer.amazon.com/support/amazonbot) Chrome/119.0.6045.214 Safari/537.36" reflexologienobilis.ch
2001:41d0:a:1b7d::1 - - [08/Dec/2025:01:31:27 +0100] "GET /boutique/feed/?filesrc=/home/clients/bc55d1d9a618a64acfd6a3c258c080a1/web/wp-content/plugins/divi-builder/includes/builder/frontend-builder/build/bundle.js&path=/home/clients/bc55d1d9a618a64acfd6a3c258c080a1/web/wp-content/plugins/divi-builder/includes/builder/frontend-builder/build HTTP/1.1" 200 659022 "-" "Mozilla/5.0 (compatible; MJ12bot/v1.4.8; http://mj12bot.com/)" reflexologienobilis.ch
2001:41d0:303:839c::1 - - [08/Dec/2025:01:31:30 +0100] "GET /boutique/feed/?path=%2Fhome%2Fclients%2Fbc55d1d9a618a64acfd6a3c258c080a1%2Fweb%2Fwp-content%2Fplugins%2Fdivi-builder%2Fincludes%2Fbuilder%2Ffeature%2Fcustom-defaults&opt=newfolder HTTP/1.1" 200 4586 "-" "Mozilla/5.0 (compatible; MJ12bot/v1.4.8; http://mj12bot.com/)" reflexologienobilis.ch
2001:41d0:a:1b7d::1 - - [08/Dec/2025:01:31:31 +0100] "GET /boutique/feed/?filesrc=/home/clients/bc55d1d9a618a64acfd6a3c258c080a1/web/wp-content/plugins/divi-builder/includes/builder/frontend-builder/build/bundle.modals.564270b9.css&path=/home/clients/bc55d1d9a618a64acfd6a3c258c080a1/web/wp-content/plugins/divi-builder/includes/builder/frontend-builder/build HTTP/1.1" 200 32376 "-" "Mozilla/5.0 (compatible; MJ12bot/v1.4.8; http://mj12bot.com/)" reflexologienobilis.ch
3.232.39.98 - - [08/Dec/2025:01:31:31 +0100] "GET /categorie-produit/en-vente-au-magasin/?filesrc=/home/clients/bc55d1d9a618a64acfd6a3c258c080a1/web/wp-content/plugins/yith-woocommerce-catalog-mode/assets/images/01.png&path=/home/clients/bc55d1d9a618a64acfd6a3c258c080a1/web/wp-content/plugins/yith-woocommerce-catalog-mode/assets/images HTTP/1.1" 200 6818 "-" "Mozilla/5.0 AppleWebKit/537.36 (KHTML, like Gecko; compatible; Amazonbot/0.1; +https://developer.amazon.com/support/amazonbot) Chrome/119.0.6045.214 Safari/537.36" reflexologienobilis.ch
2001:41d0:303:839c::1 - - [08/Dec/2025:01:31:33 +0100] "GET /boutique/feed/?path=/home/clients/bc55d1d9a618a64acfd6a3c258c080a1/web/wp-content/plugins/divi-builder/includes/builder/feature/gutenberg&do=newfile HTTP/1.1" 301 7330 "-" "Mozilla/5.0 (compatible; MJ12bot/v1.4.8; http://mj12bot.com/)" reflexologienobilis.ch
2001:41d0:a:1b7d::1 - - [08/Dec/2025:01:31:35 +0100] "GET /boutique/feed/?filesrc=/home/clients/bc55d1d9a618a64acfd6a3c258c080a1/web/wp-content/plugins/divi-builder/includes/builder/frontend-builder/build/bundle.modals.564270b9.js&path=/home/clients/bc55d1d9a618a64acfd6a3c258c080a1/web/wp-content/plugins/divi-builder/includes/builder/frontend-builder/build HTTP/1.1" 301 1335945 "-" "Mozilla/5.0 (compatible; MJ12bot/v1.4.8; http://mj12bot.com/)" reflexologienobilis.ch
54.84.250.51 - - [08/Dec/2025:01:31:35 +0100] "GET /produit/produit_3/?filesrc=/home/clients/bc55d1d9a618a64acfd6a3c258c080a1/web/wp-includes/js/tinymce/plugins/lists/upgrades/index.php&path=/home/clients/bc55d1d9a618a64acfd6a3c258c080a1/web/wp-includes/js/tinymce/plugins/lists/upgrades HTTP/1.1" 200 9888 "-" "Mozilla/5.0 AppleWebKit/537.36 (KHTML, like Gecko; compatible; Amazonbot/0.1; +https://developer.amazon.com/support/amazonbot) Chrome/119.0.6045.214 Safari/537.36" reflexologienobilis.ch
2001:41d0:303:839c::1 - - [08/Dec/2025:01:31:35 +0100] "GET /boutique/feed/?path=%2Fhome%2Fclients%2Fbc55d1d9a618a64acfd6a3c258c080a1%2Fweb%2Fwp-content%2Fplugins%2Fdivi-builder%2Fincludes%2Fbuilder%2Ffeature%2Fgutenberg&do=newfile HTTP/1.1" 200 4558 "-" "Mozilla/5.0 (compatible; MJ12bot/v1.4.8; http://mj12bot.com/)" reflexologienobilis.ch
2001:41d0:303:839c::1 - - [08/Dec/2025:01:31:38 +0100] "GET /boutique/feed/?path=/home/clients/bc55d1d9a618a64acfd6a3c258c080a1/web/wp-content/plugins/divi-builder/includes/builder/feature/gutenberg&opt=newfolder HTTP/1.1" 301 7226 "-" "Mozilla/5.0 (compatible; MJ12bot/v1.4.8; http://mj12bot.com/)" reflexologienobilis.ch
2001:41d0:a:1b7d::1 - - [08/Dec/2025:01:31:39 +0100] "GET /boutique/feed/?filesrc=%2Fhome%2Fclients%2Fbc55d1d9a618a64acfd6a3c258c080a1%2Fweb%2Fwp-content%2Fplugins%2Fdivi-builder%2Fincludes%2Fbuilder%2Ffrontend-builder%2Fbuild%2Fbundle.modals.564270b9.js&path=%2Fhome%2Fclients%2Fbc55d1d9a618a64acfd6a3c258c080a1%2Fweb%2Fwp-content%2Fplugins%2Fdivi-builder%2Fincludes%2Fbuilder%2Ffrontend-builder%2Fbuild HTTP/1.1" 200 302471 "-" "Mozilla/5.0 (compatible; MJ12bot/v1.4.8; http://mj12bot.com/)" reflexologienobilis.ch
34.239.85.139 - - [08/Dec/2025:01:31:40 +0100] "GET /blog/?act=download&dir=/home/clients/bc55d1d9a618a64acfd6a3c258c080a1/web/wp-content/plugins/divi-builder/includes/builder/search-api&file=/home/clients/bc55d1d9a618a64acfd6a3c258c080a1/web/wp-content/plugins/divi-builder/includes/builder/search-api/index.php HTTP/1.1" 200 1973 "-" "Mozilla/5.0 AppleWebKit/537.36 (KHTML, like Gecko; compatible; Amazonbot/0.1; +https://developer.amazon.com/support/amazonbot) Chrome/119.0.6045.214 Safari/537.36" reflexologienobilis.ch
2001:41d0:303:839c::1 - - [08/Dec/2025:01:31:41 +0100] "GET /boutique/feed/?path=%2Fhome%2Fclients%2Fbc55d1d9a618a64acfd6a3c258c080a1%2Fweb%2Fwp-content%2Fplugins%2Fdivi-builder%2Fincludes%2Fbuilder%2Ffeature%2Fgutenberg&opt=newfolder HTTP/1.1" 200 4525 "-" "Mozilla/5.0 (compatible; MJ12bot/v1.4.8; http://mj12bot.com/)" reflexologienobilis.ch
2001:41d0:a:1b7d::1 - - [08/Dec/2025:01:31:43 +0100] "GET /boutique/feed/?filesrc=/home/clients/bc55d1d9a618a64acfd6a3c258c080a1/web/wp-content/plugins/divi-builder/includes/builder/frontend-builder/build/frame-helpers.js&path=/home/clients/bc55d1d9a618a64acfd6a3c258c080a1/web/wp-content/plugins/divi-builder/includes/builder/frontend-builder/build HTTP/1.1" 301 121745 "-" "Mozilla/5.0 (compatible; MJ12bot/v1.4.8; http://mj12bot.com/)" reflexologienobilis.ch
2001:41d0:303:839c::1 - - [08/Dec/2025:01:31:43 +0100] "GET /boutique/feed/?path=/home/clients/bc55d1d9a618a64acfd6a3c258c080a1/web/wp-content/plugins/divi-builder/includes/builder/feature/gutenberg/blocks HTTP/1.1" 301 6343 "-" "Mozilla/5.0 (compatible; MJ12bot/v1.4.8; http://mj12bot.com/)" reflexologienobilis.ch
18.211.148.239 - - [08/Dec/2025:01:31:44 +0100] "GET /blog/?act=download&dir=/home/clients/bc55d1d9a618a64acfd6a3c258c080a1/web/wp-content/plugins/woo-gutenberg-products-block/src/Assets/photos&file=/home/clients/bc55d1d9a618a64acfd6a3c258c080a1/web/wp-content/plugins/woo-gutenberg-products-block/src/Assets/photos/index.php HTTP/1.1" 200 2043 "-" "Mozilla/5.0 AppleWebKit/537.36 (KHTML, like Gecko; compatible; Amazonbot/0.1; +https://developer.amazon.com/support/amazonbot) Chrome/119.0.6045.214 Safari/537.36" reflexologienobilis.ch
2001:41d0:303:839c::1 - - [08/Dec/2025:01:31:46 +0100] "GET /boutique/feed/?path=%2Fhome%2Fclients%2Fbc55d1d9a618a64acfd6a3c258c080a1%2Fweb%2Fwp-content%2Fplugins%2Fdivi-builder%2Fincludes%2Fbuilder%2Ffeature%2Fgutenberg%2Fblocks HTTP/1.1" 200 4457 "-" "Mozilla/5.0 (compatible; MJ12bot/v1.4.8; http://mj12bot.com/)" reflexologienobilis.ch
2001:41d0:a:1b7d::1 - - [08/Dec/2025:01:31:46 +0100] "GET /boutique/feed/?filesrc=%2Fhome%2Fclients%2Fbc55d1d9a618a64acfd6a3c258c080a1%2Fweb%2Fwp-content%2Fplugins%2Fdivi-builder%2Fincludes%2Fbuilder%2Ffrontend-builder%2Fbuild%2Fframe-helpers.js&path=%2Fhome%2Fclients%2Fbc55d1d9a618a64acfd6a3c258c080a1%2Fweb%2Fwp-content%2Fplugins%2Fdivi-builder%2Fincludes%2Fbuilder%2Ffrontend-builder%2Fbuild HTTP/1.1" 200 34927 "-" "Mozilla/5.0 (compatible; MJ12bot/v1.4.8; http://mj12bot.com/)" reflexologienobilis.ch
54.235.191.179 - - [08/Dec/2025:01:31:47 +0100] "GET /produit/produit_1/?filesrc=/home/clients/bc55d1d9a618a64acfd6a3c258c080a1/web/wp-content/plugins/woocommerce/templates/single-product/query-content/index.php&path=/home/clients/bc55d1d9a618a64acfd6a3c258c080a1/web/wp-content/plugins/woocommerce/templates/single-product/query-content HTTP/1.1" 200 11166 "-" "Mozilla/5.0 AppleWebKit/537.36 (KHTML, like Gecko; compatible; Amazonbot/0.1; +https://developer.amazon.com/support/amazonbot) Chrome/119.0.6045.214 Safari/537.36" reflexologienobilis.ch
2001:41d0:303:839c::1 - - [08/Dec/2025:01:31:48 +0100] "GET /boutique/feed/?path=/home/clients/bc55d1d9a618a64acfd6a3c258c080a1/web/wp-content/plugins/divi-builder/includes/builder/feature/gutenberg/utils HTTP/1.1" 301 6350 "-" "Mozilla/5.0 (compatible; MJ12bot/v1.4.8; http://mj12bot.com/)" reflexologienobilis.ch
2001:41d0:a:1b7d::1 - - [08/Dec/2025:01:31:50 +0100] "GET /boutique/feed/?filesrc=/home/clients/bc55d1d9a618a64acfd6a3c258c080a1/web/wp-content/plugins/divi-builder/includes/builder/frontend-builder/build/frontend-builder-global-functions.js&path=/home/clients/bc55d1d9a618a64acfd6a3c258c080a1/web/wp-content/plugins/divi-builder/includes/builder/frontend-builder/build HTTP/1.1" 301 18048 "-" "Mozilla/5.0 (compatible; MJ12bot/v1.4.8; http://mj12bot.com/)" reflexologienobilis.ch
2001:41d0:303:839c::1 - - [08/Dec/2025:01:31:51 +0100] "GET /boutique/feed/?path=%2Fhome%2Fclients%2Fbc55d1d9a618a64acfd6a3c258c080a1%2Fweb%2Fwp-content%2Fplugins%2Fdivi-builder%2Fincludes%2Fbuilder%2Ffeature%2Fgutenberg%2Futils HTTP/1.1" 200 4456 "-" "Mozilla/5.0 (compatible; MJ12bot/v1.4.8; http://mj12bot.com/)" reflexologienobilis.ch
54.235.172.96 - - [08/Dec/2025:01:31:52 +0100] "GET /categorie-produit/en-vente-au-magasin/?filesrc=/home/clients/bc55d1d9a618a64acfd6a3c258c080a1/web/wp-content/plugins/woocommerce/templates/single-product/product-attributes.php&path=/home/clients/bc55d1d9a618a64acfd6a3c258c080a1/web/wp-content/plugins/woocommerce/templates/single-product HTTP/1.1" 200 7362 "-" "Mozilla/5.0 AppleWebKit/537.36 (KHTML, like Gecko; compatible; Amazonbot/0.1; +https://developer.amazon.com/support/amazonbot) Chrome/119.0.6045.214 Safari/537.36" reflexologienobilis.ch
2001:41d0:303:839c::1 - - [08/Dec/2025:01:31:53 +0100] "GET /boutique/feed/?path=/home/clients/bc55d1d9a618a64acfd6a3c258c080a1/web/wp-content/plugins/divi-builder/includes/builder/frontend-builder/assets&do=newfile HTTP/1.1" 500 1029 "-" "Mozilla/5.0 (compatible; MJ12bot/v1.4.8; http://mj12bot.com/)" reflexologienobilis.ch
2001:41d0:a:1b7d::1 - - [08/Dec/2025:01:31:53 +0100] "GET /boutique/feed/?filesrc=%2Fhome%2Fclients%2Fbc55d1d9a618a64acfd6a3c258c080a1%2Fweb%2Fwp-content%2Fplugins%2Fdivi-builder%2Fincludes%2Fbuilder%2Ffrontend-builder%2Fbuild%2Ffrontend-builder-global-functions.js&path=%2Fhome%2Fclients%2Fbc55d1d9a618a64acfd6a3c258c080a1%2Fweb%2Fwp-content%2Fplugins%2Fdivi-builder%2Fincludes%2Fbuilder%2Ffrontend-builder%2Fbuild HTTP/1.1" 200 8107 "-" "Mozilla/5.0 (compatible; MJ12bot/v1.4.8; http://mj12bot.com/)" reflexologienobilis.ch
2001:41d0:303:839c::1 - - [08/Dec/2025:01:31:55 +0100] "GET /boutique/feed/?path=/home/clients/bc55d1d9a618a64acfd6a3c258c080a1/web/wp-content/plugins/divi-builder/includes/builder/frontend-builder/assets&opt=newfolder HTTP/1.1" 301 10556 "-" "Mozilla/5.0 (compatible; MJ12bot/v1.4.8; http://mj12bot.com/)" reflexologienobilis.ch
98.82.40.168 - - [08/Dec/2025:01:31:55 +0100] "GET /produit/produit_1/?filesrc=/home/clients/bc55d1d9a618a64acfd6a3c258c080a1/web/wp-content/plugins/woocommerce/templates/emails/plain/admin-cancelled-order.php&path=/home/clients/bc55d1d9a618a64acfd6a3c258c080a1/web/wp-content/plugins/woocommerce/templates/emails/plain HTTP/1.1" 200 11035 "-" "Mozilla/5.0 AppleWebKit/537.36 (KHTML, like Gecko; compatible; Amazonbot/0.1; +https://developer.amazon.com/support/amazonbot) Chrome/119.0.6045.214 Safari/537.36" reflexologienobilis.ch
2001:41d0:a:1b7d::1 - - [08/Dec/2025:01:31:56 +0100] "GET /boutique/feed/?filesrc=/home/clients/bc55d1d9a618a64acfd6a3c258c080a1/web/wp-content/plugins/divi-builder/includes/builder/frontend-builder/build/frontend-builder-preview.js&path=/home/clients/bc55d1d9a618a64acfd6a3c258c080a1/web/wp-content/plugins/divi-builder/includes/builder/frontend-builder/build HTTP/1.1" 301 8702 "-" "Mozilla/5.0 (compatible; MJ12bot/v1.4.8; http://mj12bot.com/)" reflexologienobilis.ch
2001:41d0:303:839c::1 - - [08/Dec/2025:01:31:57 +0100] "GET /boutique/feed/?path=%2Fhome%2Fclients%2Fbc55d1d9a618a64acfd6a3c258c080a1%2Fweb%2Fwp-content%2Fplugins%2Fdivi-builder%2Fincludes%2Fbuilder%2Ffrontend-builder%2Fassets&opt=newfolder HTTP/1.1" 200 4619 "-" "Mozilla/5.0 (compatible; MJ12bot/v1.4.8; http://mj12bot.com/)" reflexologienobilis.ch
2001:41d0:a:1b7d::1 - - [08/Dec/2025:01:31:59 +0100] "GET /boutique/feed/?filesrc=%2Fhome%2Fclients%2Fbc55d1d9a618a64acfd6a3c258c080a1%2Fweb%2Fwp-content%2Fplugins%2Fdivi-builder%2Fincludes%2Fbuilder%2Ffrontend-builder%2Fbuild%2Ffrontend-builder-preview.js&path=%2Fhome%2Fclients%2Fbc55d1d9a618a64acfd6a3c258c080a1%2Fweb%2Fwp-content%2Fplugins%2Fdivi-builder%2Fincludes%2Fbuilder%2Ffrontend-builder%2Fbuild HTTP/1.1" 200 5690 "-" "Mozilla/5.0 (compatible; MJ12bot/v1.4.8; http://mj12bot.com/)" reflexologienobilis.ch
2001:41d0:303:839c::1 - - [08/Dec/2025:01:32:00 +0100] "GET /boutique/feed/?path=/home/clients/bc55d1d9a618a64acfd6a3c258c080a1/web/wp-content/plugins/divi-builder/includes/builder/frontend-builder/assets/backports HTTP/1.1" 301 6422 "-" "Mozilla/5.0 (compatible; MJ12bot/v1.4.8; http://mj12bot.com/)" reflexologienobilis.ch
18.232.36.1 - - [08/Dec/2025:01:32:00 +0100] "GET /2017/02/?filesrc=/home/clients/bc55d1d9a618a64acfd6a3c258c080a1/web/wp-admin/images/media-button-other.gif&path=/home/clients/bc55d1d9a618a64acfd6a3c258c080a1/web/wp-admin/images HTTP/1.1" 200 6711 "-" "Mozilla/5.0 AppleWebKit/537.36 (KHTML, like Gecko; compatible; Amazonbot/0.1; +https://developer.amazon.com/support/amazonbot) Chrome/119.0.6045.214 Safari/537.36" reflexologienobilis.ch
2001:41d0:303:839c::1 - - [08/Dec/2025:01:32:03 +0100] "GET /boutique/feed/?path=%2Fhome%2Fclients%2Fbc55d1d9a618a64acfd6a3c258c080a1%2Fweb%2Fwp-content%2Fplugins%2Fdivi-builder%2Fincludes%2Fbuilder%2Ffrontend-builder%2Fassets%2Fbackports HTTP/1.1" 200 4459 "-" "Mozilla/5.0 (compatible; MJ12bot/v1.4.8; http://mj12bot.com/)" reflexologienobilis.ch
54.84.250.51 - - [08/Dec/2025:01:32:03 +0100] "GET /article-1/?filesrc=/home/clients/bc55d1d9a618a64acfd6a3c258c080a1/web/wp-content/uploads/et_temp/.htaccess&path=/home/clients/bc55d1d9a618a64acfd6a3c258c080a1/web/wp-content/uploads/et_temp HTTP/1.1" 200 7691 "-" "Mozilla/5.0 AppleWebKit/537.36 (KHTML, like Gecko; compatible; Amazonbot/0.1; +https://developer.amazon.com/support/amazonbot) Chrome/119.0.6045.214 Safari/537.36" reflexologienobilis.ch
2001:41d0:a:1b7d::1 - - [08/Dec/2025:01:32:03 +0100] "GET /boutique/feed/?filesrc=/home/clients/bc55d1d9a618a64acfd6a3c258c080a1/web/wp-content/plugins/divi-builder/includes/builder/frontend-builder/build/frontend-builder-scripts.js&path=/home/clients/bc55d1d9a618a64acfd6a3c258c080a1/web/wp-content/plugins/divi-builder/includes/builder/frontend-builder/build HTTP/1.1" 301 359804 "-" "Mozilla/5.0 (compatible; MJ12bot/v1.4.8; http://mj12bot.com/)" reflexologienobilis.ch
2001:41d0:303:839c::1 - - [08/Dec/2025:01:32:05 +0100] "GET /boutique/feed/?path=/home/clients/bc55d1d9a618a64acfd6a3c258c080a1/web/wp-content/plugins/divi-builder/includes/builder/frontend-builder/assets/css HTTP/1.1" 301 11574 "-" "Mozilla/5.0 (compatible; MJ12bot/v1.4.8; http://mj12bot.com/)" reflexologienobilis.ch
2001:41d0:a:1b7d::1 - - [08/Dec/2025:01:32:06 +0100] "GET /boutique/feed/?filesrc=%2Fhome%2Fclients%2Fbc55d1d9a618a64acfd6a3c258c080a1%2Fweb%2Fwp-content%2Fplugins%2Fdivi-builder%2Fincludes%2Fbuilder%2Ffrontend-builder%2Fbuild%2Ffrontend-builder-scripts.js&path=%2Fhome%2Fclients%2Fbc55d1d9a618a64acfd6a3c258c080a1%2Fweb%2Fwp-content%2Fplugins%2Fdivi-builder%2Fincludes%2Fbuilder%2Ffrontend-builder%2Fbuild HTTP/1.1" 200 86270 "-" "Mozilla/5.0 (compatible; MJ12bot/v1.4.8; http://mj12bot.com/)" reflexologienobilis.ch
2001:41d0:303:839c::1 - - [08/Dec/2025:01:32:08 +0100] "GET /boutique/feed/?path=%2Fhome%2Fclients%2Fbc55d1d9a618a64acfd6a3c258c080a1%2Fweb%2Fwp-content%2Fplugins%2Fdivi-builder%2Fincludes%2Fbuilder%2Ffrontend-builder%2Fassets%2Fcss HTTP/1.1" 200 4678 "-" "Mozilla/5.0 (compatible; MJ12bot/v1.4.8; http://mj12bot.com/)" reflexologienobilis.ch
54.157.84.74 - - [08/Dec/2025:01:32:07 +0100] "GET /blog/?filesrc=/home/clients/bc55d1d9a618a64acfd6a3c258c080a1/web/wp-content/plugins/woo-gutenberg-products-block/src/RestApi/StoreApi/Controllers/ProductAttributes.php&path=/home/clients/bc55d1d9a618a64acfd6a3c258c080a1/web/wp-content/plugins/woo-gutenberg-products-block/src/RestApi/StoreApi/Controllers HTTP/1.1" 200 9640 "-" "Mozilla/5.0 AppleWebKit/537.36 (KHTML, like Gecko; compatible; Amazonbot/0.1; +https://developer.amazon.com/support/amazonbot) Chrome/119.0.6045.214 Safari/537.36" reflexologienobilis.ch
2001:41d0:a:1b7d::1 - - [08/Dec/2025:01:32:09 +0100] "GET /boutique/feed/?filesrc=/home/clients/bc55d1d9a618a64acfd6a3c258c080a1/web/wp-content/plugins/divi-builder/includes/builder/frontend-builder/build/gutenberg.css&path=/home/clients/bc55d1d9a618a64acfd6a3c258c080a1/web/wp-content/plugins/divi-builder/includes/builder/frontend-builder/build HTTP/1.1" 301 109575 "-" "Mozilla/5.0 (compatible; MJ12bot/v1.4.8; http://mj12bot.com/)" reflexologienobilis.ch
2001:41d0:303:839c::1 - - [08/Dec/2025:01:32:10 +0100] "GET /boutique/feed/?path=/home/clients/bc55d1d9a618a64acfd6a3c258c080a1/web/wp-content/plugins/divi-builder/includes/builder/frontend-builder/assets/img HTTP/1.1" 301 6429 "-" "Mozilla/5.0 (compatible; MJ12bot/v1.4.8; http://mj12bot.com/)" reflexologienobilis.ch
3.208.156.9 - - [08/Dec/2025:01:32:12 +0100] "GET /categorie-produit/en-vente-au-magasin/?filesrc=/home/clients/bc55d1d9a618a64acfd6a3c258c080a1/web/wp-content/plugins/woocommerce/templates/notices/error.php&path=/home/clients/bc55d1d9a618a64acfd6a3c258c080a1/web/wp-content/plugins/woocommerce/templates/notices HTTP/1.1" 200 7279 "-" "Mozilla/5.0 AppleWebKit/537.36 (KHTML, like Gecko; compatible; Amazonbot/0.1; +https://developer.amazon.com/support/amazonbot) Chrome/119.0.6045.214 Safari/537.36" reflexologienobilis.ch
2001:41d0:a:1b7d::1 - - [08/Dec/2025:01:32:12 +0100] "GET /boutique/feed/?filesrc=%2Fhome%2Fclients%2Fbc55d1d9a618a64acfd6a3c258c080a1%2Fweb%2Fwp-content%2Fplugins%2Fdivi-builder%2Fincludes%2Fbuilder%2Ffrontend-builder%2Fbuild%2Fgutenberg.css&path=%2Fhome%2Fclients%2Fbc55d1d9a618a64acfd6a3c258c080a1%2Fweb%2Fwp-content%2Fplugins%2Fdivi-builder%2Fincludes%2Fbuilder%2Ffrontend-builder%2Fbuild HTTP/1.1" 200 17984 "-" "Mozilla/5.0 (compatible; MJ12bot/v1.4.8; http://mj12bot.com/)" reflexologienobilis.ch
2001:41d0:303:839c::1 - - [08/Dec/2025:01:32:13 +0100] "GET /boutique/feed/?path=%2Fhome%2Fclients%2Fbc55d1d9a618a64acfd6a3c258c080a1%2Fweb%2Fwp-content%2Fplugins%2Fdivi-builder%2Fincludes%2Fbuilder%2Ffrontend-builder%2Fassets%2Fimg HTTP/1.1" 200 4465 "-" "Mozilla/5.0 (compatible; MJ12bot/v1.4.8; http://mj12bot.com/)" reflexologienobilis.ch
2001:41d0:a:1b7d::1 - - [08/Dec/2025:01:32:16 +0100] "GET /boutique/feed/?filesrc=/home/clients/bc55d1d9a618a64acfd6a3c258c080a1/web/wp-content/plugins/divi-builder/includes/builder/frontend-builder/build/gutenberg.js&path=/home/clients/bc55d1d9a618a64acfd6a3c258c080a1/web/wp-content/plugins/divi-builder/includes/builder/frontend-builder/build HTTP/1.1" 500 1029 "-" "Mozilla/5.0 (compatible; MJ12bot/v1.4.8; http://mj12bot.com/)" reflexologienobilis.ch
52.3.156.186 - - [08/Dec/2025:01:32:15 +0100] "GET /produit/produit_1/?filesrc=/home/clients/bc55d1d9a618a64acfd6a3c258c080a1/web/wp-content/plugins/woocommerce/includes/admin/views/html-notice-install.php&path=/home/clients/bc55d1d9a618a64acfd6a3c258c080a1/web/wp-content/plugins/woocommerce/includes/admin/views HTTP/1.1" 200 10545 "-" "Mozilla/5.0 AppleWebKit/537.36 (KHTML, like Gecko; compatible; Amazonbot/0.1; +https://developer.amazon.com/support/amazonbot) Chrome/119.0.6045.214 Safari/537.36" reflexologienobilis.ch
111.7.100.38 - - [08/Dec/2025:01:32:17 +0100] "GET /images/toggi-arrow.jpg HTTP/1.1" 200 2481008 "-" "curl/7.58.0" reflexologienobilis.ch
2001:41d0:303:839c::1 - - [08/Dec/2025:01:32:15 +0100] "GET /boutique/feed/?path=/home/clients/bc55d1d9a618a64acfd6a3c258c080a1/web/wp-content/plugins/divi-builder/includes/builder/frontend-builder/assets/scripts HTTP/1.1" 301 6441 "-" "Mozilla/5.0 (compatible; MJ12bot/v1.4.8; http://mj12bot.com/)" reflexologienobilis.ch
2001:41d0:303:839c::1 - - [08/Dec/2025:01:32:18 +0100] "GET /boutique/feed/?path=%2Fhome%2Fclients%2Fbc55d1d9a618a64acfd6a3c258c080a1%2Fweb%2Fwp-content%2Fplugins%2Fdivi-builder%2Fincludes%2Fbuilder%2Ffrontend-builder%2Fassets%2Fscripts HTTP/1.1" 200 4464 "-" "Mozilla/5.0 (compatible; MJ12bot/v1.4.8; http://mj12bot.com/)" reflexologienobilis.ch
2001:41d0:a:1b7d::1 - - [08/Dec/2025:01:32:18 +0100] "GET /boutique/feed/?filesrc=/home/clients/bc55d1d9a618a64acfd6a3c258c080a1/web/wp-content/plugins/divi-builder/includes/builder/frontend-builder/build/preboot.js&path=/home/clients/bc55d1d9a618a64acfd6a3c258c080a1/web/wp-content/plugins/divi-builder/includes/builder/frontend-builder/build HTTP/1.1" 301 166403 "-" "Mozilla/5.0 (compatible; MJ12bot/v1.4.8; http://mj12bot.com/)" reflexologienobilis.ch
52.203.152.231 - - [08/Dec/2025:01:32:19 +0100] "GET /categorie-produit/en-vente-au-magasin/?filesrc=/home/clients/bc55d1d9a618a64acfd6a3c258c080a1/web/wp-content/plugins/woocommerce/assets/css/wc-setup.css&path=/home/clients/bc55d1d9a618a64acfd6a3c258c080a1/web/wp-content/plugins/woocommerce/assets/css HTTP/1.1" 200 12106 "-" "Mozilla/5.0 AppleWebKit/537.36 (KHTML, like Gecko; compatible; Amazonbot/0.1; +https://developer.amazon.com/support/amazonbot) Chrome/119.0.6045.214 Safari/537.36" reflexologienobilis.ch
2001:1600:4:13:d294:66ff:fe7d:42eb - - [08/Dec/2025:01:32:21 +0100] "POST /wp-cron.php?doing_wp_cron=1765153941.3769850730895996093750 HTTP/1.1" 403 996 "https://reflexologienobilis.ch/wp-cron.php?doing_wp_cron=1765153941.3769850730895996093750" "WordPress/5.1.21; https://reflexologienobilis.ch" reflexologienobilis.ch
2001:41d0:303:839c::1 - - [08/Dec/2025:01:32:20 +0100] "GET /boutique/feed/?path=/home/clients/bc55d1d9a618a64acfd6a3c258c080a1/web/wp-content/plugins/divi-builder/includes/builder/frontend-builder/assets/vendors HTTP/1.1" 301 13318 "-" "Mozilla/5.0 (compatible; MJ12bot/v1.4.8; http://mj12bot.com/)" reflexologienobilis.ch
2001:41d0:a:1b7d::1 - - [08/Dec/2025:01:32:21 +0100] "GET /boutique/feed/?filesrc=%2Fhome%2Fclients%2Fbc55d1d9a618a64acfd6a3c258c080a1%2Fweb%2Fwp-content%2Fplugins%2Fdivi-builder%2Fincludes%2Fbuilder%2Ffrontend-builder%2Fbuild%2Fpreboot.js&path=%2Fhome%2Fclients%2Fbc55d1d9a618a64acfd6a3c258c080a1%2Fweb%2Fwp-content%2Fplugins%2Fdivi-builder%2Fincludes%2Fbuilder%2Ffrontend-builder%2Fbuild HTTP/1.1" 200 47537 "-" "Mozilla/5.0 (compatible; MJ12bot/v1.4.8; http://mj12bot.com/)" reflexologienobilis.ch
2001:41d0:303:839c::1 - - [08/Dec/2025:01:32:23 +0100] "GET /boutique/feed/?path=%2Fhome%2Fclients%2Fbc55d1d9a618a64acfd6a3c258c080a1%2Fweb%2Fwp-content%2Fplugins%2Fdivi-builder%2Fincludes%2Fbuilder%2Ffrontend-builder%2Fassets%2Fvendors HTTP/1.1" 200 4699 "-" "Mozilla/5.0 (compatible; MJ12bot/v1.4.8; http://mj12bot.com/)" reflexologienobilis.ch
100.25.120.246 - - [08/Dec/2025:01:32:23 +0100] "GET /produit/produit_1/?filesrc=/home/clients/bc55d1d9a618a64acfd6a3c258c080a1/web/wp-content/themes/Divi/core/components/post/Query.php&path=/home/clients/bc55d1d9a618a64acfd6a3c258c080a1/web/wp-content/themes/Divi/core/components/post HTTP/1.1" 200 12026 "-" "Mozilla/5.0 AppleWebKit/537.36 (KHTML, like Gecko; compatible; Amazonbot/0.1; +https://developer.amazon.com/support/amazonbot) Chrome/119.0.6045.214 Safari/537.36" reflexologienobilis.ch
173.208.176.202 - - [08/Dec/2025:01:31:29 +0100] "GET /wp-includes/ad9d00da/index.php?id=917455 HTTP/1.1" 200 25 "https://reflexologienobilis.ch/wp-includes/ad9d00da/index.php?id=917455" "Mozilla/5.0 (Windows NT 10.0; Win64; x64) AppleWebKit/537.36 (KHTML, like Gecko) Chrome/58.0.3029.110 Safari/537.3" reflexologienobilis.ch
2001:41d0:a:1b7d::1 - - [08/Dec/2025:01:32:25 +0100] "GET /boutique/feed/?filesrc=/home/clients/bc55d1d9a618a64acfd6a3c258c080a1/web/wp-content/plugins/divi-builder/includes/builder/frontend-builder/build/theme-builder.css&path=/home/clients/bc55d1d9a618a64acfd6a3c258c080a1/web/wp-content/plugins/divi-builder/includes/builder/frontend-builder/build HTTP/1.1" 301 51947 "-" "Mozilla/5.0 (compatible; MJ12bot/v1.4.8; http://mj12bot.com/)" reflexologienobilis.ch
2001:41d0:303:839c::1 - - [08/Dec/2025:01:32:25 +0100] "GET /boutique/feed/?path=/home/clients/bc55d1d9a618a64acfd6a3c258c080a1/web/wp-content/plugins/divi-builder/includes/builder/frontend-builder/build&do=newfile HTTP/1.1" 301 24893 "-" "Mozilla/5.0 (compatible; MJ12bot/v1.4.8; http://mj12bot.com/)" reflexologienobilis.ch
2a03:2880:f804:33:: - - [08/Dec/2025:01:32:25 +0100] "GET /?p=612142091 HTTP/1.1" 404 62759 "-" "meta-externalagent/1.1 (+https://developers.facebook.com/docs/sharing/webmasters/crawler)" reflexologienobilis.ch
44.206.65.8 - - [08/Dec/2025:01:32:27 +0100] "GET /produit/produit_3/?filesrc=/home/clients/bc55d1d9a618a64acfd6a3c258c080a1/web/wp-includes/js/tinymce/plugins/colorpicker/requests/index.php&path=/home/clients/bc55d1d9a618a64acfd6a3c258c080a1/web/wp-includes/js/tinymce/plugins/colorpicker/requests HTTP/1.1" 200 9960 "-" "Mozilla/5.0 AppleWebKit/537.36 (KHTML, like Gecko; compatible; Amazonbot/0.1; +https://developer.amazon.com/support/amazonbot) Chrome/119.0.6045.214 Safari/537.36" reflexologienobilis.ch
2001:41d0:a:1b7d::1 - - [08/Dec/2025:01:32:28 +0100] "GET /boutique/feed/?filesrc=%2Fhome%2Fclients%2Fbc55d1d9a618a64acfd6a3c258c080a1%2Fweb%2Fwp-content%2Fplugins%2Fdivi-builder%2Fincludes%2Fbuilder%2Ffrontend-builder%2Fbuild%2Ftheme-builder.css&path=%2Fhome%2Fclients%2Fbc55d1d9a618a64acfd6a3c258c080a1%2Fweb%2Fwp-content%2Fplugins%2Fdivi-builder%2Fincludes%2Fbuilder%2Ffrontend-builder%2Fbuild HTTP/1.1" 200 11772 "-" "Mozilla/5.0 (compatible; MJ12bot/v1.4.8; http://mj12bot.com/)" reflexologienobilis.ch
2001:41d0:303:839c::1 - - [08/Dec/2025:01:32:28 +0100] "GET /boutique/feed/?path=%2Fhome%2Fclients%2Fbc55d1d9a618a64acfd6a3c258c080a1%2Fweb%2Fwp-content%2Fplugins%2Fdivi-builder%2Fincludes%2Fbuilder%2Ffrontend-builder%2Fbuild&do=newfile HTTP/1.1" 200 5135 "-" "Mozilla/5.0 (compatible; MJ12bot/v1.4.8; http://mj12bot.com/)" reflexologienobilis.ch
34.226.89.140 - - [08/Dec/2025:01:32:32 +0100] "GET /categorie-produit/en-vente-au-magasin/?filesrc=/home/clients/bc55d1d9a618a64acfd6a3c258c080a1/web/wp-content/plugins/woocommerce/includes/theme-support/class-wc-twenty-seventeen.php&path=/home/clients/bc55d1d9a618a64acfd6a3c258c080a1/web/wp-content/plugins/woocommerce/includes/theme-support HTTP/1.1" 200 7730 "-" "Mozilla/5.0 AppleWebKit/537.36 (KHTML, like Gecko; compatible; Amazonbot/0.1; +https://developer.amazon.com/support/amazonbot) Chrome/119.0.6045.214 Safari/537.36" reflexologienobilis.ch
2001:41d0:a:1b7d::1 - - [08/Dec/2025:01:32:32 +0100] "GET /boutique/feed/?filesrc=/home/clients/bc55d1d9a618a64acfd6a3c258c080a1/web/wp-content/plugins/divi-builder/includes/builder/frontend-builder/build/theme-builder.js&path=/home/clients/bc55d1d9a618a64acfd6a3c258c080a1/web/wp-content/plugins/divi-builder/includes/builder/frontend-builder/build HTTP/1.1" 200 139715 "-" "Mozilla/5.0 (compatible; MJ12bot/v1.4.8; http://mj12bot.com/)" reflexologienobilis.ch
2001:41d0:303:839c::1 - - [08/Dec/2025:01:32:33 +0100] "GET /boutique/feed/?path=/home/clients/bc55d1d9a618a64acfd6a3c258c080a1/web/wp-content/plugins/divi-builder/includes/builder/frontend-builder/i18n&do=newfile HTTP/1.1" 301 12748 "-" "Mozilla/5.0 (compatible; MJ12bot/v1.4.8; http://mj12bot.com/)" reflexologienobilis.ch
3.229.95.193 - - [08/Dec/2025:01:32:35 +0100] "GET /reflexologie-amerindienne/?filesrc=/home/clients/bc55d1d9a618a64acfd6a3c258c080a1/web/wp-content/plugins/divi-builder/includes/builder/class-et-builder-element.php&path=/home/clients/bc55d1d9a618a64acfd6a3c258c080a1/web/wp-content/plugins/divi-builder/includes/builder HTTP/1.1" 200 144385 "-" "Mozilla/5.0 AppleWebKit/537.36 (KHTML, like Gecko; compatible; Amazonbot/0.1; +https://developer.amazon.com/support/amazonbot) Chrome/119.0.6045.214 Safari/537.36" reflexologienobilis.ch
2001:41d0:a:1b7d::1 - - [08/Dec/2025:01:32:36 +0100] "GET /boutique/feed/?filesrc=/home/clients/bc55d1d9a618a64acfd6a3c258c080a1/web/wp-content/plugins/divi-builder/includes/builder/frontend-builder/i18n/generic.php&path=/home/clients/bc55d1d9a618a64acfd6a3c258c080a1/web/wp-content/plugins/divi-builder/includes/builder/frontend-builder/i18n HTTP/1.1" 301 8014 "-" "Mozilla/5.0 (compatible; MJ12bot/v1.4.8; http://mj12bot.com/)" reflexologienobilis.ch
2001:41d0:303:839c::1 - - [08/Dec/2025:01:32:35 +0100] "GET /boutique/feed/?path=%2Fhome%2Fclients%2Fbc55d1d9a618a64acfd6a3c258c080a1%2Fweb%2Fwp-content%2Fplugins%2Fdivi-builder%2Fincludes%2Fbuilder%2Ffrontend-builder%2Fi18n&do=newfile HTTP/1.1" 200 4804 "-" "Mozilla/5.0 (compatible; MJ12bot/v1.4.8; http://mj12bot.com/)" reflexologienobilis.ch
2001:41d0:303:839c::1 - - [08/Dec/2025:01:32:38 +0100] "GET /boutique/feed/?path=/home/clients/bc55d1d9a618a64acfd6a3c258c080a1/web/wp-content/plugins/divi-builder/includes/builder/frontend-builder/i18n&opt=newfolder HTTP/1.1" 301 12644 "-" "Mozilla/5.0 (compatible; MJ12bot/v1.4.8; http://mj12bot.com/)" reflexologienobilis.ch
2001:41d0:a:1b7d::1 - - [08/Dec/2025:01:32:39 +0100] "GET /boutique/feed/?filesrc=%2Fhome%2Fclients%2Fbc55d1d9a618a64acfd6a3c258c080a1%2Fweb%2Fwp-content%2Fplugins%2Fdivi-builder%2Fincludes%2Fbuilder%2Ffrontend-builder%2Fi18n%2Fgeneric.php&path=%2Fhome%2Fclients%2Fbc55d1d9a618a64acfd6a3c258c080a1%2Fweb%2Fwp-content%2Fplugins%2Fdivi-builder%2Fincludes%2Fbuilder%2Ffrontend-builder%2Fi18n HTTP/1.1" 200 4850 "-" "Mozilla/5.0 (compatible; MJ12bot/v1.4.8; http://mj12bot.com/)" reflexologienobilis.ch
54.235.158.162 - - [08/Dec/2025:01:32:39 +0100] "GET /blog/?filesrc=/home/clients/bc55d1d9a618a64acfd6a3c258c080a1/web/wp-content/plugins/woo-gutenberg-products-block/src/RestApi/StoreApi/Utilities/ProductFiltering.php&path=/home/clients/bc55d1d9a618a64acfd6a3c258c080a1/web/wp-content/plugins/woo-gutenberg-products-block/src/RestApi/StoreApi/Utilities HTTP/1.1" 200 9924 "-" "Mozilla/5.0 AppleWebKit/537.36 (KHTML, like Gecko; compatible; Amazonbot/0.1; +https://developer.amazon.com/support/amazonbot) Chrome/119.0.6045.214 Safari/537.36" reflexologienobilis.ch
2001:41d0:303:839c::1 - - [08/Dec/2025:01:32:41 +0100] "GET /boutique/feed/?path=%2Fhome%2Fclients%2Fbc55d1d9a618a64acfd6a3c258c080a1%2Fweb%2Fwp-content%2Fplugins%2Fdivi-builder%2Fincludes%2Fbuilder%2Ffrontend-builder%2Fi18n&opt=newfolder HTTP/1.1" 200 4771 "-" "Mozilla/5.0 (compatible; MJ12bot/v1.4.8; http://mj12bot.com/)" reflexologienobilis.ch
2001:41d0:a:1b7d::1 - - [08/Dec/2025:01:32:43 +0100] "GET /boutique/feed/?filesrc=/home/clients/bc55d1d9a618a64acfd6a3c258c080a1/web/wp-content/plugins/divi-builder/includes/builder/frontend-builder/i18n/library.php&path=/home/clients/bc55d1d9a618a64acfd6a3c258c080a1/web/wp-content/plugins/divi-builder/includes/builder/frontend-builder/i18n HTTP/1.1" 301 11110 "-" "Mozilla/5.0 (compatible; MJ12bot/v1.4.8; http://mj12bot.com/)" reflexologienobilis.ch
2001:41d0:303:839c::1 - - [08/Dec/2025:01:32:43 +0100] "GET /boutique/feed/?path=/home/clients/bc55d1d9a618a64acfd6a3c258c080a1/web/wp-content/plugins/divi-builder/includes/builder/frontend-builder/i18n/library HTTP/1.1" 301 10372 "-" "Mozilla/5.0 (compatible; MJ12bot/v1.4.8; http://mj12bot.com/)" reflexologienobilis.ch
35.169.119.108 - - [08/Dec/2025:01:32:44 +0100] "GET /contact/?filesrc=/home/clients/bc55d1d9a618a64acfd6a3c258c080a1/web/wp-content/plugins/divi-builder/includes/builder/module/BarCountersItem.php&path=/home/clients/bc55d1d9a618a64acfd6a3c258c080a1/web/wp-content/plugins/divi-builder/includes/builder/module HTTP/1.1" 200 12292 "-" "Mozilla/5.0 AppleWebKit/537.36 (KHTML, like Gecko; compatible; Amazonbot/0.1; +https://developer.amazon.com/support/amazonbot) Chrome/119.0.6045.214 Safari/537.36" reflexologienobilis.ch
2001:41d0:303:839c::1 - - [08/Dec/2025:01:32:46 +0100] "GET /boutique/feed/?path=%2Fhome%2Fclients%2Fbc55d1d9a618a64acfd6a3c258c080a1%2Fweb%2Fwp-content%2Fplugins%2Fdivi-builder%2Fincludes%2Fbuilder%2Ffrontend-builder%2Fi18n%2Flibrary HTTP/1.1" 200 4594 "-" "Mozilla/5.0 (compatible; MJ12bot/v1.4.8; http://mj12bot.com/)" reflexologienobilis.ch
2001:41d0:a:1b7d::1 - - [08/Dec/2025:01:32:47 +0100] "GET /boutique/feed/?filesrc=%2Fhome%2Fclients%2Fbc55d1d9a618a64acfd6a3c258c080a1%2Fweb%2Fwp-content%2Fplugins%2Fdivi-builder%2Fincludes%2Fbuilder%2Ffrontend-builder%2Fi18n%2Flibrary.php&path=%2Fhome%2Fclients%2Fbc55d1d9a618a64acfd6a3c258c080a1%2Fweb%2Fwp-content%2Fplugins%2Fdivi-builder%2Fincludes%2Fbuilder%2Ffrontend-builder%2Fi18n HTTP/1.1" 200 5478 "-" "Mozilla/5.0 (compatible; MJ12bot/v1.4.8; http://mj12bot.com/)" reflexologienobilis.ch
52.71.218.25 - - [08/Dec/2025:01:32:47 +0100] "GET /produit/produit_2/?filesrc=/home/clients/bc55d1d9a618a64acfd6a3c258c080a1/ik-logs/error.log-20251125.gz&path=/home/clients/bc55d1d9a618a64acfd6a3c258c080a1/ik-logs HTTP/1.1" 200 8630 "-" "Mozilla/5.0 AppleWebKit/537.36 (KHTML, like Gecko; compatible; Amazonbot/0.1; +https://developer.amazon.com/support/amazonbot) Chrome/119.0.6045.214 Safari/537.36" reflexologienobilis.ch
111.7.100.36 - - [08/Dec/2025:01:32:48 +0100] "GET /images/toggi-arrow.jpg HTTP/1.1" 200 2481008 "-" "curl/7.58.0" reflexologienobilis.ch
2001:41d0:303:839c::1 - - [08/Dec/2025:01:32:49 +0100] "GET /boutique/feed/?path=/home/clients/bc55d1d9a618a64acfd6a3c258c080a1/web/wp-content/plugins/divi-builder/includes/builder/frontend-builder/theme-builder&do=newfile HTTP/1.1" 200 2344 "-" "Mozilla/5.0 (compatible; MJ12bot/v1.4.8; http://mj12bot.com/)" reflexologienobilis.ch
2001:41d0:a:1b7d::1 - - [08/Dec/2025:01:32:50 +0100] "GET /boutique/feed/?filesrc=/home/clients/bc55d1d9a618a64acfd6a3c258c080a1/web/wp-content/plugins/divi-builder/includes/builder/frontend-builder/i18n/portability.php&path=/home/clients/bc55d1d9a618a64acfd6a3c258c080a1/web/wp-content/plugins/divi-builder/includes/builder/frontend-builder/i18n HTTP/1.1" 301 6691 "-" "Mozilla/5.0 (compatible; MJ12bot/v1.4.8; http://mj12bot.com/)" reflexologienobilis.ch
2001:41d0:303:839c::1 - - [08/Dec/2025:01:32:51 +0100] "GET /boutique/feed/?path=/home/clients/bc55d1d9a618a64acfd6a3c258c080a1/web/wp-content/plugins/divi-builder/includes/builder/frontend-builder/theme-builder&opt=newfolder HTTP/1.1" 200 2311 "-" "Mozilla/5.0 (compatible; MJ12bot/v1.4.8; http://mj12bot.com/)" reflexologienobilis.ch
18.215.77.19 - - [08/Dec/2025:01:32:51 +0100] "GET /category/uncategorized/?filesrc=/home/clients/bc55d1d9a618a64acfd6a3c258c080a1/web/wp-content/languages/it_IT-1bba9045bb07c89671c88a3f328548e8.json&path=/home/clients/bc55d1d9a618a64acfd6a3c258c080a1/web/wp-content/languages HTTP/1.1" 200 7049 "-" "Mozilla/5.0 AppleWebKit/537.36 (KHTML, like Gecko; compatible; Amazonbot/0.1; +https://developer.amazon.com/support/amazonbot) Chrome/119.0.6045.214 Safari/537.36" reflexologienobilis.ch
2001:41d0:303:839c::1 - - [08/Dec/2025:01:32:54 +0100] "GET /boutique/feed/?path=/home/clients/bc55d1d9a618a64acfd6a3c258c080a1/web/wp-content/plugins/divi-builder/includes/builder/module/field&do=newfile HTTP/1.1" 200 2301 "-" "Mozilla/5.0 (compatible; MJ12bot/v1.4.8; http://mj12bot.com/)" reflexologienobilis.ch
2001:41d0:a:1b7d::1 - - [08/Dec/2025:01:32:54 +0100] "GET /boutique/feed/?filesrc=%2Fhome%2Fclients%2Fbc55d1d9a618a64acfd6a3c258c080a1%2Fweb%2Fwp-content%2Fplugins%2Fdivi-builder%2Fincludes%2Fbuilder%2Ffrontend-builder%2Fi18n%2Fportability.php&path=%2Fhome%2Fclients%2Fbc55d1d9a618a64acfd6a3c258c080a1%2Fweb%2Fwp-content%2Fplugins%2Fdivi-builder%2Fincludes%2Fbuilder%2Ffrontend-builder%2Fi18n HTTP/1.1" 200 4604 "-" "Mozilla/5.0 (compatible; MJ12bot/v1.4.8; http://mj12bot.com/)" reflexologienobilis.ch
2001:41d0:303:839c::1 - - [08/Dec/2025:01:32:56 +0100] "GET /boutique/feed/?path=/home/clients/bc55d1d9a618a64acfd6a3c258c080a1/web/wp-content/plugins/divi-builder/includes/builder/module/field&opt=newfolder HTTP/1.1" 200 2266 "-" "Mozilla/5.0 (compatible; MJ12bot/v1.4.8; http://mj12bot.com/)" reflexologienobilis.ch
2001:41d0:a:1b7d::1 - - [08/Dec/2025:01:32:57 +0100] "GET /boutique/feed/?filesrc=/home/clients/bc55d1d9a618a64acfd6a3c258c080a1/web/wp-content/plugins/divi-builder/includes/builder/frontend-builder/i18n/quick-actions.php&path=/home/clients/bc55d1d9a618a64acfd6a3c258c080a1/web/wp-content/plugins/divi-builder/includes/builder/frontend-builder/i18n HTTP/1.1" 301 17051 "-" "Mozilla/5.0 (compatible; MJ12bot/v1.4.8; http://mj12bot.com/)" reflexologienobilis.ch
3.89.176.255 - - [08/Dec/2025:01:32:55 +0100] "GET /consultation-cabinet/?filesrc=/home/clients/bc55d1d9a618a64acfd6a3c258c080a1/web/wp-includes/js/dist/list-reusable-blocks.js&path=/home/clients/bc55d1d9a618a64acfd6a3c258c080a1/web/wp-includes/js/dist HTTP/1.1" 200 13678 "-" "Mozilla/5.0 AppleWebKit/537.36 (KHTML, like Gecko; compatible; Amazonbot/0.1; +https://developer.amazon.com/support/amazonbot) Chrome/119.0.6045.214 Safari/537.36" reflexologienobilis.ch
2001:41d0:303:839c::1 - - [08/Dec/2025:01:32:59 +0100] "GET /boutique/feed/?path=/home/clients/bc55d1d9a618a64acfd6a3c258c080a1/web/wp-content/plugins/divi-builder/includes/builder/module/field/attribute HTTP/1.1" 301 6140 "-" "Mozilla/5.0 (compatible; MJ12bot/v1.4.8; http://mj12bot.com/)" reflexologienobilis.ch
18.215.77.19 - - [08/Dec/2025:01:33:01 +0100] "GET /produit/produit_3/?filesrc=/home/clients/bc55d1d9a618a64acfd6a3c258c080a1/web/wp-content/plugins/yith-woocommerce-catalog-mode/plugin-fw/templates/metaboxes/field-row.php&path=/home/clients/bc55d1d9a618a64acfd6a3c258c080a1/web/wp-content/plugins/yith-woocommerce-catalog-mode/plugin-fw/templates/metaboxes HTTP/1.1" 200 9769 "-" "Mozilla/5.0 AppleWebKit/537.36 (KHTML, like Gecko; compatible; Amazonbot/0.1; +https://developer.amazon.com/support/amazonbot) Chrome/119.0.6045.214 Safari/537.36" reflexologienobilis.ch
2001:41d0:a:1b7d::1 - - [08/Dec/2025:01:33:01 +0100] "GET /boutique/feed/?filesrc=%2Fhome%2Fclients%2Fbc55d1d9a618a64acfd6a3c258c080a1%2Fweb%2Fwp-content%2Fplugins%2Fdivi-builder%2Fincludes%2Fbuilder%2Ffrontend-builder%2Fi18n%2Fquick-actions.php&path=%2Fhome%2Fclients%2Fbc55d1d9a618a64acfd6a3c258c080a1%2Fweb%2Fwp-content%2Fplugins%2Fdivi-builder%2Fincludes%2Fbuilder%2Ffrontend-builder%2Fi18n HTTP/1.1" 200 5842 "-" "Mozilla/5.0 (compatible; MJ12bot/v1.4.8; http://mj12bot.com/)" reflexologienobilis.ch
2001:41d0:303:839c::1 - - [08/Dec/2025:01:33:02 +0100] "GET /boutique/feed/?path=%2Fhome%2Fclients%2Fbc55d1d9a618a64acfd6a3c258c080a1%2Fweb%2Fwp-content%2Fplugins%2Fdivi-builder%2Fincludes%2Fbuilder%2Fmodule%2Ffield%2Fattribute HTTP/1.1" 200 4419 "-" "Mozilla/5.0 (compatible; MJ12bot/v1.4.8; http://mj12bot.com/)" reflexologienobilis.ch
18.211.148.239 - - [08/Dec/2025:01:33:03 +0100] "GET /consultation-cabinet/?filesrc=/home/clients/bc55d1d9a618a64acfd6a3c258c080a1/web/wp-includes/css/dist/block-library/editor.css&path=/home/clients/bc55d1d9a618a64acfd6a3c258c080a1/web/wp-includes/css/dist/block-library HTTP/1.1" 200 14014 "-" "Mozilla/5.0 AppleWebKit/537.36 (KHTML, like Gecko; compatible; Amazonbot/0.1; +https://developer.amazon.com/support/amazonbot) Chrome/119.0.6045.214 Safari/537.36" reflexologienobilis.ch
2001:41d0:303:839c::1 - - [08/Dec/2025:01:33:05 +0100] "GET /boutique/feed/?path=/home/clients/bc55d1d9a618a64acfd6a3c258c080a1/web/wp-content/plugins/divi-builder/includes/builder/module/field/template HTTP/1.1" 301 8657 "-" "Mozilla/5.0 (compatible; MJ12bot/v1.4.8; http://mj12bot.com/)" reflexologienobilis.ch
2001:41d0:a:1b7d::1 - - [08/Dec/2025:01:33:05 +0100] "GET /boutique/feed/?filesrc=/home/clients/bc55d1d9a618a64acfd6a3c258c080a1/web/wp-content/plugins/divi-builder/includes/builder/frontend-builder/i18n/theme-builder.php&path=/home/clients/bc55d1d9a618a64acfd6a3c258c080a1/web/wp-content/plugins/divi-builder/includes/builder/frontend-builder/i18n HTTP/1.1" 301 15134 "-" "Mozilla/5.0 (compatible; MJ12bot/v1.4.8; http://mj12bot.com/)" reflexologienobilis.ch
2001:41d0:303:839c::1 - - [08/Dec/2025:01:33:08 +0100] "GET /boutique/feed/?path=%2Fhome%2Fclients%2Fbc55d1d9a618a64acfd6a3c258c080a1%2Fweb%2Fwp-content%2Fplugins%2Fdivi-builder%2Fincludes%2Fbuilder%2Fmodule%2Ffield%2Ftemplate HTTP/1.1" 200 4558 "-" "Mozilla/5.0 (compatible; MJ12bot/v1.4.8; http://mj12bot.com/)" reflexologienobilis.ch
2001:41d0:a:1b7d::1 - - [08/Dec/2025:01:33:09 +0100] "GET /boutique/feed/?filesrc=%2Fhome%2Fclients%2Fbc55d1d9a618a64acfd6a3c258c080a1%2Fweb%2Fwp-content%2Fplugins%2Fdivi-builder%2Fincludes%2Fbuilder%2Ffrontend-builder%2Fi18n%2Ftheme-builder.php&path=%2Fhome%2Fclients%2Fbc55d1d9a618a64acfd6a3c258c080a1%2Fweb%2Fwp-content%2Fplugins%2Fdivi-builder%2Fincludes%2Fbuilder%2Ffrontend-builder%2Fi18n HTTP/1.1" 200 6129 "-" "Mozilla/5.0 (compatible; MJ12bot/v1.4.8; http://mj12bot.com/)" reflexologienobilis.ch
18.204.152.114 - - [08/Dec/2025:01:33:07 +0100] "GET /boutique/?filesrc=/home/clients/bc55d1d9a618a64acfd6a3c258c080a1/web/wp-content/themes/Divi/includes/builder/module/type/PostBased.php&path=/home/clients/bc55d1d9a618a64acfd6a3c258c080a1/web/wp-content/themes/Divi/includes/builder/module/type HTTP/1.1" 200 7770 "-" "Mozilla/5.0 AppleWebKit/537.36 (KHTML, like Gecko; compatible; Amazonbot/0.1; +https://developer.amazon.com/support/amazonbot) Chrome/119.0.6045.214 Safari/537.36" reflexologienobilis.ch
2001:41d0:303:839c::1 - - [08/Dec/2025:01:33:10 +0100] "GET /boutique/feed/?path=/home/clients/bc55d1d9a618a64acfd6a3c258c080a1/web/wp-content/plugins/divi-builder/includes/builder/module/helpers&do=newfile HTTP/1.1" 200 2477 "-" "Mozilla/5.0 (compatible; MJ12bot/v1.4.8; http://mj12bot.com/)" reflexologienobilis.ch
23.21.228.180 - - [08/Dec/2025:01:33:11 +0100] "GET /feed/?filesrc=/home/clients/bc55d1d9a618a64acfd6a3c258c080a1/web/wp-includes/Requests/SSL.php&path=/home/clients/bc55d1d9a618a64acfd6a3c258c080a1/web/wp-includes/Requests HTTP/1.1" 301 8142 "-" "Mozilla/5.0 AppleWebKit/537.36 (KHTML, like Gecko; compatible; Amazonbot/0.1; +https://developer.amazon.com/support/amazonbot) Chrome/119.0.6045.214 Safari/537.36" reflexologienobilis.ch
2001:41d0:a:1b7d::1 - - [08/Dec/2025:01:33:12 +0100] "GET /boutique/feed/?filesrc=/home/clients/bc55d1d9a618a64acfd6a3c258c080a1/web/wp-content/plugins/divi-builder/includes/builder/frontend-builder/theme-builder/ThemeBuilderApiErrors.php&path=/home/clients/bc55d1d9a618a64acfd6a3c258c080a1/web/wp-content/plugins/divi-builder/includes/builder/frontend-builder/theme-builder HTTP/1.1" 301 6064 "-" "Mozilla/5.0 (compatible; MJ12bot/v1.4.8; http://mj12bot.com/)" reflexologienobilis.ch
2001:41d0:303:839c::1 - - [08/Dec/2025:01:33:13 +0100] "GET /boutique/feed/?path=/home/clients/bc55d1d9a618a64acfd6a3c258c080a1/web/wp-content/plugins/divi-builder/includes/builder/module/helpers&opt=newfolder HTTP/1.1" 200 2442 "-" "Mozilla/5.0 (compatible; MJ12bot/v1.4.8; http://mj12bot.com/)" reflexologienobilis.ch
52.202.52.82 - - [08/Dec/2025:01:33:13 +0100] "GET /feed/?filesrc=/home/clients/bc55d1d9a618a64acfd6a3c258c080a1/web/wp-includes/Requests/SSL.php&path=/home/clients/bc55d1d9a618a64acfd6a3c258c080a1/web/wp-includes/Requests HTTP/1.1" 301 8142 "-" "Mozilla/5.0 AppleWebKit/537.36 (KHTML, like Gecko; compatible; Amazonbot/0.1; +https://developer.amazon.com/support/amazonbot) Chrome/119.0.6045.214 Safari/537.36" reflexologienobilis.ch
2001:41d0:303:839c::1 - - [08/Dec/2025:01:32:31 +0100] "GET /boutique/feed/?path=/home/clients/bc55d1d9a618a64acfd6a3c258c080a1/web/wp-content/plugins/divi-builder/includes/builder/frontend-builder/build&opt=newfolder HTTP/1.1" 200 2277 "-" "Mozilla/5.0 (compatible; MJ12bot/v1.4.8; http://mj12bot.com/)" reflexologienobilis.ch
2001:41d0:303:839c::1 - - [08/Dec/2025:01:33:15 +0100] "GET /boutique/feed/?path=/home/clients/bc55d1d9a618a64acfd6a3c258c080a1/web/wp-content/plugins/divi-builder/includes/builder/module/helpers/motion HTTP/1.1" 301 13960 "-" "Mozilla/5.0 (compatible; MJ12bot/v1.4.8; http://mj12bot.com/)" reflexologienobilis.ch
2001:41d0:a:1b7d::1 - - [08/Dec/2025:01:33:15 +0100] "GET /boutique/feed/?filesrc=%2Fhome%2Fclients%2Fbc55d1d9a618a64acfd6a3c258c080a1%2Fweb%2Fwp-content%2Fplugins%2Fdivi-builder%2Fincludes%2Fbuilder%2Ffrontend-builder%2Ftheme-builder%2FThemeBuilderApiErrors.php&path=%2Fhome%2Fclients%2Fbc55d1d9a618a64acfd6a3c258c080a1%2Fweb%2Fwp-content%2Fplugins%2Fdivi-builder%2Fincludes%2Fbuilder%2Ffrontend-builder%2Ftheme-builder HTTP/1.1" 200 4620 "-" "Mozilla/5.0 (compatible; MJ12bot/v1.4.8; http://mj12bot.com/)" reflexologienobilis.ch
111.7.100.40 - - [08/Dec/2025:01:33:16 +0100] "GET /images/toggi-arrow.jpg HTTP/1.1" 200 2481008 "-" "curl/7.58.0" reflexologienobilis.ch
54.225.148.123 - - [08/Dec/2025:01:33:15 +0100] "GET /produit/produit_2/?filesrc=/home/clients/bc55d1d9a618a64acfd6a3c258c080a1/web/wp-content/themes/Divi/includes/builder/images/premade.gif&path=/home/clients/bc55d1d9a618a64acfd6a3c258c080a1/web/wp-content/themes/Divi/includes/builder/images HTTP/1.1" 200 8675 "-" "Mozilla/5.0 AppleWebKit/537.36 (KHTML, like Gecko; compatible; Amazonbot/0.1; +https://developer.amazon.com/support/amazonbot) Chrome/119.0.6045.214 Safari/537.36" reflexologienobilis.ch
2001:41d0:303:839c::1 - - [08/Dec/2025:01:33:18 +0100] "GET /boutique/feed/?path=%2Fhome%2Fclients%2Fbc55d1d9a618a64acfd6a3c258c080a1%2Fweb%2Fwp-content%2Fplugins%2Fdivi-builder%2Fincludes%2Fbuilder%2Fmodule%2Fhelpers%2Fmotion HTTP/1.1" 200 4690 "-" "Mozilla/5.0 (compatible; MJ12bot/v1.4.8; http://mj12bot.com/)" reflexologienobilis.ch
18.204.89.56 - - [08/Dec/2025:01:33:19 +0100] "GET /produit/produit_3/?filesrc=/home/clients/bc55d1d9a618a64acfd6a3c258c080a1/web/wp-content/plugins/woocommerce/assets/css/jquery-ui/jquery-ui.min.css&path=/home/clients/bc55d1d9a618a64acfd6a3c258c080a1/web/wp-content/plugins/woocommerce/assets/css/jquery-ui HTTP/1.1" 200 16384 "-" "Mozilla/5.0 AppleWebKit/537.36 (KHTML, like Gecko; compatible; Amazonbot/0.1; +https://developer.amazon.com/support/amazonbot) Chrome/119.0.6045.214 Safari/537.36" reflexologienobilis.ch
2001:1600:4:13:d294:66ff:fe7d:42eb - - [08/Dec/2025:01:33:21 +0100] "POST /wp-cron.php?doing_wp_cron=1765154001.7576889991760253906250 HTTP/1.1" 403 996 "https://reflexologienobilis.ch/wp-cron.php?doing_wp_cron=1765154001.7576889991760253906250" "WordPress/5.1.21; https://reflexologienobilis.ch" reflexologienobilis.ch
2001:41d0:303:839c::1 - - [08/Dec/2025:01:33:20 +0100] "GET /boutique/feed/?path=/home/clients/bc55d1d9a618a64acfd6a3c258c080a1/web/wp-content/plugins/divi-builder/includes/builder/module/settings&do=newfile HTTP/1.1" 301 7522 "-" "Mozilla/5.0 (compatible; MJ12bot/v1.4.8; http://mj12bot.com/)" reflexologienobilis.ch
2001:41d0:a:1b7d::1 - - [08/Dec/2025:01:33:19 +0100] "GET /boutique/feed/?filesrc=/home/clients/bc55d1d9a618a64acfd6a3c258c080a1/web/wp-content/plugins/divi-builder/includes/builder/frontend-builder/theme-builder/ThemeBuilderRequest.php&path=/home/clients/bc55d1d9a618a64acfd6a3c258c080a1/web/wp-content/plugins/divi-builder/includes/builder/frontend-builder/theme-builder HTTP/1.1" 301 17439 "-" "Mozilla/5.0 (compatible; MJ12bot/v1.4.8; http://mj12bot.com/)" reflexologienobilis.ch
2001:41d0:a:1b7d::1 - - [08/Dec/2025:01:33:22 +0100] "GET /boutique/feed/?filesrc=%2Fhome%2Fclients%2Fbc55d1d9a618a64acfd6a3c258c080a1%2Fweb%2Fwp-content%2Fplugins%2Fdivi-builder%2Fincludes%2Fbuilder%2Ffrontend-builder%2Ftheme-builder%2FThemeBuilderRequest.php&path=%2Fhome%2Fclients%2Fbc55d1d9a618a64acfd6a3c258c080a1%2Fweb%2Fwp-content%2Fplugins%2Fdivi-builder%2Fincludes%2Fbuilder%2Ffrontend-builder%2Ftheme-builder HTTP/1.1" 200 7446 "-" "Mozilla/5.0 (compatible; MJ12bot/v1.4.8; http://mj12bot.com/)" reflexologienobilis.ch
2001:41d0:303:839c::1 - - [08/Dec/2025:01:33:23 +0100] "GET /boutique/feed/?path=%2Fhome%2Fclients%2Fbc55d1d9a618a64acfd6a3c258c080a1%2Fweb%2Fwp-content%2Fplugins%2Fdivi-builder%2Fincludes%2Fbuilder%2Fmodule%2Fsettings&do=newfile HTTP/1.1" 200 4628 "-" "Mozilla/5.0 (compatible; MJ12bot/v1.4.8; http://mj12bot.com/)" reflexologienobilis.ch
54.84.161.62 - - [08/Dec/2025:01:33:23 +0100] "GET /produit/produit_3/?filesrc=/home/clients/bc55d1d9a618a64acfd6a3c258c080a1/web/wp-content/plugins/divi-builder/includes/builder/languages/uk.mo&path=/home/clients/bc55d1d9a618a64acfd6a3c258c080a1/web/wp-content/plugins/divi-builder/includes/builder/languages HTTP/1.1" 200 8972 "-" "Mozilla/5.0 AppleWebKit/537.36 (KHTML, like Gecko; compatible; Amazonbot/0.1; +https://developer.amazon.com/support/amazonbot) Chrome/119.0.6045.214 Safari/537.36" reflexologienobilis.ch
2001:41d0:303:839c::1 - - [08/Dec/2025:01:33:25 +0100] "GET /boutique/feed/?path=/home/clients/bc55d1d9a618a64acfd6a3c258c080a1/web/wp-content/plugins/divi-builder/includes/builder/module/settings&opt=newfolder HTTP/1.1" 301 7418 "-" "Mozilla/5.0 (compatible; MJ12bot/v1.4.8; http://mj12bot.com/)" reflexologienobilis.ch
2001:41d0:a:1b7d::1 - - [08/Dec/2025:01:33:26 +0100] "GET /boutique/feed/?filesrc=/home/clients/bc55d1d9a618a64acfd6a3c258c080a1/web/wp-content/plugins/divi-builder/includes/builder/frontend-builder/theme-builder/WoocommerceProductVariablePlaceholder.php&path=/home/clients/bc55d1d9a618a64acfd6a3c258c080a1/web/wp-content/plugins/divi-builder/includes/builder/frontend-builder/theme-builder HTTP/1.1" 301 13860 "-" "Mozilla/5.0 (compatible; MJ12bot/v1.4.8; http://mj12bot.com/)" reflexologienobilis.ch
