2001:41d0:a:1b7d::1 - - [08/Dec/2025:01:25:32 +0100] "GET /boutique/feed/?filesrc=/home/clients/bc55d1d9a618a64acfd6a3c258c080a1/web/wp-content/plugins/divi-builder/core/admin/images/epanel/custom_hsb_s.png&path=/home/clients/bc55d1d9a618a64acfd6a3c258c080a1/web/wp-content/plugins/divi-builder/core/admin/images/epanel HTTP/1.1" 301 4903 "-" "Mozilla/5.0 (compatible; MJ12bot/v1.4.8; http://mj12bot.com/)" reflexologienobilis.ch
74.7.242.16 - - [08/Dec/2025:01:25:34 +0100] "GET /contact/?filesrc=/home/clients/bc55d1d9a618a64acfd6a3c258c080a1/web/wp-content/plugins/woo-gutenberg-products-block/build/featured-category.js&path=/home/clients/bc55d1d9a618a64acfd6a3c258c080a1/web/wp-content/plugins/woo-gutenberg-products-block/build HTTP/1.1" 200 154146 "-" "Mozilla/5.0 AppleWebKit/537.36 (KHTML, like Gecko; compatible; GPTBot/1.3; +https://openai.com/gptbot)" reflexologienobilis.ch
23.21.148.226 - - [08/Dec/2025:01:25:35 +0100] "GET /2017/02/?filesrc=/home/clients/bc55d1d9a618a64acfd6a3c258c080a1/web/wp-admin/images/bubble_bg-2x.gif&path=/home/clients/bc55d1d9a618a64acfd6a3c258c080a1/web/wp-admin/images HTTP/1.1" 200 6710 "-" "Mozilla/5.0 AppleWebKit/537.36 (KHTML, like Gecko; compatible; Amazonbot/0.1; +https://developer.amazon.com/support/amazonbot) Chrome/119.0.6045.214 Safari/537.36" reflexologienobilis.ch
74.7.242.16 - - [08/Dec/2025:01:25:36 +0100] "GET /contact/?filesrc=/home/clients/bc55d1d9a618a64acfd6a3c258c080a1/web/wp-content/plugins/woo-gutenberg-products-block/build/reviews-by-category.js&path=/home/clients/bc55d1d9a618a64acfd6a3c258c080a1/web/wp-content/plugins/woo-gutenberg-products-block/build HTTP/1.1" 200 20715 "-" "Mozilla/5.0 AppleWebKit/537.36 (KHTML, like Gecko; compatible; GPTBot/1.3; +https://openai.com/gptbot)" reflexologienobilis.ch
2001:41d0:a:1b7d::1 - - [08/Dec/2025:01:25:36 +0100] "GET /boutique/feed/?filesrc=%2Fhome%2Fclients%2Fbc55d1d9a618a64acfd6a3c258c080a1%2Fweb%2Fwp-content%2Fplugins%2Fdivi-builder%2Fcore%2Fadmin%2Fimages%2Fepanel%2Fcustom_hsb_s.png&path=%2Fhome%2Fclients%2Fbc55d1d9a618a64acfd6a3c258c080a1%2Fweb%2Fwp-content%2Fplugins%2Fdivi-builder%2Fcore%2Fadmin%2Fimages%2Fepanel HTTP/1.1" 200 4219 "-" "Mozilla/5.0 (compatible; MJ12bot/v1.4.8; http://mj12bot.com/)" reflexologienobilis.ch
74.7.242.16 - - [08/Dec/2025:01:25:38 +0100] "GET /contact/?filesrc=/home/clients/bc55d1d9a618a64acfd6a3c258c080a1/web/wp-content/plugins/woo-gutenberg-products-block/build/reviews-by-product-legacy.deps.json&path=/home/clients/bc55d1d9a618a64acfd6a3c258c080a1/web/wp-content/plugins/woo-gutenberg-products-block/build HTTP/1.1" 200 8300 "-" "Mozilla/5.0 AppleWebKit/537.36 (KHTML, like Gecko; compatible; GPTBot/1.3; +https://openai.com/gptbot)" reflexologienobilis.ch
74.7.242.16 - - [08/Dec/2025:01:25:40 +0100] "GET /contact/?filesrc=/home/clients/bc55d1d9a618a64acfd6a3c258c080a1/web/wp-content/plugins/woo-gutenberg-products-block/build/featured-product.deps.json&path=/home/clients/bc55d1d9a618a64acfd6a3c258c080a1/web/wp-content/plugins/woo-gutenberg-products-block/build HTTP/1.1" 200 8297 "-" "Mozilla/5.0 AppleWebKit/537.36 (KHTML, like Gecko; compatible; GPTBot/1.3; +https://openai.com/gptbot)" reflexologienobilis.ch
54.209.100.30 - - [08/Dec/2025:01:25:40 +0100] "GET /boutique/?filesrc=/home/clients/bc55d1d9a618a64acfd6a3c258c080a1/web/wp-content/plugins/yith-woocommerce-catalog-mode/plugin-fw/templates/fields/ajax-posts.php&path=/home/clients/bc55d1d9a618a64acfd6a3c258c080a1/web/wp-content/plugins/yith-woocommerce-catalog-mode/plugin-fw/templates/fields HTTP/1.1" 200 8037 "-" "Mozilla/5.0 AppleWebKit/537.36 (KHTML, like Gecko; compatible; Amazonbot/0.1; +https://developer.amazon.com/support/amazonbot) Chrome/119.0.6045.214 Safari/537.36" reflexologienobilis.ch
2001:41d0:a:1b7d::1 - - [08/Dec/2025:01:25:41 +0100] "GET /boutique/feed/?filesrc=/home/clients/bc55d1d9a618a64acfd6a3c258c080a1/web/wp-content/plugins/divi-builder/core/admin/images/epanel/custom_indic.gif&path=/home/clients/bc55d1d9a618a64acfd6a3c258c080a1/web/wp-content/plugins/divi-builder/core/admin/images/epanel HTTP/1.1" 301 4903 "-" "Mozilla/5.0 (compatible; MJ12bot/v1.4.8; http://mj12bot.com/)" reflexologienobilis.ch
74.7.242.16 - - [08/Dec/2025:01:25:42 +0100] "GET /contact/?filesrc=/home/clients/bc55d1d9a618a64acfd6a3c258c080a1/web/wp-content/plugins/woo-gutenberg-products-block/build/product-top-rated.deps.json&path=/home/clients/bc55d1d9a618a64acfd6a3c258c080a1/web/wp-content/plugins/woo-gutenberg-products-block/build HTTP/1.1" 200 8288 "-" "Mozilla/5.0 AppleWebKit/537.36 (KHTML, like Gecko; compatible; GPTBot/1.3; +https://openai.com/gptbot)" reflexologienobilis.ch
100.29.164.178 - - [08/Dec/2025:01:25:44 +0100] "GET /consultation-cabinet/?filesrc=/home/clients/bc55d1d9a618a64acfd6a3c258c080a1/web/wp-includes/css/dist/format-library/index.php&path=/home/clients/bc55d1d9a618a64acfd6a3c258c080a1/web/wp-includes/css/dist/format-library HTTP/1.1" 200 11418 "-" "Mozilla/5.0 AppleWebKit/537.36 (KHTML, like Gecko; compatible; Amazonbot/0.1; +https://developer.amazon.com/support/amazonbot) Chrome/119.0.6045.214 Safari/537.36" reflexologienobilis.ch
74.7.242.16 - - [08/Dec/2025:01:25:44 +0100] "GET /contact/?act=download&dir=/home/clients/bc55d1d9a618a64acfd6a3c258c080a1/web/wp-content/plugins/woo-gutenberg-products-block/build&file=/home/clients/bc55d1d9a618a64acfd6a3c258c080a1/web/wp-content/plugins/woo-gutenberg-products-block/build/product-on-sale-legacy.deps.json HTTP/1.1" 200 261 "-" "Mozilla/5.0 AppleWebKit/537.36 (KHTML, like Gecko; compatible; GPTBot/1.3; +https://openai.com/gptbot)" reflexologienobilis.ch
2001:41d0:a:1b7d::1 - - [08/Dec/2025:01:25:45 +0100] "GET /boutique/feed/?filesrc=%2Fhome%2Fclients%2Fbc55d1d9a618a64acfd6a3c258c080a1%2Fweb%2Fwp-content%2Fplugins%2Fdivi-builder%2Fcore%2Fadmin%2Fimages%2Fepanel%2Fcustom_indic.gif&path=%2Fhome%2Fclients%2Fbc55d1d9a618a64acfd6a3c258c080a1%2Fweb%2Fwp-content%2Fplugins%2Fdivi-builder%2Fcore%2Fadmin%2Fimages%2Fepanel HTTP/1.1" 200 4218 "-" "Mozilla/5.0 (compatible; MJ12bot/v1.4.8; http://mj12bot.com/)" reflexologienobilis.ch
74.7.242.16 - - [08/Dec/2025:01:25:45 +0100] "GET /contact/?filesrc=/home/clients/bc55d1d9a618a64acfd6a3c258c080a1/web/wp-content/plugins/woo-gutenberg-products-block/build/product-categories-legacy.deps.json&path=/home/clients/bc55d1d9a618a64acfd6a3c258c080a1/web/wp-content/plugins/woo-gutenberg-products-block/build HTTP/1.1" 200 8223 "-" "Mozilla/5.0 AppleWebKit/537.36 (KHTML, like Gecko; compatible; GPTBot/1.3; +https://openai.com/gptbot)" reflexologienobilis.ch
74.7.242.16 - - [08/Dec/2025:01:25:47 +0100] "GET /contact/?filesrc=/home/clients/bc55d1d9a618a64acfd6a3c258c080a1/web/wp-content/plugins/woo-gutenberg-products-block/build/product-new-legacy.deps.json&path=/home/clients/bc55d1d9a618a64acfd6a3c258c080a1/web/wp-content/plugins/woo-gutenberg-products-block/build HTTP/1.1" 200 8284 "-" "Mozilla/5.0 AppleWebKit/537.36 (KHTML, like Gecko; compatible; GPTBot/1.3; +https://openai.com/gptbot)" reflexologienobilis.ch
3.221.222.168 - - [08/Dec/2025:01:25:48 +0100] "GET /contact/?act=download&dir=/home/clients/bc55d1d9a618a64acfd6a3c258c080a1/web/wp-content/plugins/instant-images/dist/css/jquery3&file=/home/clients/bc55d1d9a618a64acfd6a3c258c080a1/web/wp-content/plugins/instant-images/dist/css/jquery3/index.php HTTP/1.1" 200 1973 "-" "Mozilla/5.0 AppleWebKit/537.36 (KHTML, like Gecko; compatible; Amazonbot/0.1; +https://developer.amazon.com/support/amazonbot) Chrome/119.0.6045.214 Safari/537.36" reflexologienobilis.ch
2a03:2880:f804:22:: - - [08/Dec/2025:01:25:46 +0100] "GET /?p=2996539239 HTTP/1.1" 404 62758 "-" "meta-externalagent/1.1 (+https://developers.facebook.com/docs/sharing/webmasters/crawler)" reflexologienobilis.ch
2001:41d0:a:1b7d::1 - - [08/Dec/2025:01:25:48 +0100] "GET /boutique/feed/?filesrc=/home/clients/bc55d1d9a618a64acfd6a3c258c080a1/web/wp-content/plugins/divi-builder/core/admin/images/epanel/custom_rgb_r.png&path=/home/clients/bc55d1d9a618a64acfd6a3c258c080a1/web/wp-content/plugins/divi-builder/core/admin/images/epanel HTTP/1.1" 301 4903 "-" "Mozilla/5.0 (compatible; MJ12bot/v1.4.8; http://mj12bot.com/)" reflexologienobilis.ch
74.7.242.16 - - [08/Dec/2025:01:25:48 +0100] "GET /contact/?filesrc=/home/clients/bc55d1d9a618a64acfd6a3c258c080a1/web/wp-content/plugins/woo-gutenberg-products-block/build/reviews-by-product.deps.json&path=/home/clients/bc55d1d9a618a64acfd6a3c258c080a1/web/wp-content/plugins/woo-gutenberg-products-block/build HTTP/1.1" 200 8298 "-" "Mozilla/5.0 AppleWebKit/537.36 (KHTML, like Gecko; compatible; GPTBot/1.3; +https://openai.com/gptbot)" reflexologienobilis.ch
74.7.242.16 - - [08/Dec/2025:01:25:50 +0100] "GET /contact/?filesrc=/home/clients/bc55d1d9a618a64acfd6a3c258c080a1/web/wp-content/plugins/woo-gutenberg-products-block/build/product-categories.deps.json&path=/home/clients/bc55d1d9a618a64acfd6a3c258c080a1/web/wp-content/plugins/woo-gutenberg-products-block/build HTTP/1.1" 200 8219 "-" "Mozilla/5.0 AppleWebKit/537.36 (KHTML, like Gecko; compatible; GPTBot/1.3; +https://openai.com/gptbot)" reflexologienobilis.ch
2001:41d0:a:1b7d::1 - - [08/Dec/2025:01:25:52 +0100] "GET /boutique/feed/?filesrc=%2Fhome%2Fclients%2Fbc55d1d9a618a64acfd6a3c258c080a1%2Fweb%2Fwp-content%2Fplugins%2Fdivi-builder%2Fcore%2Fadmin%2Fimages%2Fepanel%2Fcustom_rgb_r.png&path=%2Fhome%2Fclients%2Fbc55d1d9a618a64acfd6a3c258c080a1%2Fweb%2Fwp-content%2Fplugins%2Fdivi-builder%2Fcore%2Fadmin%2Fimages%2Fepanel HTTP/1.1" 200 4221 "-" "Mozilla/5.0 (compatible; MJ12bot/v1.4.8; http://mj12bot.com/)" reflexologienobilis.ch
74.7.242.16 - - [08/Dec/2025:01:25:52 +0100] "GET /contact/?filesrc=/home/clients/bc55d1d9a618a64acfd6a3c258c080a1/web/wp-content/plugins/woo-gutenberg-products-block/build/product-best-sellers-legacy.deps.json&path=/home/clients/bc55d1d9a618a64acfd6a3c258c080a1/web/wp-content/plugins/woo-gutenberg-products-block/build HTTP/1.1" 200 8291 "-" "Mozilla/5.0 AppleWebKit/537.36 (KHTML, like Gecko; compatible; GPTBot/1.3; +https://openai.com/gptbot)" reflexologienobilis.ch
34.234.200.207 - - [08/Dec/2025:01:25:52 +0100] "GET /categorie-produit/en-vente-au-magasin/?filesrc=/home/clients/bc55d1d9a618a64acfd6a3c258c080a1/web/wp-content/plugins/woocommerce/assets/css/marketplace-suggestions.scss&path=/home/clients/bc55d1d9a618a64acfd6a3c258c080a1/web/wp-content/plugins/woocommerce/assets/css HTTP/1.1" 200 8075 "-" "Mozilla/5.0 AppleWebKit/537.36 (KHTML, like Gecko; compatible; Amazonbot/0.1; +https://developer.amazon.com/support/amazonbot) Chrome/119.0.6045.214 Safari/537.36" reflexologienobilis.ch
74.7.242.16 - - [08/Dec/2025:01:25:54 +0100] "GET /contact/?filesrc=/home/clients/bc55d1d9a618a64acfd6a3c258c080a1/web/wp-content/plugins/woo-gutenberg-products-block/build/featured-product-legacy.deps.json&path=/home/clients/bc55d1d9a618a64acfd6a3c258c080a1/web/wp-content/plugins/woo-gutenberg-products-block/build HTTP/1.1" 200 8301 "-" "Mozilla/5.0 AppleWebKit/537.36 (KHTML, like Gecko; compatible; GPTBot/1.3; +https://openai.com/gptbot)" reflexologienobilis.ch
2001:41d0:a:1b7d::1 - - [08/Dec/2025:01:25:55 +0100] "GET /boutique/feed/?filesrc=/home/clients/bc55d1d9a618a64acfd6a3c258c080a1/web/wp-content/plugins/divi-builder/core/admin/images/epanel/custom_submit.png&path=/home/clients/bc55d1d9a618a64acfd6a3c258c080a1/web/wp-content/plugins/divi-builder/core/admin/images/epanel HTTP/1.1" 301 4905 "-" "Mozilla/5.0 (compatible; MJ12bot/v1.4.8; http://mj12bot.com/)" reflexologienobilis.ch
74.7.242.16 - - [08/Dec/2025:01:25:56 +0100] "GET /contact/?filesrc=/home/clients/bc55d1d9a618a64acfd6a3c258c080a1/web/wp-content/plugins/woo-gutenberg-products-block/build/product-best-sellers.deps.json&path=/home/clients/bc55d1d9a618a64acfd6a3c258c080a1/web/wp-content/plugins/woo-gutenberg-products-block/build HTTP/1.1" 200 8290 "-" "Mozilla/5.0 AppleWebKit/537.36 (KHTML, like Gecko; compatible; GPTBot/1.3; +https://openai.com/gptbot)" reflexologienobilis.ch
54.84.102.81 - - [08/Dec/2025:01:25:56 +0100] "GET /services/?opt=newfolder&path=/home/clients/bc55d1d9a618a64acfd6a3c258c080a1/web/wp-content/plugins/woocommerce/packages/woocommerce-blocks/vendor/automattic/jetpack-autoloader HTTP/1.1" 200 12908 "-" "Mozilla/5.0 AppleWebKit/537.36 (KHTML, like Gecko; compatible; Amazonbot/0.1; +https://developer.amazon.com/support/amazonbot) Chrome/119.0.6045.214 Safari/537.36" reflexologienobilis.ch
74.7.242.16 - - [08/Dec/2025:01:25:59 +0100] "GET /contact/?filesrc=/home/clients/bc55d1d9a618a64acfd6a3c258c080a1/web/wp-content/plugins/woo-gutenberg-products-block/build/product-top-rated-legacy.deps.json&path=/home/clients/bc55d1d9a618a64acfd6a3c258c080a1/web/wp-content/plugins/woo-gutenberg-products-block/build HTTP/1.1" 200 8288 "-" "Mozilla/5.0 AppleWebKit/537.36 (KHTML, like Gecko; compatible; GPTBot/1.3; +https://openai.com/gptbot)" reflexologienobilis.ch
44.205.74.196 - - [08/Dec/2025:01:26:00 +0100] "GET /consultation-cabinet/?do=newfile&path=/home/clients/bc55d1d9a618a64acfd6a3c258c080a1/web/wp-content/plugins/woocommerce/assets/images HTTP/1.1" 200 9872 "-" "Mozilla/5.0 AppleWebKit/537.36 (KHTML, like Gecko; compatible; Amazonbot/0.1; +https://developer.amazon.com/support/amazonbot) Chrome/119.0.6045.214 Safari/537.36" reflexologienobilis.ch
2001:41d0:a:1b7d::1 - - [08/Dec/2025:01:26:01 +0100] "GET /boutique/feed/?filesrc=%2Fhome%2Fclients%2Fbc55d1d9a618a64acfd6a3c258c080a1%2Fweb%2Fwp-content%2Fplugins%2Fdivi-builder%2Fcore%2Fadmin%2Fimages%2Fepanel%2Fcustom_submit.png&path=%2Fhome%2Fclients%2Fbc55d1d9a618a64acfd6a3c258c080a1%2Fweb%2Fwp-content%2Fplugins%2Fdivi-builder%2Fcore%2Fadmin%2Fimages%2Fepanel HTTP/1.1" 200 4218 "-" "Mozilla/5.0 (compatible; MJ12bot/v1.4.8; http://mj12bot.com/)" reflexologienobilis.ch
74.7.242.16 - - [08/Dec/2025:01:26:02 +0100] "GET /contact/?filesrc=/home/clients/bc55d1d9a618a64acfd6a3c258c080a1/web/wp-content/plugins/woo-gutenberg-products-block/build/wc-blocks-registry.deps.json&path=/home/clients/bc55d1d9a618a64acfd6a3c258c080a1/web/wp-content/plugins/woo-gutenberg-products-block/build HTTP/1.1" 200 8176 "-" "Mozilla/5.0 AppleWebKit/537.36 (KHTML, like Gecko; compatible; GPTBot/1.3; +https://openai.com/gptbot)" reflexologienobilis.ch
111.7.100.41 - - [08/Dec/2025:01:26:04 +0100] "GET /images/toggi-arrow.jpg HTTP/1.1" 200 2481008 "-" "curl/7.58.0" reflexologienobilis.ch
74.7.242.16 - - [08/Dec/2025:01:26:05 +0100] "GET /contact/?filesrc=/home/clients/bc55d1d9a618a64acfd6a3c258c080a1/web/wp-content/plugins/woo-gutenberg-products-block/build/reviews-frontend-legacy.deps.json&path=/home/clients/bc55d1d9a618a64acfd6a3c258c080a1/web/wp-content/plugins/woo-gutenberg-products-block/build HTTP/1.1" 200 8227 "-" "Mozilla/5.0 AppleWebKit/537.36 (KHTML, like Gecko; compatible; GPTBot/1.3; +https://openai.com/gptbot)" reflexologienobilis.ch
54.84.147.79 - - [08/Dec/2025:01:26:04 +0100] "GET /produit/produit_1/?filesrc=/home/clients/bc55d1d9a618a64acfd6a3c258c080a1/web/wp-content/plugins/woocommerce/templates/order/cssjs/index.php&path=/home/clients/bc55d1d9a618a64acfd6a3c258c080a1/web/wp-content/plugins/woocommerce/templates/order/cssjs HTTP/1.1" 200 11095 "-" "Mozilla/5.0 AppleWebKit/537.36 (KHTML, like Gecko; compatible; Amazonbot/0.1; +https://developer.amazon.com/support/amazonbot) Chrome/119.0.6045.214 Safari/537.36" reflexologienobilis.ch
2001:41d0:a:1b7d::1 - - [08/Dec/2025:01:26:07 +0100] "GET /boutique/feed/?filesrc=/home/clients/bc55d1d9a618a64acfd6a3c258c080a1/web/wp-content/plugins/divi-builder/core/admin/images/epanel/postinfo-author.gif&path=/home/clients/bc55d1d9a618a64acfd6a3c258c080a1/web/wp-content/plugins/divi-builder/core/admin/images/epanel HTTP/1.1" 301 4909 "-" "Mozilla/5.0 (compatible; MJ12bot/v1.4.8; http://mj12bot.com/)" reflexologienobilis.ch
74.7.242.16 - - [08/Dec/2025:01:26:07 +0100] "GET /contact/?filesrc=/home/clients/bc55d1d9a618a64acfd6a3c258c080a1/web/wp-content/plugins/woo-gutenberg-products-block/build/handpicked-products.deps.json&path=/home/clients/bc55d1d9a618a64acfd6a3c258c080a1/web/wp-content/plugins/woo-gutenberg-products-block/build HTTP/1.1" 200 8286 "-" "Mozilla/5.0 AppleWebKit/537.36 (KHTML, like Gecko; compatible; GPTBot/1.3; +https://openai.com/gptbot)" reflexologienobilis.ch
23.22.59.87 - - [08/Dec/2025:01:26:08 +0100] "GET /produit/produit_1/?filesrc=/home/clients/bc55d1d9a618a64acfd6a3c258c080a1/web/wp-content/plugins/divi-builder/includes/builder/languages/tl.mo&path=/home/clients/bc55d1d9a618a64acfd6a3c258c080a1/web/wp-content/plugins/divi-builder/includes/builder/languages HTTP/1.1" 200 10167 "-" "Mozilla/5.0 AppleWebKit/537.36 (KHTML, like Gecko; compatible; Amazonbot/0.1; +https://developer.amazon.com/support/amazonbot) Chrome/119.0.6045.214 Safari/537.36" reflexologienobilis.ch
74.7.242.16 - - [08/Dec/2025:01:26:11 +0100] "GET /contact/?filesrc=/home/clients/bc55d1d9a618a64acfd6a3c258c080a1/web/wp-content/plugins/woo-gutenberg-products-block/build/products-by-attribute.deps.json&path=/home/clients/bc55d1d9a618a64acfd6a3c258c080a1/web/wp-content/plugins/woo-gutenberg-products-block/build HTTP/1.1" 200 8286 "-" "Mozilla/5.0 AppleWebKit/537.36 (KHTML, like Gecko; compatible; GPTBot/1.3; +https://openai.com/gptbot)" reflexologienobilis.ch
2001:41d0:a:1b7d::1 - - [08/Dec/2025:01:26:12 +0100] "GET /boutique/feed/?filesrc=%2Fhome%2Fclients%2Fbc55d1d9a618a64acfd6a3c258c080a1%2Fweb%2Fwp-content%2Fplugins%2Fdivi-builder%2Fcore%2Fadmin%2Fimages%2Fepanel%2Fpostinfo-author.gif&path=%2Fhome%2Fclients%2Fbc55d1d9a618a64acfd6a3c258c080a1%2Fweb%2Fwp-content%2Fplugins%2Fdivi-builder%2Fcore%2Fadmin%2Fimages%2Fepanel HTTP/1.1" 200 4222 "-" "Mozilla/5.0 (compatible; MJ12bot/v1.4.8; http://mj12bot.com/)" reflexologienobilis.ch
74.7.242.16 - - [08/Dec/2025:01:26:13 +0100] "GET /contact/?filesrc=/home/clients/bc55d1d9a618a64acfd6a3c258c080a1/web/wp-content/plugins/woo-gutenberg-products-block/build/handpicked-products-legacy.deps.json&path=/home/clients/bc55d1d9a618a64acfd6a3c258c080a1/web/wp-content/plugins/woo-gutenberg-products-block/build HTTP/1.1" 200 8289 "-" "Mozilla/5.0 AppleWebKit/537.36 (KHTML, like Gecko; compatible; GPTBot/1.3; +https://openai.com/gptbot)" reflexologienobilis.ch
54.210.155.69 - - [08/Dec/2025:01:26:13 +0100] "GET /produit/produit_3/?filesrc=/home/clients/bc55d1d9a618a64acfd6a3c258c080a1/web/wp-content/plugins/divi-builder/includes/builder/languages/th.mo&path=/home/clients/bc55d1d9a618a64acfd6a3c258c080a1/web/wp-content/plugins/divi-builder/includes/builder/languages HTTP/1.1" 200 8973 "-" "Mozilla/5.0 AppleWebKit/537.36 (KHTML, like Gecko; compatible; Amazonbot/0.1; +https://developer.amazon.com/support/amazonbot) Chrome/119.0.6045.214 Safari/537.36" reflexologienobilis.ch
74.7.242.16 - - [08/Dec/2025:01:26:15 +0100] "GET /contact/?filesrc=/home/clients/bc55d1d9a618a64acfd6a3c258c080a1/web/wp-content/plugins/woo-gutenberg-products-block/build/all-products-frontend.deps.json&path=/home/clients/bc55d1d9a618a64acfd6a3c258c080a1/web/wp-content/plugins/woo-gutenberg-products-block/build HTTP/1.1" 200 8252 "-" "Mozilla/5.0 AppleWebKit/537.36 (KHTML, like Gecko; compatible; GPTBot/1.3; +https://openai.com/gptbot)" reflexologienobilis.ch
52.44.174.136 - - [08/Dec/2025:01:26:15 +0100] "GET /reflexologie-amerindienne/?do=newfile&path=/home/clients/bc55d1d9a618a64acfd6a3c258c080a1/web/wp-content/plugins/woocommerce/includes/import HTTP/1.1" 200 7468 "-" "Mozilla/5.0 AppleWebKit/537.36 (KHTML, like Gecko; compatible; Amazonbot/0.1; +https://developer.amazon.com/support/amazonbot) Chrome/119.0.6045.214 Safari/537.36" reflexologienobilis.ch
2001:41d0:a:1b7d::1 - - [08/Dec/2025:01:26:16 +0100] "GET /boutique/feed/?filesrc=/home/clients/bc55d1d9a618a64acfd6a3c258c080a1/web/wp-content/plugins/divi-builder/core/admin/images/epanel/postinfo-categories.gif&path=/home/clients/bc55d1d9a618a64acfd6a3c258c080a1/web/wp-content/plugins/divi-builder/core/admin/images/epanel HTTP/1.1" 301 4917 "-" "Mozilla/5.0 (compatible; MJ12bot/v1.4.8; http://mj12bot.com/)" reflexologienobilis.ch
74.7.242.16 - - [08/Dec/2025:01:26:16 +0100] "GET /contact/?filesrc=/home/clients/bc55d1d9a618a64acfd6a3c258c080a1/web/wp-content/plugins/woo-gutenberg-products-block/build/products-by-attribute-legacy.deps.json&path=/home/clients/bc55d1d9a618a64acfd6a3c258c080a1/web/wp-content/plugins/woo-gutenberg-products-block/build HTTP/1.1" 200 8289 "-" "Mozilla/5.0 AppleWebKit/537.36 (KHTML, like Gecko; compatible; GPTBot/1.3; +https://openai.com/gptbot)" reflexologienobilis.ch
2001:1600:4:13:d294:66ff:fe7d:42eb - - [08/Dec/2025:01:26:19 +0100] "POST /wp-cron.php?doing_wp_cron=1765153579.1416831016540527343750 HTTP/1.1" 403 996 "https://reflexologienobilis.ch/wp-cron.php?doing_wp_cron=1765153579.1416831016540527343750" "WordPress/5.1.21; https://reflexologienobilis.ch" reflexologienobilis.ch
74.7.242.16 - - [08/Dec/2025:01:26:18 +0100] "GET /contact/?filesrc=/home/clients/bc55d1d9a618a64acfd6a3c258c080a1/web/wp-content/plugins/woo-gutenberg-products-block/build/active-filters-frontend.deps.json&path=/home/clients/bc55d1d9a618a64acfd6a3c258c080a1/web/wp-content/plugins/woo-gutenberg-products-block/build HTTP/1.1" 200 8244 "-" "Mozilla/5.0 AppleWebKit/537.36 (KHTML, like Gecko; compatible; GPTBot/1.3; +https://openai.com/gptbot)" reflexologienobilis.ch
74.7.242.16 - - [08/Dec/2025:01:26:19 +0100] "GET /contact/?filesrc=/home/clients/bc55d1d9a618a64acfd6a3c258c080a1/web/wp-content/plugins/woo-gutenberg-products-block/build/all-reviews-legacy.deps.json&path=/home/clients/bc55d1d9a618a64acfd6a3c258c080a1/web/wp-content/plugins/woo-gutenberg-products-block/build HTTP/1.1" 200 8253 "-" "Mozilla/5.0 AppleWebKit/537.36 (KHTML, like Gecko; compatible; GPTBot/1.3; +https://openai.com/gptbot)" reflexologienobilis.ch
34.225.24.180 - - [08/Dec/2025:01:26:20 +0100] "GET /produit/produit_1/?filesrc=/home/clients/bc55d1d9a618a64acfd6a3c258c080a1/web/wp-content/themes/Divi/core/admin/js/core.js&path=/home/clients/bc55d1d9a618a64acfd6a3c258c080a1/web/wp-content/themes/Divi/core/admin/js HTTP/1.1" 200 11641 "-" "Mozilla/5.0 AppleWebKit/537.36 (KHTML, like Gecko; compatible; Amazonbot/0.1; +https://developer.amazon.com/support/amazonbot) Chrome/119.0.6045.214 Safari/537.36" reflexologienobilis.ch
2001:41d0:a:1b7d::1 - - [08/Dec/2025:01:26:20 +0100] "GET /boutique/feed/?filesrc=%2Fhome%2Fclients%2Fbc55d1d9a618a64acfd6a3c258c080a1%2Fweb%2Fwp-content%2Fplugins%2Fdivi-builder%2Fcore%2Fadmin%2Fimages%2Fepanel%2Fpostinfo-categories.gif&path=%2Fhome%2Fclients%2Fbc55d1d9a618a64acfd6a3c258c080a1%2Fweb%2Fwp-content%2Fplugins%2Fdivi-builder%2Fcore%2Fadmin%2Fimages%2Fepanel HTTP/1.1" 200 4225 "-" "Mozilla/5.0 (compatible; MJ12bot/v1.4.8; http://mj12bot.com/)" reflexologienobilis.ch
74.7.242.16 - - [08/Dec/2025:01:26:21 +0100] "GET /contact/?filesrc=/home/clients/bc55d1d9a618a64acfd6a3c258c080a1/web/wp-content/plugins/woo-gutenberg-products-block/build/reviews-frontend.deps.json&path=/home/clients/bc55d1d9a618a64acfd6a3c258c080a1/web/wp-content/plugins/woo-gutenberg-products-block/build HTTP/1.1" 200 8223 "-" "Mozilla/5.0 AppleWebKit/537.36 (KHTML, like Gecko; compatible; GPTBot/1.3; +https://openai.com/gptbot)" reflexologienobilis.ch
74.7.242.16 - - [08/Dec/2025:01:26:23 +0100] "GET /contact/?filesrc=/home/clients/bc55d1d9a618a64acfd6a3c258c080a1/web/wp-content/plugins/woo-gutenberg-products-block/src/Package.php&path=/home/clients/bc55d1d9a618a64acfd6a3c258c080a1/web/wp-content/plugins/woo-gutenberg-products-block/src HTTP/1.1" 200 8961 "-" "Mozilla/5.0 AppleWebKit/537.36 (KHTML, like Gecko; compatible; GPTBot/1.3; +https://openai.com/gptbot)" reflexologienobilis.ch
173.208.176.202 - - [08/Dec/2025:01:25:27 +0100] "GET /wp-includes/ad9d00da/index.php?id=917455 HTTP/1.1" 200 25 "https://reflexologienobilis.ch/wp-includes/ad9d00da/index.php?id=917455" "Mozilla/5.0 (Windows NT 10.0; Win64; x64) AppleWebKit/537.36 (KHTML, like Gecko) Chrome/58.0.3029.110 Safari/537.3" reflexologienobilis.ch
54.159.98.248 - - [08/Dec/2025:01:26:23 +0100] "GET /category/reflexologie/?filesrc=/home/clients/bc55d1d9a618a64acfd6a3c258c080a1/web/wp-admin/includes/class-wp-filesystem-direct.php&path=/home/clients/bc55d1d9a618a64acfd6a3c258c080a1/web/wp-admin/includes HTTP/1.1" 200 9402 "-" "Mozilla/5.0 AppleWebKit/537.36 (KHTML, like Gecko; compatible; Amazonbot/0.1; +https://developer.amazon.com/support/amazonbot) Chrome/119.0.6045.214 Safari/537.36" reflexologienobilis.ch
74.7.242.16 - - [08/Dec/2025:01:26:24 +0100] "GET /contact/?filesrc=/home/clients/bc55d1d9a618a64acfd6a3c258c080a1/web/wp-content/plugins/woo-gutenberg-products-block/src/Assets.php&path=/home/clients/bc55d1d9a618a64acfd6a3c258c080a1/web/wp-content/plugins/woo-gutenberg-products-block/src HTTP/1.1" 200 10808 "-" "Mozilla/5.0 AppleWebKit/537.36 (KHTML, like Gecko; compatible; GPTBot/1.3; +https://openai.com/gptbot)" reflexologienobilis.ch
74.7.242.16 - - [08/Dec/2025:01:26:25 +0100] "GET /contact/?filesrc=/home/clients/bc55d1d9a618a64acfd6a3c258c080a1/web/wp-content/plugins/woo-gutenberg-products-block/src/Library.php&path=/home/clients/bc55d1d9a618a64acfd6a3c258c080a1/web/wp-content/plugins/woo-gutenberg-products-block/src HTTP/1.1" 200 8723 "-" "Mozilla/5.0 AppleWebKit/537.36 (KHTML, like Gecko; compatible; GPTBot/1.3; +https://openai.com/gptbot)" reflexologienobilis.ch
2001:41d0:a:1b7d::1 - - [08/Dec/2025:01:26:25 +0100] "GET /boutique/feed/?filesrc=/home/clients/bc55d1d9a618a64acfd6a3c258c080a1/web/wp-content/plugins/divi-builder/core/admin/images/epanel/postinfo-date.gif&path=/home/clients/bc55d1d9a618a64acfd6a3c258c080a1/web/wp-content/plugins/divi-builder/core/admin/images/epanel HTTP/1.1" 301 4905 "-" "Mozilla/5.0 (compatible; MJ12bot/v1.4.8; http://mj12bot.com/)" reflexologienobilis.ch
74.7.242.16 - - [08/Dec/2025:01:26:27 +0100] "GET /contact/?filesrc=/home/clients/bc55d1d9a618a64acfd6a3c258c080a1/web/wp-content/plugins/woo-gutenberg-products-block/src/RestApi.php&path=/home/clients/bc55d1d9a618a64acfd6a3c258c080a1/web/wp-content/plugins/woo-gutenberg-products-block/src HTTP/1.1" 200 9232 "-" "Mozilla/5.0 AppleWebKit/537.36 (KHTML, like Gecko; compatible; GPTBot/1.3; +https://openai.com/gptbot)" reflexologienobilis.ch
3.220.148.166 - - [08/Dec/2025:01:26:28 +0100] "GET /categorie-produit/en-vente-au-magasin/?filesrc=/home/clients/bc55d1d9a618a64acfd6a3c258c080a1/web/wp-content/themes/twentynineteen/sass/forms/_buttons.scss&path=/home/clients/bc55d1d9a618a64acfd6a3c258c080a1/web/wp-content/themes/twentynineteen/sass/forms HTTP/1.1" 200 7073 "-" "Mozilla/5.0 AppleWebKit/537.36 (KHTML, like Gecko; compatible; Amazonbot/0.1; +https://developer.amazon.com/support/amazonbot) Chrome/119.0.6045.214 Safari/537.36" reflexologienobilis.ch
74.7.242.16 - - [08/Dec/2025:01:26:29 +0100] "GET /contact/?act=download&dir=/home/clients/bc55d1d9a618a64acfd6a3c258c080a1/web/wp-content/plugins/woo-gutenberg-products-block/build&file=/home/clients/bc55d1d9a618a64acfd6a3c258c080a1/web/wp-content/plugins/woo-gutenberg-products-block/build/product-categories-legacy.deps.json HTTP/1.1" 200 108 "-" "Mozilla/5.0 AppleWebKit/537.36 (KHTML, like Gecko; compatible; GPTBot/1.3; +https://openai.com/gptbot)" reflexologienobilis.ch
2001:41d0:a:1b7d::1 - - [08/Dec/2025:01:26:30 +0100] "GET /boutique/feed/?filesrc=%2Fhome%2Fclients%2Fbc55d1d9a618a64acfd6a3c258c080a1%2Fweb%2Fwp-content%2Fplugins%2Fdivi-builder%2Fcore%2Fadmin%2Fimages%2Fepanel%2Fpostinfo-date.gif&path=%2Fhome%2Fclients%2Fbc55d1d9a618a64acfd6a3c258c080a1%2Fweb%2Fwp-content%2Fplugins%2Fdivi-builder%2Fcore%2Fadmin%2Fimages%2Fepanel HTTP/1.1" 200 4218 "-" "Mozilla/5.0 (compatible; MJ12bot/v1.4.8; http://mj12bot.com/)" reflexologienobilis.ch
74.7.242.16 - - [08/Dec/2025:01:26:30 +0100] "GET /?filesrc=/home/clients/bc55d1d9a618a64acfd6a3c258c080a1/web/wp-content/plugins/woocommerce/includes/legacy/statics/index.php&path=/home/clients/bc55d1d9a618a64acfd6a3c258c080a1/web/wp-content/plugins/woocommerce/includes/legacy/statics HTTP/1.1" 301 6816 "-" "Mozilla/5.0 AppleWebKit/537.36 (KHTML, like Gecko; compatible; GPTBot/1.3; +https://openai.com/gptbot)" reflexologienobilis.ch
100.28.49.152 - - [08/Dec/2025:01:26:32 +0100] "GET /blog/?filesrc=/home/clients/bc55d1d9a618a64acfd6a3c258c080a1/web/wp-content/plugins/woo-gutenberg-products-block/assets/js/components/icons/reviews-by-product.js&path=/home/clients/bc55d1d9a618a64acfd6a3c258c080a1/web/wp-content/plugins/woo-gutenberg-products-block/assets/js/components/icons HTTP/1.1" 200 8981 "-" "Mozilla/5.0 AppleWebKit/537.36 (KHTML, like Gecko; compatible; Amazonbot/0.1; +https://developer.amazon.com/support/amazonbot) Chrome/119.0.6045.214 Safari/537.36" reflexologienobilis.ch
74.7.242.16 - - [08/Dec/2025:01:26:33 +0100] "GET /?filesrc=%2Fhome%2Fclients%2Fbc55d1d9a618a64acfd6a3c258c080a1%2Fweb%2Fwp-content%2Fplugins%2Fwoocommerce%2Fincludes%2Flegacy%2Fstatics%2Findex.php&path=%2Fhome%2Fclients%2Fbc55d1d9a618a64acfd6a3c258c080a1%2Fweb%2Fwp-content%2Fplugins%2Fwoocommerce%2Fincludes%2Flegacy%2Fstatics HTTP/1.1" 200 9140 "-" "Mozilla/5.0 AppleWebKit/537.36 (KHTML, like Gecko; compatible; GPTBot/1.3; +https://openai.com/gptbot)" reflexologienobilis.ch
2001:41d0:a:1b7d::1 - - [08/Dec/2025:01:26:35 +0100] "GET /boutique/feed/?filesrc=/home/clients/bc55d1d9a618a64acfd6a3c258c080a1/web/wp-content/plugins/divi-builder/core/admin/images/epanel/select.png&path=/home/clients/bc55d1d9a618a64acfd6a3c258c080a1/web/wp-content/plugins/divi-builder/core/admin/images/epanel HTTP/1.1" 301 4891 "-" "Mozilla/5.0 (compatible; MJ12bot/v1.4.8; http://mj12bot.com/)" reflexologienobilis.ch
47.250.37.136 - - [08/Dec/2025:01:26:37 +0100] "GET /images/toggi-arrow.jpg HTTP/1.1" 200 2481008 "-" "Mikrotik/6.x Fetch" reflexologienobilis.ch
74.7.242.16 - - [08/Dec/2025:01:26:37 +0100] "GET /contact/?opt=newfolder&path=/home/clients/bc55d1d9a618a64acfd6a3c258c080a1/web/wp-content/plugins/woo-gutenberg-products-block/assets/css HTTP/1.1" 200 8591 "-" "Mozilla/5.0 AppleWebKit/537.36 (KHTML, like Gecko; compatible; GPTBot/1.3; +https://openai.com/gptbot)" reflexologienobilis.ch
184.73.167.217 - - [08/Dec/2025:01:26:38 +0100] "GET /produit/produit_2/?filesrc=/home/clients/bc55d1d9a618a64acfd6a3c258c080a1/web/wp-content/plugins/woocommerce/templates/global/nextjs/index.php&path=/home/clients/bc55d1d9a618a64acfd6a3c258c080a1/web/wp-content/plugins/woocommerce/templates/global/nextjs HTTP/1.1" 200 9644 "-" "Mozilla/5.0 AppleWebKit/537.36 (KHTML, like Gecko; compatible; Amazonbot/0.1; +https://developer.amazon.com/support/amazonbot) Chrome/119.0.6045.214 Safari/537.36" reflexologienobilis.ch
74.7.242.16 - - [08/Dec/2025:01:26:40 +0100] "GET /contact/?act=download&dir=/home/clients/bc55d1d9a618a64acfd6a3c258c080a1/web/wp-content/plugins/woo-gutenberg-products-block/build&file=/home/clients/bc55d1d9a618a64acfd6a3c258c080a1/web/wp-content/plugins/woo-gutenberg-products-block/build/reviews-by-category.js HTTP/1.1" 200 43973 "-" "Mozilla/5.0 AppleWebKit/537.36 (KHTML, like Gecko; compatible; GPTBot/1.3; +https://openai.com/gptbot)" reflexologienobilis.ch
2001:41d0:a:1b7d::1 - - [08/Dec/2025:01:26:40 +0100] "GET /boutique/feed/?filesrc=%2Fhome%2Fclients%2Fbc55d1d9a618a64acfd6a3c258c080a1%2Fweb%2Fwp-content%2Fplugins%2Fdivi-builder%2Fcore%2Fadmin%2Fimages%2Fepanel%2Fselect.png&path=%2Fhome%2Fclients%2Fbc55d1d9a618a64acfd6a3c258c080a1%2Fweb%2Fwp-content%2Fplugins%2Fdivi-builder%2Fcore%2Fadmin%2Fimages%2Fepanel HTTP/1.1" 200 4212 "-" "Mozilla/5.0 (compatible; MJ12bot/v1.4.8; http://mj12bot.com/)" reflexologienobilis.ch
52.7.13.143 - - [08/Dec/2025:01:26:42 +0100] "GET /category/uncategorized/?filesrc=/home/clients/bc55d1d9a618a64acfd6a3c258c080a1/web/wp-content/languages/es_ES-1bba9045bb07c89671c88a3f328548e8.json&path=/home/clients/bc55d1d9a618a64acfd6a3c258c080a1/web/wp-content/languages HTTP/1.1" 200 7044 "-" "Mozilla/5.0 AppleWebKit/537.36 (KHTML, like Gecko; compatible; Amazonbot/0.1; +https://developer.amazon.com/support/amazonbot) Chrome/119.0.6045.214 Safari/537.36" reflexologienobilis.ch
74.7.242.16 - - [08/Dec/2025:01:26:42 +0100] "GET /contact/?filesrc=/home/clients/bc55d1d9a618a64acfd6a3c258c080a1/web/wp-content/plugins/woo-gutenberg-products-block/build/handpicked-products-legacy.js&path=/home/clients/bc55d1d9a618a64acfd6a3c258c080a1/web/wp-content/plugins/woo-gutenberg-products-block/build HTTP/1.1" 200 14128 "-" "Mozilla/5.0 AppleWebKit/537.36 (KHTML, like Gecko; compatible; GPTBot/1.3; +https://openai.com/gptbot)" reflexologienobilis.ch
18.213.102.186 - - [08/Dec/2025:01:26:44 +0100] "GET /categorie-produit/en-vente-au-magasin/?filesrc=/home/clients/bc55d1d9a618a64acfd6a3c258c080a1/web/wp-includes/js/tinymce/skins/wordpress/wp-content.css&path=/home/clients/bc55d1d9a618a64acfd6a3c258c080a1/web/wp-includes/js/tinymce/skins/wordpress HTTP/1.1" 200 9249 "-" "Mozilla/5.0 AppleWebKit/537.36 (KHTML, like Gecko; compatible; Amazonbot/0.1; +https://developer.amazon.com/support/amazonbot) Chrome/119.0.6045.214 Safari/537.36" reflexologienobilis.ch
2001:41d0:a:1b7d::1 - - [08/Dec/2025:01:26:44 +0100] "GET /boutique/feed/?filesrc=/home/clients/bc55d1d9a618a64acfd6a3c258c080a1/web/wp-content/plugins/divi-builder/core/admin/images/epanel/select2.png&path=/home/clients/bc55d1d9a618a64acfd6a3c258c080a1/web/wp-content/plugins/divi-builder/core/admin/images/epanel HTTP/1.1" 301 4893 "-" "Mozilla/5.0 (compatible; MJ12bot/v1.4.8; http://mj12bot.com/)" reflexologienobilis.ch
74.7.242.16 - - [08/Dec/2025:01:26:44 +0100] "GET /contact/?filesrc=/home/clients/bc55d1d9a618a64acfd6a3c258c080a1/web/wp-content/plugins/woo-gutenberg-products-block/build/reviews-frontend-legacy.js&path=/home/clients/bc55d1d9a618a64acfd6a3c258c080a1/web/wp-content/plugins/woo-gutenberg-products-block/build HTTP/1.1" 200 15661 "-" "Mozilla/5.0 AppleWebKit/537.36 (KHTML, like Gecko; compatible; GPTBot/1.3; +https://openai.com/gptbot)" reflexologienobilis.ch
74.7.242.16 - - [08/Dec/2025:01:26:46 +0100] "GET /contact/?filesrc=/home/clients/bc55d1d9a618a64acfd6a3c258c080a1/web/wp-content/plugins/woo-gutenberg-products-block/build/active-filters-frontend.js&path=/home/clients/bc55d1d9a618a64acfd6a3c258c080a1/web/wp-content/plugins/woo-gutenberg-products-block/build HTTP/1.1" 200 13568 "-" "Mozilla/5.0 AppleWebKit/537.36 (KHTML, like Gecko; compatible; GPTBot/1.3; +https://openai.com/gptbot)" reflexologienobilis.ch
3.214.176.44 - - [08/Dec/2025:01:26:47 +0100] "GET /article-1/?act=download&dir=/home/clients/bc55d1d9a618a64acfd6a3c258c080a1/web/wp-admin/network&file=/home/clients/bc55d1d9a618a64acfd6a3c258c080a1/web/wp-admin/network/theme-editor.php HTTP/1.1" 200 277 "-" "Mozilla/5.0 AppleWebKit/537.36 (KHTML, like Gecko; compatible; Amazonbot/0.1; +https://developer.amazon.com/support/amazonbot) Chrome/119.0.6045.214 Safari/537.36" reflexologienobilis.ch
74.7.242.16 - - [08/Dec/2025:01:26:47 +0100] "GET /contact/?filesrc=/home/clients/bc55d1d9a618a64acfd6a3c258c080a1/web/wp-content/plugins/woo-gutenberg-products-block/build/products-by-attribute-legacy.js&path=/home/clients/bc55d1d9a618a64acfd6a3c258c080a1/web/wp-content/plugins/woo-gutenberg-products-block/build HTTP/1.1" 200 15062 "-" "Mozilla/5.0 AppleWebKit/537.36 (KHTML, like Gecko; compatible; GPTBot/1.3; +https://openai.com/gptbot)" reflexologienobilis.ch
2001:41d0:a:1b7d::1 - - [08/Dec/2025:01:26:48 +0100] "GET /boutique/feed/?filesrc=%2Fhome%2Fclients%2Fbc55d1d9a618a64acfd6a3c258c080a1%2Fweb%2Fwp-content%2Fplugins%2Fdivi-builder%2Fcore%2Fadmin%2Fimages%2Fepanel%2Fselect2.png&path=%2Fhome%2Fclients%2Fbc55d1d9a618a64acfd6a3c258c080a1%2Fweb%2Fwp-content%2Fplugins%2Fdivi-builder%2Fcore%2Fadmin%2Fimages%2Fepanel HTTP/1.1" 200 4214 "-" "Mozilla/5.0 (compatible; MJ12bot/v1.4.8; http://mj12bot.com/)" reflexologienobilis.ch
74.7.242.16 - - [08/Dec/2025:01:26:49 +0100] "GET /contact/?act=download&dir=/home/clients/bc55d1d9a618a64acfd6a3c258c080a1/web/wp-content/plugins/woo-gutenberg-products-block/build&file=/home/clients/bc55d1d9a618a64acfd6a3c258c080a1/web/wp-content/plugins/woo-gutenberg-products-block/build/handpicked-products.deps.json HTTP/1.1" 200 261 "-" "Mozilla/5.0 AppleWebKit/537.36 (KHTML, like Gecko; compatible; GPTBot/1.3; +https://openai.com/gptbot)" reflexologienobilis.ch
74.7.242.16 - - [08/Dec/2025:01:26:50 +0100] "GET /contact/?act=download&dir=/home/clients/bc55d1d9a618a64acfd6a3c258c080a1/web/wp-content/plugins/woo-gutenberg-products-block/build&file=/home/clients/bc55d1d9a618a64acfd6a3c258c080a1/web/wp-content/plugins/woo-gutenberg-products-block/build/reviews-frontend.deps.json HTTP/1.1" 200 106 "-" "Mozilla/5.0 AppleWebKit/537.36 (KHTML, like Gecko; compatible; GPTBot/1.3; +https://openai.com/gptbot)" reflexologienobilis.ch
47.243.124.21 - - [08/Dec/2025:01:26:51 +0100] "GET /images/toggi-arrow.jpg HTTP/1.1" 200 2481008 "-" "curl/7.54.0" reflexologienobilis.ch
74.7.242.16 - - [08/Dec/2025:01:26:51 +0100] "GET /contact/?act=download&dir=/home/clients/bc55d1d9a618a64acfd6a3c258c080a1/web/wp-content/plugins/woo-gutenberg-products-block/build&file=/home/clients/bc55d1d9a618a64acfd6a3c258c080a1/web/wp-content/plugins/woo-gutenberg-products-block/build/reviews-frontend-legacy.deps.json HTTP/1.1" 200 106 "-" "Mozilla/5.0 AppleWebKit/537.36 (KHTML, like Gecko; compatible; GPTBot/1.3; +https://openai.com/gptbot)" reflexologienobilis.ch
115.29.148.215 - - [08/Dec/2025:01:26:52 +0100] "GET /images/toggi-arrow.jpg HTTP/1.1" 200 2481008 "-" "Mikrotik/6.x Fetch" reflexologienobilis.ch
18.232.11.247 - - [08/Dec/2025:01:26:51 +0100] "GET /contact/?filesrc=/home/clients/bc55d1d9a618a64acfd6a3c258c080a1/web/wp-content/plugins/divi-builder/includes/builder/plugin-compat/paid-memberships-pro.php&path=/home/clients/bc55d1d9a618a64acfd6a3c258c080a1/web/wp-content/plugins/divi-builder/includes/builder/plugin-compat HTTP/1.1" 200 8785 "-" "Mozilla/5.0 AppleWebKit/537.36 (KHTML, like Gecko; compatible; Amazonbot/0.1; +https://developer.amazon.com/support/amazonbot) Chrome/119.0.6045.214 Safari/537.36" reflexologienobilis.ch
2001:41d0:a:1b7d::1 - - [08/Dec/2025:01:26:52 +0100] "GET /boutique/feed/?filesrc=/home/clients/bc55d1d9a618a64acfd6a3c258c080a1/web/wp-content/plugins/divi-builder/core/components/api/email/ActiveCampaign.php&path=/home/clients/bc55d1d9a618a64acfd6a3c258c080a1/web/wp-content/plugins/divi-builder/core/components/api/email HTTP/1.1" 301 12840 "-" "Mozilla/5.0 (compatible; MJ12bot/v1.4.8; http://mj12bot.com/)" reflexologienobilis.ch
2a03:2880:f804:7:: - - [08/Dec/2025:01:26:52 +0100] "GET /?p=2262096147 HTTP/1.1" 404 62758 "-" "meta-externalagent/1.1 (+https://developers.facebook.com/docs/sharing/webmasters/crawler)" reflexologienobilis.ch
74.7.242.16 - - [08/Dec/2025:01:26:52 +0100] "GET /contact/?act=download&dir=/home/clients/bc55d1d9a618a64acfd6a3c258c080a1/web/wp-content/plugins/woo-gutenberg-products-block/build&file=/home/clients/bc55d1d9a618a64acfd6a3c258c080a1/web/wp-content/plugins/woo-gutenberg-products-block/build/active-filters-frontend.deps.json HTTP/1.1" 200 155 "-" "Mozilla/5.0 AppleWebKit/537.36 (KHTML, like Gecko; compatible; GPTBot/1.3; +https://openai.com/gptbot)" reflexologienobilis.ch
74.7.242.16 - - [08/Dec/2025:01:26:53 +0100] "GET /?filesrc=%2Fhome%2Fclients%2Fbc55d1d9a618a64acfd6a3c258c080a1%2Fweb%2Fwp-content%2Fplugins%2Fwoocommerce%2Fincludes%2Flegacy%2Fstatics%2Findex.php&path=%2Fhome%2Fclients%2Fbc55d1d9a618a64acfd6a3c258c080a1%2Fweb%2Fwp-content%2Fplugins%2Fwoocommerce%2Fincludes%2Flegacy%2Fstatics HTTP/1.1" 200 9141 "-" "Mozilla/5.0 AppleWebKit/537.36 (KHTML, like Gecko; compatible; GPTBot/1.3; +https://openai.com/gptbot)" reflexologienobilis.ch
8.148.6.168 - - [08/Dec/2025:01:26:56 +0100] "GET /images/toggi-arrow.jpg HTTP/1.1" 200 2481008 "-" "curl/8.1.2" reflexologienobilis.ch
74.7.242.16 - - [08/Dec/2025:01:26:55 +0100] "GET /contact/?act=download&dir=/home/clients/bc55d1d9a618a64acfd6a3c258c080a1/web/wp-content/plugins/woo-gutenberg-products-block/build&file=/home/clients/bc55d1d9a618a64acfd6a3c258c080a1/web/wp-content/plugins/woo-gutenberg-products-block/build/handpicked-products-legacy.deps.json HTTP/1.1" 200 261 "-" "Mozilla/5.0 AppleWebKit/537.36 (KHTML, like Gecko; compatible; GPTBot/1.3; +https://openai.com/gptbot)" reflexologienobilis.ch
184.73.167.217 - - [08/Dec/2025:01:26:56 +0100] "GET /reflexologie-amerindienne/?do=newfile&path=/home/clients/bc55d1d9a618a64acfd6a3c258c080a1/web/wp-content/themes/Divi/core/admin/images HTTP/1.1" 200 7334 "-" "Mozilla/5.0 AppleWebKit/537.36 (KHTML, like Gecko; compatible; Amazonbot/0.1; +https://developer.amazon.com/support/amazonbot) Chrome/119.0.6045.214 Safari/537.36" reflexologienobilis.ch
2001:41d0:a:1b7d::1 - - [08/Dec/2025:01:26:56 +0100] "GET /boutique/feed/?filesrc=%2Fhome%2Fclients%2Fbc55d1d9a618a64acfd6a3c258c080a1%2Fweb%2Fwp-content%2Fplugins%2Fdivi-builder%2Fcore%2Fcomponents%2Fapi%2Femail%2FActiveCampaign.php&path=%2Fhome%2Fclients%2Fbc55d1d9a618a64acfd6a3c258c080a1%2Fweb%2Fwp-content%2Fplugins%2Fdivi-builder%2Fcore%2Fcomponents%2Fapi%2Femail HTTP/1.1" 200 6431 "-" "Mozilla/5.0 (compatible; MJ12bot/v1.4.8; http://mj12bot.com/)" reflexologienobilis.ch
74.7.242.16 - - [08/Dec/2025:01:26:56 +0100] "GET /contact/?filesrc=/home/clients/bc55d1d9a618a64acfd6a3c258c080a1/web/wp-content/plugins/woo-gutenberg-products-block/build/block-error-boundary.deps.json&path=/home/clients/bc55d1d9a618a64acfd6a3c258c080a1/web/wp-content/plugins/woo-gutenberg-products-block/build HTTP/1.1" 200 8175 "-" "Mozilla/5.0 AppleWebKit/537.36 (KHTML, like Gecko; compatible; GPTBot/1.3; +https://openai.com/gptbot)" reflexologienobilis.ch
74.7.242.16 - - [08/Dec/2025:01:26:57 +0100] "GET /contact/?filesrc=/home/clients/bc55d1d9a618a64acfd6a3c258c080a1/web/wp-content/plugins/woo-gutenberg-products-block/build/block-error-boundary-legacy.deps.json&path=/home/clients/bc55d1d9a618a64acfd6a3c258c080a1/web/wp-content/plugins/woo-gutenberg-products-block/build HTTP/1.1" 200 8175 "-" "Mozilla/5.0 AppleWebKit/537.36 (KHTML, like Gecko; compatible; GPTBot/1.3; +https://openai.com/gptbot)" reflexologienobilis.ch
74.7.242.16 - - [08/Dec/2025:01:26:59 +0100] "GET /contact/?filesrc=/home/clients/bc55d1d9a618a64acfd6a3c258c080a1/web/wp-content/plugins/woo-gutenberg-products-block/build/product-search-legacy.deps.json&path=/home/clients/bc55d1d9a618a64acfd6a3c258c080a1/web/wp-content/plugins/woo-gutenberg-products-block/build HTTP/1.1" 200 8214 "-" "Mozilla/5.0 AppleWebKit/537.36 (KHTML, like Gecko; compatible; GPTBot/1.3; +https://openai.com/gptbot)" reflexologienobilis.ch
2001:41d0:a:1b7d::1 - - [08/Dec/2025:01:27:00 +0100] "GET /boutique/feed/?filesrc=/home/clients/bc55d1d9a618a64acfd6a3c258c080a1/web/wp-content/plugins/divi-builder/core/components/api/email/Aweber.php&path=/home/clients/bc55d1d9a618a64acfd6a3c258c080a1/web/wp-content/plugins/divi-builder/core/components/api/email HTTP/1.1" 301 11198 "-" "Mozilla/5.0 (compatible; MJ12bot/v1.4.8; http://mj12bot.com/)" reflexologienobilis.ch
107.20.25.33 - - [08/Dec/2025:01:27:00 +0100] "GET /boutique/?filesrc=/home/clients/bc55d1d9a618a64acfd6a3c258c080a1/web/wp-content/themes/Divi/includes/builder/scripts/ext/jquery-ui-1.10.4.custom.min.js&path=/home/clients/bc55d1d9a618a64acfd6a3c258c080a1/web/wp-content/themes/Divi/includes/builder/scripts/ext HTTP/1.1" 200 25186 "-" "Mozilla/5.0 AppleWebKit/537.36 (KHTML, like Gecko; compatible; Amazonbot/0.1; +https://developer.amazon.com/support/amazonbot) Chrome/119.0.6045.214 Safari/537.36" reflexologienobilis.ch
74.7.242.16 - - [08/Dec/2025:01:27:01 +0100] "GET /contact/?filesrc=/home/clients/bc55d1d9a618a64acfd6a3c258c080a1/web/wp-content/plugins/woo-gutenberg-products-block/build/product-list-style-legacy.deps.json&path=/home/clients/bc55d1d9a618a64acfd6a3c258c080a1/web/wp-content/plugins/woo-gutenberg-products-block/build HTTP/1.1" 200 8177 "-" "Mozilla/5.0 AppleWebKit/537.36 (KHTML, like Gecko; compatible; GPTBot/1.3; +https://openai.com/gptbot)" reflexologienobilis.ch
74.7.242.16 - - [08/Dec/2025:01:27:02 +0100] "GET /contact/?act=download&dir=/home/clients/bc55d1d9a618a64acfd6a3c258c080a1/web/wp-content/plugins/woo-gutenberg-products-block/build&file=/home/clients/bc55d1d9a618a64acfd6a3c258c080a1/web/wp-content/plugins/woo-gutenberg-products-block/build/products-by-attribute-legacy.js HTTP/1.1" 200 25589 "-" "Mozilla/5.0 AppleWebKit/537.36 (KHTML, like Gecko; compatible; GPTBot/1.3; +https://openai.com/gptbot)" reflexologienobilis.ch
3.225.9.97 - - [08/Dec/2025:01:27:03 +0100] "GET /category/uncategorized/?filesrc=/home/clients/bc55d1d9a618a64acfd6a3c258c080a1/web/wp-content/languages/de_DE-0ce75ad2f775d1cac9696967d484808c.json&path=/home/clients/bc55d1d9a618a64acfd6a3c258c080a1/web/wp-content/languages HTTP/1.1" 200 7020 "-" "Mozilla/5.0 AppleWebKit/537.36 (KHTML, like Gecko; compatible; Amazonbot/0.1; +https://developer.amazon.com/support/amazonbot) Chrome/119.0.6045.214 Safari/537.36" reflexologienobilis.ch
2001:41d0:a:1b7d::1 - - [08/Dec/2025:01:27:03 +0100] "GET /boutique/feed/?filesrc=%2Fhome%2Fclients%2Fbc55d1d9a618a64acfd6a3c258c080a1%2Fweb%2Fwp-content%2Fplugins%2Fdivi-builder%2Fcore%2Fcomponents%2Fapi%2Femail%2FAweber.php&path=%2Fhome%2Fclients%2Fbc55d1d9a618a64acfd6a3c258c080a1%2Fweb%2Fwp-content%2Fplugins%2Fdivi-builder%2Fcore%2Fcomponents%2Fapi%2Femail HTTP/1.1" 200 6154 "-" "Mozilla/5.0 (compatible; MJ12bot/v1.4.8; http://mj12bot.com/)" reflexologienobilis.ch
74.7.242.16 - - [08/Dec/2025:01:27:03 +0100] "GET /contact/?path=/home/clients/bc55d1d9a618a64acfd6a3c258c080a1/web/wp-content/plugins/woo-gutenberg-products-block/assets/css/abstracts HTTP/1.1" 200 8502 "-" "Mozilla/5.0 AppleWebKit/537.36 (KHTML, like Gecko; compatible; GPTBot/1.3; +https://openai.com/gptbot)" reflexologienobilis.ch
74.7.242.16 - - [08/Dec/2025:01:27:05 +0100] "GET /contact/?filesrc=/home/clients/bc55d1d9a618a64acfd6a3c258c080a1/web/wp-content/plugins/woo-gutenberg-products-block/build/product-new.js&path=/home/clients/bc55d1d9a618a64acfd6a3c258c080a1/web/wp-content/plugins/woo-gutenberg-products-block/build HTTP/1.1" 200 14363 "-" "Mozilla/5.0 AppleWebKit/537.36 (KHTML, like Gecko; compatible; GPTBot/1.3; +https://openai.com/gptbot)" reflexologienobilis.ch
2001:41d0:a:1b7d::1 - - [08/Dec/2025:01:27:06 +0100] "GET /boutique/feed/?filesrc=/home/clients/bc55d1d9a618a64acfd6a3c258c080a1/web/wp-content/plugins/divi-builder/core/components/api/email/CampaignMonitor.php&path=/home/clients/bc55d1d9a618a64acfd6a3c258c080a1/web/wp-content/plugins/divi-builder/core/components/api/email HTTP/1.1" 301 11664 "-" "Mozilla/5.0 (compatible; MJ12bot/v1.4.8; http://mj12bot.com/)" reflexologienobilis.ch
74.7.242.16 - - [08/Dec/2025:01:27:07 +0100] "GET /contact/?path=/home/clients/bc55d1d9a618a64acfd6a3c258c080a1/web/wp-content/plugins/woo-gutenberg-products-block/src/Utils HTTP/1.1" 200 8512 "-" "Mozilla/5.0 AppleWebKit/537.36 (KHTML, like Gecko; compatible; GPTBot/1.3; +https://openai.com/gptbot)" reflexologienobilis.ch
52.54.157.23 - - [08/Dec/2025:01:27:08 +0100] "GET /blog/?act=download&dir=/home/clients/bc55d1d9a618a64acfd6a3c258c080a1/web/wp-content/plugins/divi-builder/core/components/api&file=/home/clients/bc55d1d9a618a64acfd6a3c258c080a1/web/wp-content/plugins/divi-builder/core/components/api/Service.php HTTP/1.1" 200 13992 "-" "Mozilla/5.0 AppleWebKit/537.36 (KHTML, like Gecko; compatible; Amazonbot/0.1; +https://developer.amazon.com/support/amazonbot) Chrome/119.0.6045.214 Safari/537.36" reflexologienobilis.ch
74.7.242.16 - - [08/Dec/2025:01:27:09 +0100] "GET /contact/?filesrc=/home/clients/bc55d1d9a618a64acfd6a3c258c080a1/web/wp-content/plugins/woo-gutenberg-products-block/build/featured-category-legacy.deps.json&path=/home/clients/bc55d1d9a618a64acfd6a3c258c080a1/web/wp-content/plugins/woo-gutenberg-products-block/build HTTP/1.1" 200 8297 "-" "Mozilla/5.0 AppleWebKit/537.36 (KHTML, like Gecko; compatible; GPTBot/1.3; +https://openai.com/gptbot)" reflexologienobilis.ch
74.7.242.16 - - [08/Dec/2025:01:27:10 +0100] "GET /contact/?filesrc=/home/clients/bc55d1d9a618a64acfd6a3c258c080a1/web/wp-content/plugins/woo-gutenberg-products-block/build/reviews-by-category.deps.json&path=/home/clients/bc55d1d9a618a64acfd6a3c258c080a1/web/wp-content/plugins/woo-gutenberg-products-block/build HTTP/1.1" 200 8303 "-" "Mozilla/5.0 AppleWebKit/537.36 (KHTML, like Gecko; compatible; GPTBot/1.3; +https://openai.com/gptbot)" reflexologienobilis.ch
111.7.100.42 - - [08/Dec/2025:01:27:12 +0100] "GET /images/toggi-arrow.jpg HTTP/1.1" 200 2481008 "-" "curl/7.58.0" reflexologienobilis.ch
2001:41d0:a:1b7d::1 - - [08/Dec/2025:01:27:10 +0100] "GET /boutique/feed/?filesrc=%2Fhome%2Fclients%2Fbc55d1d9a618a64acfd6a3c258c080a1%2Fweb%2Fwp-content%2Fplugins%2Fdivi-builder%2Fcore%2Fcomponents%2Fapi%2Femail%2FCampaignMonitor.php&path=%2Fhome%2Fclients%2Fbc55d1d9a618a64acfd6a3c258c080a1%2Fweb%2Fwp-content%2Fplugins%2Fdivi-builder%2Fcore%2Fcomponents%2Fapi%2Femail HTTP/1.1" 200 6150 "-" "Mozilla/5.0 (compatible; MJ12bot/v1.4.8; http://mj12bot.com/)" reflexologienobilis.ch
52.4.238.8 - - [08/Dec/2025:01:27:11 +0100] "GET /produit/produit_1/?filesrc=/home/clients/bc55d1d9a618a64acfd6a3c258c080a1/web/wp-content/themes/Divi/epanel/shortcodes/css/shortcodes.css&path=/home/clients/bc55d1d9a618a64acfd6a3c258c080a1/web/wp-content/themes/Divi/epanel/shortcodes/css HTTP/1.1" 200 15901 "-" "Mozilla/5.0 AppleWebKit/537.36 (KHTML, like Gecko; compatible; Amazonbot/0.1; +https://developer.amazon.com/support/amazonbot) Chrome/119.0.6045.214 Safari/537.36" reflexologienobilis.ch
111.7.100.40 - - [08/Dec/2025:01:27:13 +0100] "GET /images/toggi-arrow.jpg HTTP/1.1" 200 2481008 "-" "curl/7.58.0" reflexologienobilis.ch
74.7.242.16 - - [08/Dec/2025:01:27:12 +0100] "GET /contact/?filesrc=/home/clients/bc55d1d9a618a64acfd6a3c258c080a1/web/wp-content/plugins/woo-gutenberg-products-block/build/featured-category.deps.json&path=/home/clients/bc55d1d9a618a64acfd6a3c258c080a1/web/wp-content/plugins/woo-gutenberg-products-block/build HTTP/1.1" 200 8293 "-" "Mozilla/5.0 AppleWebKit/537.36 (KHTML, like Gecko; compatible; GPTBot/1.3; +https://openai.com/gptbot)" reflexologienobilis.ch
