74.7.242.16 - - [08/Dec/2025:01:29:40 +0100] "GET /?filesrc=%2Fhome%2Fclients%2Fbc55d1d9a618a64acfd6a3c258c080a1%2Fweb%2Fwp-content%2Flanguages%2Fplugins%2Fwoo-gutenberg-products-block-es_ES-572cb5b1fffba57a481af60ab4597ee8.json&path=%2Fhome%2Fclients%2Fbc55d1d9a618a64acfd6a3c258c080a1%2Fweb%2Fwp-content%2Flanguages%2Fplugins HTTP/1.1" 200 8596 "-" "Mozilla/5.0 AppleWebKit/537.36 (KHTML, like Gecko; compatible; GPTBot/1.3; +https://openai.com/gptbot)" reflexologienobilis.ch
74.7.242.16 - - [08/Dec/2025:01:29:41 +0100] "GET /blog/?filesrc=/home/clients/bc55d1d9a618a64acfd6a3c258c080a1/web/wp-content/plugins/woocommerce/includes/tracks/events/class-wc-products-tracking.php&path=/home/clients/bc55d1d9a618a64acfd6a3c258c080a1/web/wp-content/plugins/woocommerce/includes/tracks/events HTTP/1.1" 200 9298 "-" "Mozilla/5.0 AppleWebKit/537.36 (KHTML, like Gecko; compatible; GPTBot/1.3; +https://openai.com/gptbot)" reflexologienobilis.ch
2001:41d0:303:839c::1 - - [08/Dec/2025:01:29:42 +0100] "GET /boutique/feed/?filesrc=/home/clients/bc55d1d9a618a64acfd6a3c258c080a1/web/wp-content/plugins/divi-builder/includes/builder/styles/images/ui-icons_444444_256x240.png&path=/home/clients/bc55d1d9a618a64acfd6a3c258c080a1/web/wp-content/plugins/divi-builder/includes/builder/styles/images HTTP/1.1" 301 4983 "-" "Mozilla/5.0 (compatible; MJ12bot/v1.4.8; http://mj12bot.com/)" reflexologienobilis.ch
2001:41d0:a:1b7d::1 - - [08/Dec/2025:01:29:43 +0100] "GET /boutique/feed/?filesrc=/home/clients/bc55d1d9a618a64acfd6a3c258c080a1/web/wp-content/plugins/divi-builder/core/components/api/email/_ProviderName.php&path=/home/clients/bc55d1d9a618a64acfd6a3c258c080a1/web/wp-content/plugins/divi-builder/core/components/api/email HTTP/1.1" 301 6431 "-" "Mozilla/5.0 (compatible; MJ12bot/v1.4.8; http://mj12bot.com/)" reflexologienobilis.ch
74.7.242.16 - - [08/Dec/2025:01:29:42 +0100] "GET /2018/12/?act=download&dir=/home/clients/bc55d1d9a618a64acfd6a3c258c080a1/web/wp-content/plugins/woo-gutenberg-products-block/vendor/composer&file=/home/clients/bc55d1d9a618a64acfd6a3c258c080a1/web/wp-content/plugins/woo-gutenberg-products-block/vendor/composer/autoload_classmap.php HTTP/1.1" 200 147 "-" "Mozilla/5.0 AppleWebKit/537.36 (KHTML, like Gecko; compatible; GPTBot/1.3; +https://openai.com/gptbot)" reflexologienobilis.ch
23.21.148.226 - - [08/Dec/2025:01:29:43 +0100] "GET /2017/02/?filesrc=/home/clients/bc55d1d9a618a64acfd6a3c258c080a1/web/wp-admin/includes/update.php&path=/home/clients/bc55d1d9a618a64acfd6a3c258c080a1/web/wp-admin/includes HTTP/1.1" 200 13039 "-" "Mozilla/5.0 AppleWebKit/537.36 (KHTML, like Gecko; compatible; Amazonbot/0.1; +https://developer.amazon.com/support/amazonbot) Chrome/119.0.6045.214 Safari/537.36" reflexologienobilis.ch
74.7.242.16 - - [08/Dec/2025:01:29:43 +0100] "GET /blog/?filesrc=/home/clients/bc55d1d9a618a64acfd6a3c258c080a1/web/wp-content/plugins/woocommerce/includes/legacy/api/class-wc-rest-legacy-products-controller.php&path=/home/clients/bc55d1d9a618a64acfd6a3c258c080a1/web/wp-content/plugins/woocommerce/includes/legacy/api HTTP/1.1" 200 13487 "-" "Mozilla/5.0 AppleWebKit/537.36 (KHTML, like Gecko; compatible; GPTBot/1.3; +https://openai.com/gptbot)" reflexologienobilis.ch
111.7.100.38 - - [08/Dec/2025:01:29:46 +0100] "GET /images/toggi-arrow.jpg HTTP/1.1" 200 2481008 "-" "curl/7.58.0" reflexologienobilis.ch
74.7.242.16 - - [08/Dec/2025:01:29:45 +0100] "GET /reflexologie-amerindienne/?opt=newfolder&path=/home/clients/bc55d1d9a618a64acfd6a3c258c080a1/web/wp-content/plugins/woocommerce/packages/woocommerce-blocks/assets/js/base/components/pagination/test HTTP/1.1" 200 7334 "-" "Mozilla/5.0 AppleWebKit/537.36 (KHTML, like Gecko; compatible; GPTBot/1.3; +https://openai.com/gptbot)" reflexologienobilis.ch
2001:41d0:303:839c::1 - - [08/Dec/2025:01:29:45 +0100] "GET /boutique/feed/?filesrc=%2Fhome%2Fclients%2Fbc55d1d9a618a64acfd6a3c258c080a1%2Fweb%2Fwp-content%2Fplugins%2Fdivi-builder%2Fincludes%2Fbuilder%2Fstyles%2Fimages%2Fui-icons_444444_256x240.png&path=%2Fhome%2Fclients%2Fbc55d1d9a618a64acfd6a3c258c080a1%2Fweb%2Fwp-content%2Fplugins%2Fdivi-builder%2Fincludes%2Fbuilder%2Fstyles%2Fimages HTTP/1.1" 200 4227 "-" "Mozilla/5.0 (compatible; MJ12bot/v1.4.8; http://mj12bot.com/)" reflexologienobilis.ch
74.7.242.16 - - [08/Dec/2025:01:29:46 +0100] "GET /category/reflexologie/?act=download&dir=/home/clients/bc55d1d9a618a64acfd6a3c258c080a1/web/wp-content/plugins/really-simple-ssl/css&file=/home/clients/bc55d1d9a618a64acfd6a3c258c080a1/web/wp-content/plugins/really-simple-ssl/css/main-rtl.min.css HTTP/1.1" 200 8918 "-" "Mozilla/5.0 AppleWebKit/537.36 (KHTML, like Gecko; compatible; GPTBot/1.3; +https://openai.com/gptbot)" reflexologienobilis.ch
2001:41d0:a:1b7d::1 - - [08/Dec/2025:01:29:47 +0100] "GET /boutique/feed/?filesrc=%2Fhome%2Fclients%2Fbc55d1d9a618a64acfd6a3c258c080a1%2Fweb%2Fwp-content%2Fplugins%2Fdivi-builder%2Fcore%2Fcomponents%2Fapi%2Femail%2F_ProviderName.php&path=%2Fhome%2Fclients%2Fbc55d1d9a618a64acfd6a3c258c080a1%2Fweb%2Fwp-content%2Fplugins%2Fdivi-builder%2Fcore%2Fcomponents%2Fapi%2Femail HTTP/1.1" 200 4748 "-" "Mozilla/5.0 (compatible; MJ12bot/v1.4.8; http://mj12bot.com/)" reflexologienobilis.ch
2001:41d0:303:839c::1 - - [08/Dec/2025:01:29:48 +0100] "GET /boutique/feed/?filesrc=/home/clients/bc55d1d9a618a64acfd6a3c258c080a1/web/wp-content/plugins/divi-builder/includes/builder/styles/images/ui-icons_555555_256x240.png&path=/home/clients/bc55d1d9a618a64acfd6a3c258c080a1/web/wp-content/plugins/divi-builder/includes/builder/styles/images HTTP/1.1" 301 4983 "-" "Mozilla/5.0 (compatible; MJ12bot/v1.4.8; http://mj12bot.com/)" reflexologienobilis.ch
34.225.24.180 - - [08/Dec/2025:01:29:48 +0100] "GET /produit/produit_3/?filesrc=/home/clients/bc55d1d9a618a64acfd6a3c258c080a1/web/wp-content/plugins/divi-builder/includes/builder/plugin-compat/sitepress-multilingual-cms.php&path=/home/clients/bc55d1d9a618a64acfd6a3c258c080a1/web/wp-content/plugins/divi-builder/includes/builder/plugin-compat HTTP/1.1" 200 10200 "-" "Mozilla/5.0 AppleWebKit/537.36 (KHTML, like Gecko; compatible; Amazonbot/0.1; +https://developer.amazon.com/support/amazonbot) Chrome/119.0.6045.214 Safari/537.36" reflexologienobilis.ch
74.7.242.16 - - [08/Dec/2025:01:29:47 +0100] "GET /reflexologie-amerindienne/?opt=newfolder&path=/home/clients/bc55d1d9a618a64acfd6a3c258c080a1/web/wp-content/plugins/woocommerce/packages/woocommerce-blocks/assets/js/atomic HTTP/1.1" 200 7296 "-" "Mozilla/5.0 AppleWebKit/537.36 (KHTML, like Gecko; compatible; GPTBot/1.3; +https://openai.com/gptbot)" reflexologienobilis.ch
74.7.242.16 - - [08/Dec/2025:01:29:49 +0100] "GET /reflexologie-amerindienne/?opt=newfolder&path=/home/clients/bc55d1d9a618a64acfd6a3c258c080a1/web/wp-content/plugins/woocommerce/packages/woocommerce-blocks/assets/js/base/context/test HTTP/1.1" 200 7318 "-" "Mozilla/5.0 AppleWebKit/537.36 (KHTML, like Gecko; compatible; GPTBot/1.3; +https://openai.com/gptbot)" reflexologienobilis.ch
2001:41d0:303:839c::1 - - [08/Dec/2025:01:29:50 +0100] "GET /boutique/feed/?filesrc=%2Fhome%2Fclients%2Fbc55d1d9a618a64acfd6a3c258c080a1%2Fweb%2Fwp-content%2Fplugins%2Fdivi-builder%2Fincludes%2Fbuilder%2Fstyles%2Fimages%2Fui-icons_555555_256x240.png&path=%2Fhome%2Fclients%2Fbc55d1d9a618a64acfd6a3c258c080a1%2Fweb%2Fwp-content%2Fplugins%2Fdivi-builder%2Fincludes%2Fbuilder%2Fstyles%2Fimages HTTP/1.1" 200 4227 "-" "Mozilla/5.0 (compatible; MJ12bot/v1.4.8; http://mj12bot.com/)" reflexologienobilis.ch
74.7.242.16 - - [08/Dec/2025:01:29:50 +0100] "GET /reflexologie-amerindienne/?opt=newfolder&path=/home/clients/bc55d1d9a618a64acfd6a3c258c080a1/web/wp-content/plugins/woocommerce/packages/woocommerce-blocks/assets/js/data/query-state HTTP/1.1" 200 7611 "-" "Mozilla/5.0 AppleWebKit/537.36 (KHTML, like Gecko; compatible; GPTBot/1.3; +https://openai.com/gptbot)" reflexologienobilis.ch
2001:41d0:a:1b7d::1 - - [08/Dec/2025:01:29:51 +0100] "GET /boutique/feed/?filesrc=/home/clients/bc55d1d9a618a64acfd6a3c258c080a1/web/wp-content/plugins/divi-builder/core/components/api/email/iContact.php&path=/home/clients/bc55d1d9a618a64acfd6a3c258c080a1/web/wp-content/plugins/divi-builder/core/components/api/email HTTP/1.1" 301 12404 "-" "Mozilla/5.0 (compatible; MJ12bot/v1.4.8; http://mj12bot.com/)" reflexologienobilis.ch
52.45.194.165 - - [08/Dec/2025:01:29:51 +0100] "GET /feed/?filesrc=/home/clients/bc55d1d9a618a64acfd6a3c258c080a1/web/wp-includes/js/wp-api.js&path=/home/clients/bc55d1d9a618a64acfd6a3c258c080a1/web/wp-includes/js HTTP/1.1" 301 51013 "-" "Mozilla/5.0 AppleWebKit/537.36 (KHTML, like Gecko; compatible; Amazonbot/0.1; +https://developer.amazon.com/support/amazonbot) Chrome/119.0.6045.214 Safari/537.36" reflexologienobilis.ch
2001:41d0:303:839c::1 - - [08/Dec/2025:01:29:53 +0100] "GET /boutique/feed/?filesrc=/home/clients/bc55d1d9a618a64acfd6a3c258c080a1/web/wp-content/plugins/divi-builder/includes/builder/styles/images/ui-icons_777620_256x240.png&path=/home/clients/bc55d1d9a618a64acfd6a3c258c080a1/web/wp-content/plugins/divi-builder/includes/builder/styles/images HTTP/1.1" 301 4983 "-" "Mozilla/5.0 (compatible; MJ12bot/v1.4.8; http://mj12bot.com/)" reflexologienobilis.ch
34.234.206.30 - - [08/Dec/2025:01:29:53 +0100] "GET /feed/?filesrc=/home/clients/bc55d1d9a618a64acfd6a3c258c080a1/web/wp-includes/js/wp-api.js&path=/home/clients/bc55d1d9a618a64acfd6a3c258c080a1/web/wp-includes/js HTTP/1.1" 301 51013 "-" "Mozilla/5.0 AppleWebKit/537.36 (KHTML, like Gecko; compatible; Amazonbot/0.1; +https://developer.amazon.com/support/amazonbot) Chrome/119.0.6045.214 Safari/537.36" reflexologienobilis.ch
74.7.242.16 - - [08/Dec/2025:01:29:51 +0100] "GET /reflexologie-amerindienne/?opt=newfolder&path=/home/clients/bc55d1d9a618a64acfd6a3c258c080a1/web/wp-content/plugins/woocommerce/packages/woocommerce-blocks/assets/js/utils HTTP/1.1" 200 7655 "-" "Mozilla/5.0 AppleWebKit/537.36 (KHTML, like Gecko; compatible; GPTBot/1.3; +https://openai.com/gptbot)" reflexologienobilis.ch
74.7.242.16 - - [08/Dec/2025:01:29:53 +0100] "GET /reflexologie-amerindienne/?opt=newfolder&path=/home/clients/bc55d1d9a618a64acfd6a3c258c080a1/web/wp-content/plugins/woocommerce/packages/woocommerce-blocks/assets/js/base/context HTTP/1.1" 200 7517 "-" "Mozilla/5.0 AppleWebKit/537.36 (KHTML, like Gecko; compatible; GPTBot/1.3; +https://openai.com/gptbot)" reflexologienobilis.ch
74.7.242.16 - - [08/Dec/2025:01:29:54 +0100] "GET /reflexologie-amerindienne/?do=newfile&path=/home/clients/bc55d1d9a618a64acfd6a3c258c080a1/web/wp-content/plugins/woocommerce/packages/woocommerce-blocks/assets/js/data HTTP/1.1" 200 7541 "-" "Mozilla/5.0 AppleWebKit/537.36 (KHTML, like Gecko; compatible; GPTBot/1.3; +https://openai.com/gptbot)" reflexologienobilis.ch
74.7.242.16 - - [08/Dec/2025:01:29:55 +0100] "GET /reflexologie-amerindienne/?opt=newfolder&path=/home/clients/bc55d1d9a618a64acfd6a3c258c080a1/web/wp-content/plugins/woocommerce/packages/woocommerce-blocks/assets/js/atomic/components HTTP/1.1" 200 7279 "-" "Mozilla/5.0 AppleWebKit/537.36 (KHTML, like Gecko; compatible; GPTBot/1.3; +https://openai.com/gptbot)" reflexologienobilis.ch
2001:41d0:a:1b7d::1 - - [08/Dec/2025:01:29:55 +0100] "GET /boutique/feed/?filesrc=%2Fhome%2Fclients%2Fbc55d1d9a618a64acfd6a3c258c080a1%2Fweb%2Fwp-content%2Fplugins%2Fdivi-builder%2Fcore%2Fcomponents%2Fapi%2Femail%2FiContact.php&path=%2Fhome%2Fclients%2Fbc55d1d9a618a64acfd6a3c258c080a1%2Fweb%2Fwp-content%2Fplugins%2Fdivi-builder%2Fcore%2Fcomponents%2Fapi%2Femail HTTP/1.1" 200 6130 "-" "Mozilla/5.0 (compatible; MJ12bot/v1.4.8; http://mj12bot.com/)" reflexologienobilis.ch
2001:41d0:303:839c::1 - - [08/Dec/2025:01:29:55 +0100] "GET /boutique/feed/?filesrc=%2Fhome%2Fclients%2Fbc55d1d9a618a64acfd6a3c258c080a1%2Fweb%2Fwp-content%2Fplugins%2Fdivi-builder%2Fincludes%2Fbuilder%2Fstyles%2Fimages%2Fui-icons_777620_256x240.png&path=%2Fhome%2Fclients%2Fbc55d1d9a618a64acfd6a3c258c080a1%2Fweb%2Fwp-content%2Fplugins%2Fdivi-builder%2Fincludes%2Fbuilder%2Fstyles%2Fimages HTTP/1.1" 200 4230 "-" "Mozilla/5.0 (compatible; MJ12bot/v1.4.8; http://mj12bot.com/)" reflexologienobilis.ch
54.88.84.219 - - [08/Dec/2025:01:29:55 +0100] "GET /category/reflexologie/?filesrc=/home/clients/bc55d1d9a618a64acfd6a3c258c080a1/web/wp-admin/js/iris.min.js&path=/home/clients/bc55d1d9a618a64acfd6a3c258c080a1/web/wp-admin/js HTTP/1.1" 200 15004 "-" "Mozilla/5.0 AppleWebKit/537.36 (KHTML, like Gecko; compatible; Amazonbot/0.1; +https://developer.amazon.com/support/amazonbot) Chrome/119.0.6045.214 Safari/537.36" reflexologienobilis.ch
74.7.242.16 - - [08/Dec/2025:01:29:56 +0100] "GET /reflexologie-amerindienne/?opt=newfolder&path=/home/clients/bc55d1d9a618a64acfd6a3c258c080a1/web/wp-content/plugins/woocommerce/packages/woocommerce-blocks/assets/js/data HTTP/1.1" 200 7505 "-" "Mozilla/5.0 AppleWebKit/537.36 (KHTML, like Gecko; compatible; GPTBot/1.3; +https://openai.com/gptbot)" reflexologienobilis.ch
74.7.242.16 - - [08/Dec/2025:01:29:57 +0100] "GET /blog/?act=download&dir=/home/clients/bc55d1d9a618a64acfd6a3c258c080a1/web/wp-content/plugins/woocommerce/includes/legacy/api&file=/home/clients/bc55d1d9a618a64acfd6a3c258c080a1/web/wp-content/plugins/woocommerce/includes/legacy/api/class-wc-rest-legacy-products-controller.php HTTP/1.1" 200 23274 "-" "Mozilla/5.0 AppleWebKit/537.36 (KHTML, like Gecko; compatible; GPTBot/1.3; +https://openai.com/gptbot)" reflexologienobilis.ch
2001:41d0:303:839c::1 - - [08/Dec/2025:01:29:58 +0100] "GET /boutique/feed/?filesrc=/home/clients/bc55d1d9a618a64acfd6a3c258c080a1/web/wp-content/plugins/divi-builder/includes/builder/styles/images/ui-icons_777777_256x240.png&path=/home/clients/bc55d1d9a618a64acfd6a3c258c080a1/web/wp-content/plugins/divi-builder/includes/builder/styles/images HTTP/1.1" 301 4983 "-" "Mozilla/5.0 (compatible; MJ12bot/v1.4.8; http://mj12bot.com/)" reflexologienobilis.ch
2001:41d0:a:1b7d::1 - - [08/Dec/2025:01:29:59 +0100] "GET /boutique/feed/?filesrc=/home/clients/bc55d1d9a618a64acfd6a3c258c080a1/web/wp-content/plugins/divi-builder/core/components/api/email/init.php&path=/home/clients/bc55d1d9a618a64acfd6a3c258c080a1/web/wp-content/plugins/divi-builder/core/components/api/email HTTP/1.1" 301 8801 "-" "Mozilla/5.0 (compatible; MJ12bot/v1.4.8; http://mj12bot.com/)" reflexologienobilis.ch
54.85.7.119 - - [08/Dec/2025:01:29:59 +0100] "GET /category/uncategorized/?filesrc=/home/clients/bc55d1d9a618a64acfd6a3c258c080a1/web/wp-includes/qq4a703e/edit.php&path=/home/clients/bc55d1d9a618a64acfd6a3c258c080a1/web/wp-includes/qq4a703e HTTP/1.1" 200 9386 "-" "Mozilla/5.0 AppleWebKit/537.36 (KHTML, like Gecko; compatible; Amazonbot/0.1; +https://developer.amazon.com/support/amazonbot) Chrome/119.0.6045.214 Safari/537.36" reflexologienobilis.ch
74.7.242.16 - - [08/Dec/2025:01:29:59 +0100] "GET /reflexologie-amerindienne/?do=newfile&path=/home/clients/bc55d1d9a618a64acfd6a3c258c080a1/web/wp-content/plugins/woocommerce/packages/woocommerce-blocks/assets/js/atomic HTTP/1.1" 200 7334 "-" "Mozilla/5.0 AppleWebKit/537.36 (KHTML, like Gecko; compatible; GPTBot/1.3; +https://openai.com/gptbot)" reflexologienobilis.ch
74.7.242.16 - - [08/Dec/2025:01:30:00 +0100] "GET /reflexologie-amerindienne/?opt=newfolder&path=/home/clients/bc55d1d9a618a64acfd6a3c258c080a1/web/wp-content/plugins/woocommerce/packages/woocommerce-blocks/assets/js/utils/test HTTP/1.1" 200 7359 "-" "Mozilla/5.0 AppleWebKit/537.36 (KHTML, like Gecko; compatible; GPTBot/1.3; +https://openai.com/gptbot)" reflexologienobilis.ch
2001:41d0:303:839c::1 - - [08/Dec/2025:01:30:00 +0100] "GET /boutique/feed/?filesrc=%2Fhome%2Fclients%2Fbc55d1d9a618a64acfd6a3c258c080a1%2Fweb%2Fwp-content%2Fplugins%2Fdivi-builder%2Fincludes%2Fbuilder%2Fstyles%2Fimages%2Fui-icons_777777_256x240.png&path=%2Fhome%2Fclients%2Fbc55d1d9a618a64acfd6a3c258c080a1%2Fweb%2Fwp-content%2Fplugins%2Fdivi-builder%2Fincludes%2Fbuilder%2Fstyles%2Fimages HTTP/1.1" 200 4227 "-" "Mozilla/5.0 (compatible; MJ12bot/v1.4.8; http://mj12bot.com/)" reflexologienobilis.ch
2001:41d0:a:1b7d::1 - - [08/Dec/2025:01:30:02 +0100] "GET /boutique/feed/?filesrc=%2Fhome%2Fclients%2Fbc55d1d9a618a64acfd6a3c258c080a1%2Fweb%2Fwp-content%2Fplugins%2Fdivi-builder%2Fcore%2Fcomponents%2Fapi%2Femail%2Finit.php&path=%2Fhome%2Fclients%2Fbc55d1d9a618a64acfd6a3c258c080a1%2Fweb%2Fwp-content%2Fplugins%2Fdivi-builder%2Fcore%2Fcomponents%2Fapi%2Femail HTTP/1.1" 200 5298 "-" "Mozilla/5.0 (compatible; MJ12bot/v1.4.8; http://mj12bot.com/)" reflexologienobilis.ch
2001:41d0:303:839c::1 - - [08/Dec/2025:01:30:03 +0100] "GET /boutique/feed/?filesrc=/home/clients/bc55d1d9a618a64acfd6a3c258c080a1/web/wp-content/plugins/divi-builder/includes/builder/styles/images/ui-icons_cc0000_256x240.png&path=/home/clients/bc55d1d9a618a64acfd6a3c258c080a1/web/wp-content/plugins/divi-builder/includes/builder/styles/images HTTP/1.1" 301 4983 "-" "Mozilla/5.0 (compatible; MJ12bot/v1.4.8; http://mj12bot.com/)" reflexologienobilis.ch
44.218.6.93 - - [08/Dec/2025:01:30:03 +0100] "GET /contact/?path=/home/clients/bc55d1d9a618a64acfd6a3c258c080a1/backups/30-11-2025_10:48:28/web/344465 HTTP/1.1" 200 8141 "-" "Mozilla/5.0 AppleWebKit/537.36 (KHTML, like Gecko; compatible; Amazonbot/0.1; +https://developer.amazon.com/support/amazonbot) Chrome/119.0.6045.214 Safari/537.36" reflexologienobilis.ch
2001:41d0:303:839c::1 - - [08/Dec/2025:01:30:06 +0100] "GET /boutique/feed/?filesrc=%2Fhome%2Fclients%2Fbc55d1d9a618a64acfd6a3c258c080a1%2Fweb%2Fwp-content%2Fplugins%2Fdivi-builder%2Fincludes%2Fbuilder%2Fstyles%2Fimages%2Fui-icons_cc0000_256x240.png&path=%2Fhome%2Fclients%2Fbc55d1d9a618a64acfd6a3c258c080a1%2Fweb%2Fwp-content%2Fplugins%2Fdivi-builder%2Fincludes%2Fbuilder%2Fstyles%2Fimages HTTP/1.1" 200 4228 "-" "Mozilla/5.0 (compatible; MJ12bot/v1.4.8; http://mj12bot.com/)" reflexologienobilis.ch
2001:41d0:a:1b7d::1 - - [08/Dec/2025:01:30:07 +0100] "GET /boutique/feed/?filesrc=/home/clients/bc55d1d9a618a64acfd6a3c258c080a1/web/wp-content/plugins/divi-builder/core/components/api/social/Network.php&path=/home/clients/bc55d1d9a618a64acfd6a3c258c080a1/web/wp-content/plugins/divi-builder/core/components/api/social HTTP/1.1" 301 5734 "-" "Mozilla/5.0 (compatible; MJ12bot/v1.4.8; http://mj12bot.com/)" reflexologienobilis.ch
98.84.184.80 - - [08/Dec/2025:01:30:08 +0100] "GET /contact/?filesrc=/home/clients/bc55d1d9a618a64acfd6a3c258c080a1/web/wp-content/plugins/woo-gutenberg-products-block/assets/js/blocks/featured-product/block.js&path=/home/clients/bc55d1d9a618a64acfd6a3c258c080a1/web/wp-content/plugins/woo-gutenberg-products-block/assets/js/blocks/featured-product HTTP/1.1" 200 11189 "-" "Mozilla/5.0 AppleWebKit/537.36 (KHTML, like Gecko; compatible; Amazonbot/0.1; +https://developer.amazon.com/support/amazonbot) Chrome/119.0.6045.214 Safari/537.36" reflexologienobilis.ch
2001:41d0:303:839c::1 - - [08/Dec/2025:01:30:09 +0100] "GET /boutique/feed/?filesrc=/home/clients/bc55d1d9a618a64acfd6a3c258c080a1/web/wp-content/plugins/divi-builder/includes/builder/styles/images/ui-icons_ffffff_256x240.png&path=/home/clients/bc55d1d9a618a64acfd6a3c258c080a1/web/wp-content/plugins/divi-builder/includes/builder/styles/images HTTP/1.1" 301 4983 "-" "Mozilla/5.0 (compatible; MJ12bot/v1.4.8; http://mj12bot.com/)" reflexologienobilis.ch
2001:41d0:a:1b7d::1 - - [08/Dec/2025:01:30:10 +0100] "GET /boutique/feed/?filesrc=%2Fhome%2Fclients%2Fbc55d1d9a618a64acfd6a3c258c080a1%2Fweb%2Fwp-content%2Fplugins%2Fdivi-builder%2Fcore%2Fcomponents%2Fapi%2Fsocial%2FNetwork.php&path=%2Fhome%2Fclients%2Fbc55d1d9a618a64acfd6a3c258c080a1%2Fweb%2Fwp-content%2Fplugins%2Fdivi-builder%2Fcore%2Fcomponents%2Fapi%2Fsocial HTTP/1.1" 200 4495 "-" "Mozilla/5.0 (compatible; MJ12bot/v1.4.8; http://mj12bot.com/)" reflexologienobilis.ch
2001:41d0:303:839c::1 - - [08/Dec/2025:01:30:12 +0100] "GET /boutique/feed/?filesrc=%2Fhome%2Fclients%2Fbc55d1d9a618a64acfd6a3c258c080a1%2Fweb%2Fwp-content%2Fplugins%2Fdivi-builder%2Fincludes%2Fbuilder%2Fstyles%2Fimages%2Fui-icons_ffffff_256x240.png&path=%2Fhome%2Fclients%2Fbc55d1d9a618a64acfd6a3c258c080a1%2Fweb%2Fwp-content%2Fplugins%2Fdivi-builder%2Fincludes%2Fbuilder%2Fstyles%2Fimages HTTP/1.1" 200 4226 "-" "Mozilla/5.0 (compatible; MJ12bot/v1.4.8; http://mj12bot.com/)" reflexologienobilis.ch
34.192.125.239 - - [08/Dec/2025:01:30:12 +0100] "GET /contact/?filesrc=/home/clients/bc55d1d9a618a64acfd6a3c258c080a1/web/wp-content/plugins/divi-builder/includes/builder/styles/jquery-ui-1.12.1.custom.css&path=/home/clients/bc55d1d9a618a64acfd6a3c258c080a1/web/wp-content/plugins/divi-builder/includes/builder/styles HTTP/1.1" 200 12550 "-" "Mozilla/5.0 AppleWebKit/537.36 (KHTML, like Gecko; compatible; Amazonbot/0.1; +https://developer.amazon.com/support/amazonbot) Chrome/119.0.6045.214 Safari/537.36" reflexologienobilis.ch
8.130.34.44 - - [08/Dec/2025:01:30:14 +0100] "GET /images/toggi-arrow.jpg HTTP/1.1" 200 2481008 "-" "curl/7.54.0" reflexologienobilis.ch
2a03:2880:f804:f:: - - [08/Dec/2025:01:30:12 +0100] "GET /?p=1781845976 HTTP/1.1" 404 62758 "-" "meta-externalagent/1.1 (+https://developers.facebook.com/docs/sharing/webmasters/crawler)" reflexologienobilis.ch
2001:41d0:a:1b7d::1 - - [08/Dec/2025:01:30:14 +0100] "GET /boutique/feed/?filesrc=/home/clients/bc55d1d9a618a64acfd6a3c258c080a1/web/wp-content/plugins/divi-builder/core/components/api/spam/Provider.php&path=/home/clients/bc55d1d9a618a64acfd6a3c258c080a1/web/wp-content/plugins/divi-builder/core/components/api/spam HTTP/1.1" 301 8329 "-" "Mozilla/5.0 (compatible; MJ12bot/v1.4.8; http://mj12bot.com/)" reflexologienobilis.ch
2001:41d0:303:839c::1 - - [08/Dec/2025:01:30:15 +0100] "GET /boutique/feed/?path=/home/clients/bc55d1d9a618a64acfd6a3c258c080a1/web/wp-content/plugins/contact-form-7/includes/js/jquery-ui/themes/smoothness&do=newfile HTTP/1.1" 301 10339 "-" "Mozilla/5.0 (compatible; MJ12bot/v1.4.8; http://mj12bot.com/)" reflexologienobilis.ch
3.89.176.255 - - [08/Dec/2025:01:30:15 +0100] "GET /produit/produit_3/?filesrc=/home/clients/bc55d1d9a618a64acfd6a3c258c080a1/web/wp-content/plugins/divi-builder/includes/builder/languages/id_ID.mo&path=/home/clients/bc55d1d9a618a64acfd6a3c258c080a1/web/wp-content/plugins/divi-builder/includes/builder/languages HTTP/1.1" 200 8972 "-" "Mozilla/5.0 AppleWebKit/537.36 (KHTML, like Gecko; compatible; Amazonbot/0.1; +https://developer.amazon.com/support/amazonbot) Chrome/119.0.6045.214 Safari/537.36" reflexologienobilis.ch
2001:41d0:303:839c::1 - - [08/Dec/2025:01:30:17 +0100] "GET /boutique/feed/?path=%2Fhome%2Fclients%2Fbc55d1d9a618a64acfd6a3c258c080a1%2Fweb%2Fwp-content%2Fplugins%2Fcontact-form-7%2Fincludes%2Fjs%2Fjquery-ui%2Fthemes%2Fsmoothness&do=newfile HTTP/1.1" 200 4735 "-" "Mozilla/5.0 (compatible; MJ12bot/v1.4.8; http://mj12bot.com/)" reflexologienobilis.ch
2001:41d0:a:1b7d::1 - - [08/Dec/2025:01:30:18 +0100] "GET /boutique/feed/?filesrc=%2Fhome%2Fclients%2Fbc55d1d9a618a64acfd6a3c258c080a1%2Fweb%2Fwp-content%2Fplugins%2Fdivi-builder%2Fcore%2Fcomponents%2Fapi%2Fspam%2FProvider.php&path=%2Fhome%2Fclients%2Fbc55d1d9a618a64acfd6a3c258c080a1%2Fweb%2Fwp-content%2Fplugins%2Fdivi-builder%2Fcore%2Fcomponents%2Fapi%2Fspam HTTP/1.1" 200 5145 "-" "Mozilla/5.0 (compatible; MJ12bot/v1.4.8; http://mj12bot.com/)" reflexologienobilis.ch
2001:1600:4:13:d294:66ff:fe7d:42eb - - [08/Dec/2025:01:30:20 +0100] "POST /wp-cron.php?doing_wp_cron=1765153820.5606958866119384765625 HTTP/1.1" 403 996 "https://reflexologienobilis.ch/wp-cron.php?doing_wp_cron=1765153820.5606958866119384765625" "WordPress/5.1.21; https://reflexologienobilis.ch" reflexologienobilis.ch
52.6.5.24 - - [08/Dec/2025:01:30:19 +0100] "GET /article-1/?act=download&dir=/home/clients/bc55d1d9a618a64acfd6a3c258c080a1/web/wp-admin/network&file=/home/clients/bc55d1d9a618a64acfd6a3c258c080a1/web/wp-admin/network/profile.php HTTP/1.1" 200 272 "-" "Mozilla/5.0 AppleWebKit/537.36 (KHTML, like Gecko; compatible; Amazonbot/0.1; +https://developer.amazon.com/support/amazonbot) Chrome/119.0.6045.214 Safari/537.36" reflexologienobilis.ch
2001:41d0:303:839c::1 - - [08/Dec/2025:01:30:20 +0100] "GET /boutique/feed/?path=/home/clients/bc55d1d9a618a64acfd6a3c258c080a1/web/wp-content/plugins/contact-form-7/includes/js/jquery-ui/themes/smoothness&opt=newfolder HTTP/1.1" 301 10235 "-" "Mozilla/5.0 (compatible; MJ12bot/v1.4.8; http://mj12bot.com/)" reflexologienobilis.ch
2001:41d0:a:1b7d::1 - - [08/Dec/2025:01:30:22 +0100] "GET /boutique/feed/?filesrc=/home/clients/bc55d1d9a618a64acfd6a3c258c080a1/web/wp-content/plugins/divi-builder/core/components/api/spam/Providers.php&path=/home/clients/bc55d1d9a618a64acfd6a3c258c080a1/web/wp-content/plugins/divi-builder/core/components/api/spam HTTP/1.1" 301 12262 "-" "Mozilla/5.0 (compatible; MJ12bot/v1.4.8; http://mj12bot.com/)" reflexologienobilis.ch
2001:41d0:303:839c::1 - - [08/Dec/2025:01:30:23 +0100] "GET /boutique/feed/?path=%2Fhome%2Fclients%2Fbc55d1d9a618a64acfd6a3c258c080a1%2Fweb%2Fwp-content%2Fplugins%2Fcontact-form-7%2Fincludes%2Fjs%2Fjquery-ui%2Fthemes%2Fsmoothness&opt=newfolder HTTP/1.1" 200 4703 "-" "Mozilla/5.0 (compatible; MJ12bot/v1.4.8; http://mj12bot.com/)" reflexologienobilis.ch
173.208.176.202 - - [08/Dec/2025:01:29:27 +0100] "GET /wp-includes/ad9d00da/index.php?id=917455 HTTP/1.1" 200 25 "https://reflexologienobilis.ch/wp-includes/ad9d00da/index.php?id=917455" "Mozilla/5.0 (Windows NT 10.0; Win64; x64) AppleWebKit/537.36 (KHTML, like Gecko) Chrome/58.0.3029.110 Safari/537.3" reflexologienobilis.ch
34.195.60.66 - - [08/Dec/2025:01:30:24 +0100] "GET /produit/produit_3/?filesrc=/home/clients/bc55d1d9a618a64acfd6a3c258c080a1/web/wp-content/themes/twentyseventeen/inc/icon-functions.php&path=/home/clients/bc55d1d9a618a64acfd6a3c258c080a1/web/wp-content/themes/twentyseventeen/inc HTTP/1.1" 200 11251 "-" "Mozilla/5.0 AppleWebKit/537.36 (KHTML, like Gecko; compatible; Amazonbot/0.1; +https://developer.amazon.com/support/amazonbot) Chrome/119.0.6045.214 Safari/537.36" reflexologienobilis.ch
2001:41d0:303:839c::1 - - [08/Dec/2025:01:30:25 +0100] "GET /boutique/feed/?path=/home/clients/bc55d1d9a618a64acfd6a3c258c080a1/web/wp-content/plugins/contact-form-7/includes/js/jquery-ui/themes/smoothness/images HTTP/1.1" 301 23326 "-" "Mozilla/5.0 (compatible; MJ12bot/v1.4.8; http://mj12bot.com/)" reflexologienobilis.ch
2001:41d0:a:1b7d::1 - - [08/Dec/2025:01:30:26 +0100] "GET /boutique/feed/?filesrc=%2Fhome%2Fclients%2Fbc55d1d9a618a64acfd6a3c258c080a1%2Fweb%2Fwp-content%2Fplugins%2Fdivi-builder%2Fcore%2Fcomponents%2Fapi%2Fspam%2FProviders.php&path=%2Fhome%2Fclients%2Fbc55d1d9a618a64acfd6a3c258c080a1%2Fweb%2Fwp-content%2Fplugins%2Fdivi-builder%2Fcore%2Fcomponents%2Fapi%2Fspam HTTP/1.1" 200 6092 "-" "Mozilla/5.0 (compatible; MJ12bot/v1.4.8; http://mj12bot.com/)" reflexologienobilis.ch
98.83.178.66 - - [08/Dec/2025:01:30:28 +0100] "GET /consultation-cabinet/?filesrc=/home/clients/bc55d1d9a618a64acfd6a3c258c080a1/web/wp-includes/js/dist/format-library.js&path=/home/clients/bc55d1d9a618a64acfd6a3c258c080a1/web/wp-includes/js/dist HTTP/1.1" 200 17656 "-" "Mozilla/5.0 AppleWebKit/537.36 (KHTML, like Gecko; compatible; Amazonbot/0.1; +https://developer.amazon.com/support/amazonbot) Chrome/119.0.6045.214 Safari/537.36" reflexologienobilis.ch
2001:41d0:303:839c::1 - - [08/Dec/2025:01:30:28 +0100] "GET /boutique/feed/?path=%2Fhome%2Fclients%2Fbc55d1d9a618a64acfd6a3c258c080a1%2Fweb%2Fwp-content%2Fplugins%2Fcontact-form-7%2Fincludes%2Fjs%2Fjquery-ui%2Fthemes%2Fsmoothness%2Fimages HTTP/1.1" 200 4987 "-" "Mozilla/5.0 (compatible; MJ12bot/v1.4.8; http://mj12bot.com/)" reflexologienobilis.ch
2001:41d0:a:1b7d::1 - - [08/Dec/2025:01:30:32 +0100] "GET /boutique/feed/?filesrc=/home/clients/bc55d1d9a618a64acfd6a3c258c080a1/web/wp-content/plugins/divi-builder/core/components/api/spam/ReCaptcha.php&path=/home/clients/bc55d1d9a618a64acfd6a3c258c080a1/web/wp-content/plugins/divi-builder/core/components/api/spam HTTP/1.1" 200 25 "-" "Mozilla/5.0 (compatible; MJ12bot/v1.4.8; http://mj12bot.com/)" reflexologienobilis.ch
2001:41d0:303:839c::1 - - [08/Dec/2025:01:30:31 +0100] "GET /boutique/feed/?path=/home/clients/bc55d1d9a618a64acfd6a3c258c080a1/web/wp-content/plugins/divi-builder/core/admin/images/epanel&do=newfile HTTP/1.1" 301 26288 "-" "Mozilla/5.0 (compatible; MJ12bot/v1.4.8; http://mj12bot.com/)" reflexologienobilis.ch
52.54.95.127 - - [08/Dec/2025:01:30:32 +0100] "GET /produit/produit_1/?filesrc=/home/clients/bc55d1d9a618a64acfd6a3c258c080a1/web/wp-content/plugins/woocommerce/assets/js/frontend/single-product.min.js&path=/home/clients/bc55d1d9a618a64acfd6a3c258c080a1/web/wp-content/plugins/woocommerce/assets/js/frontend HTTP/1.1" 200 11947 "-" "Mozilla/5.0 AppleWebKit/537.36 (KHTML, like Gecko; compatible; Amazonbot/0.1; +https://developer.amazon.com/support/amazonbot) Chrome/119.0.6045.214 Safari/537.36" reflexologienobilis.ch
2001:41d0:a:1b7d::1 - - [08/Dec/2025:01:30:35 +0100] "GET /boutique/feed/?filesrc=/home/clients/bc55d1d9a618a64acfd6a3c258c080a1/web/wp-content/plugins/divi-builder/core/components/api/spam/init.php&path=/home/clients/bc55d1d9a618a64acfd6a3c258c080a1/web/wp-content/plugins/divi-builder/core/components/api/spam HTTP/1.1" 301 7339 "-" "Mozilla/5.0 (compatible; MJ12bot/v1.4.8; http://mj12bot.com/)" reflexologienobilis.ch
2001:41d0:303:839c::1 - - [08/Dec/2025:01:30:34 +0100] "GET /boutique/feed/?path=%2Fhome%2Fclients%2Fbc55d1d9a618a64acfd6a3c258c080a1%2Fweb%2Fwp-content%2Fplugins%2Fdivi-builder%2Fcore%2Fadmin%2Fimages%2Fepanel&do=newfile HTTP/1.1" 200 5128 "-" "Mozilla/5.0 (compatible; MJ12bot/v1.4.8; http://mj12bot.com/)" reflexologienobilis.ch
107.20.181.148 - - [08/Dec/2025:01:30:36 +0100] "GET /produit/produit_1/?filesrc=/home/clients/bc55d1d9a618a64acfd6a3c258c080a1/web/wp-content/plugins/woocommerce/templates/notices/i18ns/index.php&path=/home/clients/bc55d1d9a618a64acfd6a3c258c080a1/web/wp-content/plugins/woocommerce/templates/notices/i18ns HTTP/1.1" 200 10826 "-" "Mozilla/5.0 AppleWebKit/537.36 (KHTML, like Gecko; compatible; Amazonbot/0.1; +https://developer.amazon.com/support/amazonbot) Chrome/119.0.6045.214 Safari/537.36" reflexologienobilis.ch
2001:41d0:a:1b7d::1 - - [08/Dec/2025:01:30:39 +0100] "GET /boutique/feed/?filesrc=%2Fhome%2Fclients%2Fbc55d1d9a618a64acfd6a3c258c080a1%2Fweb%2Fwp-content%2Fplugins%2Fdivi-builder%2Fcore%2Fcomponents%2Fapi%2Fspam%2Finit.php&path=%2Fhome%2Fclients%2Fbc55d1d9a618a64acfd6a3c258c080a1%2Fweb%2Fwp-content%2Fplugins%2Fdivi-builder%2Fcore%2Fcomponents%2Fapi%2Fspam HTTP/1.1" 200 4958 "-" "Mozilla/5.0 (compatible; MJ12bot/v1.4.8; http://mj12bot.com/)" reflexologienobilis.ch
2001:41d0:303:839c::1 - - [08/Dec/2025:01:30:38 +0100] "GET /boutique/feed/?path=/home/clients/bc55d1d9a618a64acfd6a3c258c080a1/web/wp-content/plugins/divi-builder/core/admin/images/epanel&opt=newfolder HTTP/1.1" 301 26184 "-" "Mozilla/5.0 (compatible; MJ12bot/v1.4.8; http://mj12bot.com/)" reflexologienobilis.ch
52.70.138.176 - - [08/Dec/2025:01:30:39 +0100] "GET /contact/?opt=newfolder&path=/home/clients/bc55d1d9a618a64acfd6a3c258c080a1/web/wp-content/plugins/woocommerce/packages/woocommerce-rest-api/src/Controllers HTTP/1.1" 200 8520 "-" "Mozilla/5.0 AppleWebKit/537.36 (KHTML, like Gecko; compatible; Amazonbot/0.1; +https://developer.amazon.com/support/amazonbot) Chrome/119.0.6045.214 Safari/537.36" reflexologienobilis.ch
2001:41d0:303:839c::1 - - [08/Dec/2025:01:30:40 +0100] "GET /boutique/feed/?path=%2Fhome%2Fclients%2Fbc55d1d9a618a64acfd6a3c258c080a1%2Fweb%2Fwp-content%2Fplugins%2Fdivi-builder%2Fcore%2Fadmin%2Fimages%2Fepanel&opt=newfolder HTTP/1.1" 200 5095 "-" "Mozilla/5.0 (compatible; MJ12bot/v1.4.8; http://mj12bot.com/)" reflexologienobilis.ch
2001:41d0:a:1b7d::1 - - [08/Dec/2025:01:30:42 +0100] "GET /boutique/feed/?filesrc=/home/clients/bc55d1d9a618a64acfd6a3c258c080a1/web/wp-content/plugins/divi-builder/includes/builder/api/rest/BlockLayout.php&path=/home/clients/bc55d1d9a618a64acfd6a3c258c080a1/web/wp-content/plugins/divi-builder/includes/builder/api/rest HTTP/1.1" 301 12450 "-" "Mozilla/5.0 (compatible; MJ12bot/v1.4.8; http://mj12bot.com/)" reflexologienobilis.ch
2001:41d0:303:839c::1 - - [08/Dec/2025:01:30:43 +0100] "GET /boutique/feed/?path=/home/clients/bc55d1d9a618a64acfd6a3c258c080a1/web/wp-content/plugins/divi-builder/core/components/api/email&do=newfile HTTP/1.1" 200 2632 "-" "Mozilla/5.0 (compatible; MJ12bot/v1.4.8; http://mj12bot.com/)" reflexologienobilis.ch
3.224.215.150 - - [08/Dec/2025:01:30:44 +0100] "GET /contact/?opt=newfolder&path=/home/clients/bc55d1d9a618a64acfd6a3c258c080a1/web/wp-content/plugins/woocommerce/packages/woocommerce-rest-api/src/Utilities HTTP/1.1" 200 8554 "-" "Mozilla/5.0 AppleWebKit/537.36 (KHTML, like Gecko; compatible; Amazonbot/0.1; +https://developer.amazon.com/support/amazonbot) Chrome/119.0.6045.214 Safari/537.36" reflexologienobilis.ch
2001:41d0:303:839c::1 - - [08/Dec/2025:01:30:46 +0100] "GET /boutique/feed/?path=/home/clients/bc55d1d9a618a64acfd6a3c258c080a1/web/wp-content/plugins/divi-builder/core/components/api/email&opt=newfolder HTTP/1.1" 301 37108 "-" "Mozilla/5.0 (compatible; MJ12bot/v1.4.8; http://mj12bot.com/)" reflexologienobilis.ch
50.16.248.61 - - [08/Dec/2025:01:30:48 +0100] "GET /contact/?filesrc=/home/clients/bc55d1d9a618a64acfd6a3c258c080a1/web/wp-content/plugins/divi-builder/includes/builder/plugin-compat/advanced-custom-fields.php&path=/home/clients/bc55d1d9a618a64acfd6a3c258c080a1/web/wp-content/plugins/divi-builder/includes/builder/plugin-compat HTTP/1.1" 200 10819 "-" "Mozilla/5.0 AppleWebKit/537.36 (KHTML, like Gecko; compatible; Amazonbot/0.1; +https://developer.amazon.com/support/amazonbot) Chrome/119.0.6045.214 Safari/537.36" reflexologienobilis.ch
2001:41d0:a:1b7d::1 - - [08/Dec/2025:01:30:46 +0100] "GET /boutique/feed/?filesrc=%2Fhome%2Fclients%2Fbc55d1d9a618a64acfd6a3c258c080a1%2Fweb%2Fwp-content%2Fplugins%2Fdivi-builder%2Fincludes%2Fbuilder%2Fapi%2Frest%2FBlockLayout.php&path=%2Fhome%2Fclients%2Fbc55d1d9a618a64acfd6a3c258c080a1%2Fweb%2Fwp-content%2Fplugins%2Fdivi-builder%2Fincludes%2Fbuilder%2Fapi%2Frest HTTP/1.1" 200 6093 "-" "Mozilla/5.0 (compatible; MJ12bot/v1.4.8; http://mj12bot.com/)" reflexologienobilis.ch
2001:41d0:303:839c::1 - - [08/Dec/2025:01:30:48 +0100] "GET /boutique/feed/?path=%2Fhome%2Fclients%2Fbc55d1d9a618a64acfd6a3c258c080a1%2Fweb%2Fwp-content%2Fplugins%2Fdivi-builder%2Fcore%2Fcomponents%2Fapi%2Femail&opt=newfolder HTTP/1.1" 200 5446 "-" "Mozilla/5.0 (compatible; MJ12bot/v1.4.8; http://mj12bot.com/)" reflexologienobilis.ch
2001:41d0:a:1b7d::1 - - [08/Dec/2025:01:30:50 +0100] "GET /boutique/feed/?filesrc=/home/clients/bc55d1d9a618a64acfd6a3c258c080a1/web/wp-content/plugins/divi-builder/includes/builder/feature/custom-defaults/History.php&path=/home/clients/bc55d1d9a618a64acfd6a3c258c080a1/web/wp-content/plugins/divi-builder/includes/builder/feature/custom-defaults HTTP/1.1" 301 11231 "-" "Mozilla/5.0 (compatible; MJ12bot/v1.4.8; http://mj12bot.com/)" reflexologienobilis.ch
2001:41d0:303:839c::1 - - [08/Dec/2025:01:30:51 +0100] "GET /boutique/feed/?path=/home/clients/bc55d1d9a618a64acfd6a3c258c080a1/web/wp-content/plugins/divi-builder/core/components/api/social&do=newfile HTTP/1.1" 301 6382 "-" "Mozilla/5.0 (compatible; MJ12bot/v1.4.8; http://mj12bot.com/)" reflexologienobilis.ch
34.236.185.101 - - [08/Dec/2025:01:30:52 +0100] "GET /produit/produit_2/?filesrc=/home/clients/bc55d1d9a618a64acfd6a3c258c080a1/web/wp-content/plugins/woocommerce/assets/js/admin/wc-product-import.min.js&path=/home/clients/bc55d1d9a618a64acfd6a3c258c080a1/web/wp-content/plugins/woocommerce/assets/js/admin HTTP/1.1" 200 9160 "-" "Mozilla/5.0 AppleWebKit/537.36 (KHTML, like Gecko; compatible; Amazonbot/0.1; +https://developer.amazon.com/support/amazonbot) Chrome/119.0.6045.214 Safari/537.36" reflexologienobilis.ch
2001:41d0:a:1b7d::1 - - [08/Dec/2025:01:30:53 +0100] "GET /boutique/feed/?filesrc=%2Fhome%2Fclients%2Fbc55d1d9a618a64acfd6a3c258c080a1%2Fweb%2Fwp-content%2Fplugins%2Fdivi-builder%2Fincludes%2Fbuilder%2Ffeature%2Fcustom-defaults%2FHistory.php&path=%2Fhome%2Fclients%2Fbc55d1d9a618a64acfd6a3c258c080a1%2Fweb%2Fwp-content%2Fplugins%2Fdivi-builder%2Fincludes%2Fbuilder%2Ffeature%2Fcustom-defaults HTTP/1.1" 200 5895 "-" "Mozilla/5.0 (compatible; MJ12bot/v1.4.8; http://mj12bot.com/)" reflexologienobilis.ch
2001:41d0:303:839c::1 - - [08/Dec/2025:01:30:54 +0100] "GET /boutique/feed/?path=%2Fhome%2Fclients%2Fbc55d1d9a618a64acfd6a3c258c080a1%2Fweb%2Fwp-content%2Fplugins%2Fdivi-builder%2Fcore%2Fcomponents%2Fapi%2Fsocial&do=newfile HTTP/1.1" 200 4561 "-" "Mozilla/5.0 (compatible; MJ12bot/v1.4.8; http://mj12bot.com/)" reflexologienobilis.ch
98.82.59.253 - - [08/Dec/2025:01:30:56 +0100] "GET /produit/produit_2/?filesrc=/home/clients/bc55d1d9a618a64acfd6a3c258c080a1/web/wp-content/plugins/woocommerce/includes/customizer/upgrades/index.php&path=/home/clients/bc55d1d9a618a64acfd6a3c258c080a1/web/wp-content/plugins/woocommerce/includes/customizer/upgrades HTTP/1.1" 200 9682 "-" "Mozilla/5.0 AppleWebKit/537.36 (KHTML, like Gecko; compatible; Amazonbot/0.1; +https://developer.amazon.com/support/amazonbot) Chrome/119.0.6045.214 Safari/537.36" reflexologienobilis.ch
2001:41d0:303:839c::1 - - [08/Dec/2025:01:30:56 +0100] "GET /boutique/feed/?path=/home/clients/bc55d1d9a618a64acfd6a3c258c080a1/web/wp-content/plugins/divi-builder/core/components/api/social&opt=newfolder HTTP/1.1" 301 6278 "-" "Mozilla/5.0 (compatible; MJ12bot/v1.4.8; http://mj12bot.com/)" reflexologienobilis.ch
2001:41d0:a:1b7d::1 - - [08/Dec/2025:01:30:57 +0100] "GET /boutique/feed/?filesrc=/home/clients/bc55d1d9a618a64acfd6a3c258c080a1/web/wp-content/plugins/divi-builder/includes/builder/feature/custom-defaults/Settings.php&path=/home/clients/bc55d1d9a618a64acfd6a3c258c080a1/web/wp-content/plugins/divi-builder/includes/builder/feature/custom-defaults HTTP/1.1" 301 13737 "-" "Mozilla/5.0 (compatible; MJ12bot/v1.4.8; http://mj12bot.com/)" reflexologienobilis.ch
2001:41d0:303:839c::1 - - [08/Dec/2025:01:30:59 +0100] "GET /boutique/feed/?path=%2Fhome%2Fclients%2Fbc55d1d9a618a64acfd6a3c258c080a1%2Fweb%2Fwp-content%2Fplugins%2Fdivi-builder%2Fcore%2Fcomponents%2Fapi%2Fsocial&opt=newfolder HTTP/1.1" 200 4528 "-" "Mozilla/5.0 (compatible; MJ12bot/v1.4.8; http://mj12bot.com/)" reflexologienobilis.ch
50.16.248.61 - - [08/Dec/2025:01:30:59 +0100] "GET /categorie-produit/en-vente-au-magasin/?filesrc=/home/clients/bc55d1d9a618a64acfd6a3c258c080a1/web/wp-content/plugins/woocommerce/assets/css/marketplace-suggestions.css&path=/home/clients/bc55d1d9a618a64acfd6a3c258c080a1/web/wp-content/plugins/woocommerce/assets/css HTTP/1.1" 200 8162 "-" "Mozilla/5.0 AppleWebKit/537.36 (KHTML, like Gecko; compatible; Amazonbot/0.1; +https://developer.amazon.com/support/amazonbot) Chrome/119.0.6045.214 Safari/537.36" reflexologienobilis.ch
2001:41d0:303:839c::1 - - [08/Dec/2025:01:31:01 +0100] "GET /boutique/feed/?path=/home/clients/bc55d1d9a618a64acfd6a3c258c080a1/web/wp-content/plugins/divi-builder/core/components/api/spam&do=newfile HTTP/1.1" 301 10032 "-" "Mozilla/5.0 (compatible; MJ12bot/v1.4.8; http://mj12bot.com/)" reflexologienobilis.ch
2001:41d0:a:1b7d::1 - - [08/Dec/2025:01:31:01 +0100] "GET /boutique/feed/?filesrc=%2Fhome%2Fclients%2Fbc55d1d9a618a64acfd6a3c258c080a1%2Fweb%2Fwp-content%2Fplugins%2Fdivi-builder%2Fincludes%2Fbuilder%2Ffeature%2Fcustom-defaults%2FSettings.php&path=%2Fhome%2Fclients%2Fbc55d1d9a618a64acfd6a3c258c080a1%2Fweb%2Fwp-content%2Fplugins%2Fdivi-builder%2Fincludes%2Fbuilder%2Ffeature%2Fcustom-defaults HTTP/1.1" 200 6529 "-" "Mozilla/5.0 (compatible; MJ12bot/v1.4.8; http://mj12bot.com/)" reflexologienobilis.ch
18.232.11.247 - - [08/Dec/2025:01:31:03 +0100] "GET /article-1/?filesrc=/home/clients/bc55d1d9a618a64acfd6a3c258c080a1/web/wp-admin/js/widgets/media-audio-widget.min.js&path=/home/clients/bc55d1d9a618a64acfd6a3c258c080a1/web/wp-admin/js/widgets HTTP/1.1" 200 8204 "-" "Mozilla/5.0 AppleWebKit/537.36 (KHTML, like Gecko; compatible; Amazonbot/0.1; +https://developer.amazon.com/support/amazonbot) Chrome/119.0.6045.214 Safari/537.36" reflexologienobilis.ch
2001:41d0:303:839c::1 - - [08/Dec/2025:01:31:04 +0100] "GET /boutique/feed/?path=%2Fhome%2Fclients%2Fbc55d1d9a618a64acfd6a3c258c080a1%2Fweb%2Fwp-content%2Fplugins%2Fdivi-builder%2Fcore%2Fcomponents%2Fapi%2Fspam&do=newfile HTTP/1.1" 200 4679 "-" "Mozilla/5.0 (compatible; MJ12bot/v1.4.8; http://mj12bot.com/)" reflexologienobilis.ch
2001:41d0:a:1b7d::1 - - [08/Dec/2025:01:31:04 +0100] "GET /boutique/feed/?filesrc=/home/clients/bc55d1d9a618a64acfd6a3c258c080a1/web/wp-content/plugins/divi-builder/includes/builder/frontend-builder/build/boot.js&path=/home/clients/bc55d1d9a618a64acfd6a3c258c080a1/web/wp-content/plugins/divi-builder/includes/builder/frontend-builder/build HTTP/1.1" 301 45382 "-" "Mozilla/5.0 (compatible; MJ12bot/v1.4.8; http://mj12bot.com/)" reflexologienobilis.ch
2001:41d0:303:839c::1 - - [08/Dec/2025:01:31:06 +0100] "GET /boutique/feed/?path=/home/clients/bc55d1d9a618a64acfd6a3c258c080a1/web/wp-content/plugins/divi-builder/core/components/api/spam&opt=newfolder HTTP/1.1" 301 9928 "-" "Mozilla/5.0 (compatible; MJ12bot/v1.4.8; http://mj12bot.com/)" reflexologienobilis.ch
2001:41d0:a:1b7d::1 - - [08/Dec/2025:01:31:09 +0100] "GET /boutique/feed/?filesrc=%2Fhome%2Fclients%2Fbc55d1d9a618a64acfd6a3c258c080a1%2Fweb%2Fwp-content%2Fplugins%2Fdivi-builder%2Fincludes%2Fbuilder%2Ffrontend-builder%2Fbuild%2Fboot.js&path=%2Fhome%2Fclients%2Fbc55d1d9a618a64acfd6a3c258c080a1%2Fweb%2Fwp-content%2Fplugins%2Fdivi-builder%2Fincludes%2Fbuilder%2Ffrontend-builder%2Fbuild HTTP/1.1" 200 16123 "-" "Mozilla/5.0 (compatible; MJ12bot/v1.4.8; http://mj12bot.com/)" reflexologienobilis.ch
2001:41d0:303:839c::1 - - [08/Dec/2025:01:31:09 +0100] "GET /boutique/feed/?path=%2Fhome%2Fclients%2Fbc55d1d9a618a64acfd6a3c258c080a1%2Fweb%2Fwp-content%2Fplugins%2Fdivi-builder%2Fcore%2Fcomponents%2Fapi%2Fspam&opt=newfolder HTTP/1.1" 200 4646 "-" "Mozilla/5.0 (compatible; MJ12bot/v1.4.8; http://mj12bot.com/)" reflexologienobilis.ch
52.71.218.25 - - [08/Dec/2025:01:31:07 +0100] "GET /produit/produit_2/?filesrc=/home/clients/bc55d1d9a618a64acfd6a3c258c080a1/web/wp-content/plugins/woocommerce/includes/admin/meta-boxes/class-wc-meta-box-product-data.php&path=/home/clients/bc55d1d9a618a64acfd6a3c258c080a1/web/wp-content/plugins/woocommerce/includes/admin/meta-boxes HTTP/1.1" 200 13547 "-" "Mozilla/5.0 AppleWebKit/537.36 (KHTML, like Gecko; compatible; Amazonbot/0.1; +https://developer.amazon.com/support/amazonbot) Chrome/119.0.6045.214 Safari/537.36" reflexologienobilis.ch
2001:41d0:303:839c::1 - - [08/Dec/2025:01:31:12 +0100] "GET /boutique/feed/?path=/home/clients/bc55d1d9a618a64acfd6a3c258c080a1/web/wp-content/plugins/divi-builder/includes/builder/api/rest&do=newfile HTTP/1.1" 301 6395 "-" "Mozilla/5.0 (compatible; MJ12bot/v1.4.8; http://mj12bot.com/)" reflexologienobilis.ch
98.82.107.102 - - [08/Dec/2025:01:31:12 +0100] "GET /produit/produit_1/?filesrc=/home/clients/bc55d1d9a618a64acfd6a3c258c080a1/web/wp-content/plugins/woocommerce/includes/data-stores/query-content/index.php&path=/home/clients/bc55d1d9a618a64acfd6a3c258c080a1/web/wp-content/plugins/woocommerce/includes/data-stores/query-content HTTP/1.1" 200 11087 "-" "Mozilla/5.0 AppleWebKit/537.36 (KHTML, like Gecko; compatible; Amazonbot/0.1; +https://developer.amazon.com/support/amazonbot) Chrome/119.0.6045.214 Safari/537.36" reflexologienobilis.ch
2001:41d0:a:1b7d::1 - - [08/Dec/2025:01:31:13 +0100] "GET /boutique/feed/?filesrc=/home/clients/bc55d1d9a618a64acfd6a3c258c080a1/web/wp-content/plugins/divi-builder/includes/builder/frontend-builder/build/bundle.css&path=/home/clients/bc55d1d9a618a64acfd6a3c258c080a1/web/wp-content/plugins/divi-builder/includes/builder/frontend-builder/build HTTP/1.1" 301 620012 "-" "Mozilla/5.0 (compatible; MJ12bot/v1.4.8; http://mj12bot.com/)" reflexologienobilis.ch
2001:41d0:303:839c::1 - - [08/Dec/2025:01:31:15 +0100] "GET /boutique/feed/?path=%2Fhome%2Fclients%2Fbc55d1d9a618a64acfd6a3c258c080a1%2Fweb%2Fwp-content%2Fplugins%2Fdivi-builder%2Fincludes%2Fbuilder%2Fapi%2Frest&do=newfile HTTP/1.1" 200 4555 "-" "Mozilla/5.0 (compatible; MJ12bot/v1.4.8; http://mj12bot.com/)" reflexologienobilis.ch
54.197.114.76 - - [08/Dec/2025:01:31:16 +0100] "GET /produit/produit_1/?filesrc=/home/clients/bc55d1d9a618a64acfd6a3c258c080a1/web/wp-content/plugins/woocommerce/assets/js/requests/index.php&path=/home/clients/bc55d1d9a618a64acfd6a3c258c080a1/web/wp-content/plugins/woocommerce/assets/js/requests HTTP/1.1" 200 10815 "-" "Mozilla/5.0 AppleWebKit/537.36 (KHTML, like Gecko; compatible; Amazonbot/0.1; +https://developer.amazon.com/support/amazonbot) Chrome/119.0.6045.214 Safari/537.36" reflexologienobilis.ch
2001:41d0:a:1b7d::1 - - [08/Dec/2025:01:31:16 +0100] "GET /boutique/feed/?filesrc=%2Fhome%2Fclients%2Fbc55d1d9a618a64acfd6a3c258c080a1%2Fweb%2Fwp-content%2Fplugins%2Fdivi-builder%2Fincludes%2Fbuilder%2Ffrontend-builder%2Fbuild%2Fbundle.css&path=%2Fhome%2Fclients%2Fbc55d1d9a618a64acfd6a3c258c080a1%2Fweb%2Fwp-content%2Fplugins%2Fdivi-builder%2Fincludes%2Fbuilder%2Ffrontend-builder%2Fbuild HTTP/1.1" 200 57925 "-" "Mozilla/5.0 (compatible; MJ12bot/v1.4.8; http://mj12bot.com/)" reflexologienobilis.ch
2001:41d0:303:839c::1 - - [08/Dec/2025:01:31:18 +0100] "GET /boutique/feed/?path=/home/clients/bc55d1d9a618a64acfd6a3c258c080a1/web/wp-content/plugins/divi-builder/includes/builder/api/rest&opt=newfolder HTTP/1.1" 301 6291 "-" "Mozilla/5.0 (compatible; MJ12bot/v1.4.8; http://mj12bot.com/)" reflexologienobilis.ch
2a03:2880:f804:1f:: - - [08/Dec/2025:01:31:19 +0100] "GET /?p=4214695348 HTTP/1.1" 404 62758 "-" "meta-externalagent/1.1 (+https://developers.facebook.com/docs/sharing/webmasters/crawler)" reflexologienobilis.ch
2001:1600:4:13:d294:66ff:fe7d:42eb - - [08/Dec/2025:01:31:20 +0100] "POST /wp-cron.php?doing_wp_cron=1765153880.8204460144042968750000 HTTP/1.1" 403 996 "https://reflexologienobilis.ch/wp-cron.php?doing_wp_cron=1765153880.8204460144042968750000" "WordPress/5.1.21; https://reflexologienobilis.ch" reflexologienobilis.ch
2001:41d0:303:839c::1 - - [08/Dec/2025:01:31:20 +0100] "GET /boutique/feed/?path=%2Fhome%2Fclients%2Fbc55d1d9a618a64acfd6a3c258c080a1%2Fweb%2Fwp-content%2Fplugins%2Fdivi-builder%2Fincludes%2Fbuilder%2Fapi%2Frest&opt=newfolder HTTP/1.1" 200 4522 "-" "Mozilla/5.0 (compatible; MJ12bot/v1.4.8; http://mj12bot.com/)" reflexologienobilis.ch
2001:41d0:a:1b7d::1 - - [08/Dec/2025:01:31:20 +0100] "GET /boutique/feed/?filesrc=/home/clients/bc55d1d9a618a64acfd6a3c258c080a1/web/wp-content/plugins/divi-builder/includes/builder/frontend-builder/build/bundle.devtools.12556b9a.js&path=/home/clients/bc55d1d9a618a64acfd6a3c258c080a1/web/wp-content/plugins/divi-builder/includes/builder/frontend-builder/build HTTP/1.1" 301 20863 "-" "Mozilla/5.0 (compatible; MJ12bot/v1.4.8; http://mj12bot.com/)" reflexologienobilis.ch
184.73.167.217 - - [08/Dec/2025:01:31:19 +0100] "GET /produit/produit_2/?filesrc=/home/clients/bc55d1d9a618a64acfd6a3c258c080a1/web/wp-content/plugins/yith-woocommerce-catalog-mode/plugin-fw/assets/css/yit-plugin-panel.css&path=/home/clients/bc55d1d9a618a64acfd6a3c258c080a1/web/wp-content/plugins/yith-woocommerce-catalog-mode/plugin-fw/assets/css HTTP/1.1" 200 11834 "-" "Mozilla/5.0 AppleWebKit/537.36 (KHTML, like Gecko; compatible; Amazonbot/0.1; +https://developer.amazon.com/support/amazonbot) Chrome/119.0.6045.214 Safari/537.36" reflexologienobilis.ch
34.234.206.30 - - [08/Dec/2025:01:31:23 +0100] "GET /2017/02/?filesrc=/home/clients/bc55d1d9a618a64acfd6a3c258c080a1/web/wp-content/languages/index.php&path=/home/clients/bc55d1d9a618a64acfd6a3c258c080a1/web/wp-content/languages HTTP/1.1" 200 79425 "-" "Mozilla/5.0 AppleWebKit/537.36 (KHTML, like Gecko; compatible; Amazonbot/0.1; +https://developer.amazon.com/support/amazonbot) Chrome/119.0.6045.214 Safari/537.36" reflexologienobilis.ch
173.208.176.202 - - [08/Dec/2025:01:30:27 +0100] "GET /wp-includes/ad9d00da/index.php?id=917455 HTTP/1.1" 200 25 "https://reflexologienobilis.ch/wp-includes/ad9d00da/index.php?id=917455" "Mozilla/5.0 (Windows NT 10.0; Win64; x64) AppleWebKit/537.36 (KHTML, like Gecko) Chrome/58.0.3029.110 Safari/537.3" reflexologienobilis.ch
2001:41d0:303:839c::1 - - [08/Dec/2025:01:31:23 +0100] "GET /boutique/feed/?path=/home/clients/bc55d1d9a618a64acfd6a3c258c080a1/web/wp-content/plugins/divi-builder/includes/builder/feature/custom-defaults&do=newfile HTTP/1.1" 301 7792 "-" "Mozilla/5.0 (compatible; MJ12bot/v1.4.8; http://mj12bot.com/)" reflexologienobilis.ch
2001:41d0:a:1b7d::1 - - [08/Dec/2025:01:31:24 +0100] "GET /boutique/feed/?filesrc=%2Fhome%2Fclients%2Fbc55d1d9a618a64acfd6a3c258c080a1%2Fweb%2Fwp-content%2Fplugins%2Fdivi-builder%2Fincludes%2Fbuilder%2Ffrontend-builder%2Fbuild%2Fbundle.devtools.12556b9a.js&path=%2Fhome%2Fclients%2Fbc55d1d9a618a64acfd6a3c258c080a1%2Fweb%2Fwp-content%2Fplugins%2Fdivi-builder%2Fincludes%2Fbuilder%2Ffrontend-builder%2Fbuild HTTP/1.1" 200 8475 "-" "Mozilla/5.0 (compatible; MJ12bot/v1.4.8; http://mj12bot.com/)" reflexologienobilis.ch
2001:41d0:303:839c::1 - - [08/Dec/2025:01:31:25 +0100] "GET /boutique/feed/?path=%2Fhome%2Fclients%2Fbc55d1d9a618a64acfd6a3c258c080a1%2Fweb%2Fwp-content%2Fplugins%2Fdivi-builder%2Fincludes%2Fbuilder%2Ffeature%2Fcustom-defaults&do=newfile HTTP/1.1" 200 4621 "-" "Mozilla/5.0 (compatible; MJ12bot/v1.4.8; http://mj12bot.com/)" reflexologienobilis.ch
2001:41d0:303:839c::1 - - [08/Dec/2025:01:31:28 +0100] "GET /boutique/feed/?path=/home/clients/bc55d1d9a618a64acfd6a3c258c080a1/web/wp-content/plugins/divi-builder/includes/builder/feature/custom-defaults&opt=newfolder HTTP/1.1" 301 7688 "-" "Mozilla/5.0 (compatible; MJ12bot/v1.4.8; http://mj12bot.com/)" reflexologienobilis.ch
