2001:41d0:303:839c::1 - - [08/Dec/2025:01:28:33 +0100] "GET /boutique/feed/?filesrc=%2Fhome%2Fclients%2Fbc55d1d9a618a64acfd6a3c258c080a1%2Fweb%2Fwp-content%2Fplugins%2Fdivi-builder%2Fincludes%2Fbuilder%2Fscripts%2Fext%2Fsalvattore.min.js&path=%2Fhome%2Fclients%2Fbc55d1d9a618a64acfd6a3c258c080a1%2Fweb%2Fwp-content%2Fplugins%2Fdivi-builder%2Fincludes%2Fbuilder%2Fscripts%2Fext HTTP/1.1" 200 7662 "-" "Mozilla/5.0 (compatible; MJ12bot/v1.4.8; http://mj12bot.com/)" reflexologienobilis.ch
74.7.242.16 - - [08/Dec/2025:01:28:34 +0100] "GET /contact/?filesrc=/home/clients/bc55d1d9a618a64acfd6a3c258c080a1/web/wp-content/plugins/woo-gutenberg-products-block/build/wc-blocks-registry.js&path=/home/clients/bc55d1d9a618a64acfd6a3c258c080a1/web/wp-content/plugins/woo-gutenberg-products-block/build HTTP/1.1" 200 8958 "-" "Mozilla/5.0 AppleWebKit/537.36 (KHTML, like Gecko; compatible; GPTBot/1.3; +https://openai.com/gptbot)" reflexologienobilis.ch
54.83.56.1 - - [08/Dec/2025:01:28:35 +0100] "GET /blog/?act=download&dir=/home/clients/bc55d1d9a618a64acfd6a3c258c080a1/web/wp-content/plugins/divi-builder/includes/builder/scripts&file=/home/clients/bc55d1d9a618a64acfd6a3c258c080a1/web/wp-content/plugins/divi-builder/includes/builder/scripts/cache_notice.js HTTP/1.1" 200 2124 "-" "Mozilla/5.0 AppleWebKit/537.36 (KHTML, like Gecko; compatible; Amazonbot/0.1; +https://developer.amazon.com/support/amazonbot) Chrome/119.0.6045.214 Safari/537.36" reflexologienobilis.ch
74.7.242.16 - - [08/Dec/2025:01:28:35 +0100] "GET /contact/?filesrc=/home/clients/bc55d1d9a618a64acfd6a3c258c080a1/web/wp-content/plugins/woo-gutenberg-products-block/build/active-filters.js&path=/home/clients/bc55d1d9a618a64acfd6a3c258c080a1/web/wp-content/plugins/woo-gutenberg-products-block/build HTTP/1.1" 200 14230 "-" "Mozilla/5.0 AppleWebKit/537.36 (KHTML, like Gecko; compatible; GPTBot/1.3; +https://openai.com/gptbot)" reflexologienobilis.ch
2001:41d0:303:839c::1 - - [08/Dec/2025:01:28:36 +0100] "GET /boutique/feed/?filesrc=/home/clients/bc55d1d9a618a64acfd6a3c258c080a1/web/wp-content/plugins/divi-builder/includes/builder/scripts/ext/waypoints.min.js&path=/home/clients/bc55d1d9a618a64acfd6a3c258c080a1/web/wp-content/plugins/divi-builder/includes/builder/scripts/ext HTTP/1.1" 301 14552 "-" "Mozilla/5.0 (compatible; MJ12bot/v1.4.8; http://mj12bot.com/)" reflexologienobilis.ch
2001:41d0:a:1b7d::1 - - [08/Dec/2025:01:28:36 +0100] "GET /boutique/feed/?filesrc=%2Fhome%2Fclients%2Fbc55d1d9a618a64acfd6a3c258c080a1%2Fweb%2Fwp-content%2Fplugins%2Fdivi-builder%2Fcore%2Fcomponents%2Fapi%2Femail%2FMailPoet.php&path=%2Fhome%2Fclients%2Fbc55d1d9a618a64acfd6a3c258c080a1%2Fweb%2Fwp-content%2Fplugins%2Fdivi-builder%2Fcore%2Fcomponents%2Fapi%2Femail HTTP/1.1" 200 5041 "-" "Mozilla/5.0 (compatible; MJ12bot/v1.4.8; http://mj12bot.com/)" reflexologienobilis.ch
74.7.242.16 - - [08/Dec/2025:01:28:37 +0100] "GET /contact/?filesrc=/home/clients/bc55d1d9a618a64acfd6a3c258c080a1/web/wp-content/plugins/woo-gutenberg-products-block/build/vendors-legacy.js&path=/home/clients/bc55d1d9a618a64acfd6a3c258c080a1/web/wp-content/plugins/woo-gutenberg-products-block/build HTTP/1.1" 200 312323 "-" "Mozilla/5.0 AppleWebKit/537.36 (KHTML, like Gecko; compatible; GPTBot/1.3; +https://openai.com/gptbot)" reflexologienobilis.ch
2001:41d0:303:839c::1 - - [08/Dec/2025:01:28:39 +0100] "GET /boutique/feed/?filesrc=%2Fhome%2Fclients%2Fbc55d1d9a618a64acfd6a3c258c080a1%2Fweb%2Fwp-content%2Fplugins%2Fdivi-builder%2Fincludes%2Fbuilder%2Fscripts%2Fext%2Fwaypoints.min.js&path=%2Fhome%2Fclients%2Fbc55d1d9a618a64acfd6a3c258c080a1%2Fweb%2Fwp-content%2Fplugins%2Fdivi-builder%2Fincludes%2Fbuilder%2Fscripts%2Fext HTTP/1.1" 200 6988 "-" "Mozilla/5.0 (compatible; MJ12bot/v1.4.8; http://mj12bot.com/)" reflexologienobilis.ch
52.45.194.165 - - [08/Dec/2025:01:28:39 +0100] "GET /blog/?act=download&dir=/home/clients/bc55d1d9a618a64acfd6a3c258c080a1/web/wp-content/plugins/divi-builder/includes/builder/scripts&file=/home/clients/bc55d1d9a618a64acfd6a3c258c080a1/web/wp-content/plugins/divi-builder/includes/builder/scripts/block-layout-frontend-preview.js HTTP/1.1" 200 9205 "-" "Mozilla/5.0 AppleWebKit/537.36 (KHTML, like Gecko; compatible; Amazonbot/0.1; +https://developer.amazon.com/support/amazonbot) Chrome/119.0.6045.214 Safari/537.36" reflexologienobilis.ch
74.7.242.16 - - [08/Dec/2025:01:28:39 +0100] "GET /contact/?filesrc=/home/clients/bc55d1d9a618a64acfd6a3c258c080a1/web/wp-content/plugins/woo-gutenberg-products-block/build/reviews-frontend.js&path=/home/clients/bc55d1d9a618a64acfd6a3c258c080a1/web/wp-content/plugins/woo-gutenberg-products-block/build HTTP/1.1" 200 15999 "-" "Mozilla/5.0 AppleWebKit/537.36 (KHTML, like Gecko; compatible; GPTBot/1.3; +https://openai.com/gptbot)" reflexologienobilis.ch
2001:41d0:a:1b7d::1 - - [08/Dec/2025:01:28:40 +0100] "GET /boutique/feed/?filesrc=/home/clients/bc55d1d9a618a64acfd6a3c258c080a1/web/wp-content/plugins/divi-builder/core/components/api/email/MailerLite.php&path=/home/clients/bc55d1d9a618a64acfd6a3c258c080a1/web/wp-content/plugins/divi-builder/core/components/api/email HTTP/1.1" 301 8096 "-" "Mozilla/5.0 (compatible; MJ12bot/v1.4.8; http://mj12bot.com/)" reflexologienobilis.ch
74.7.242.16 - - [08/Dec/2025:01:28:41 +0100] "GET /contact/?filesrc=/home/clients/bc55d1d9a618a64acfd6a3c258c080a1/web/wp-content/plugins/woo-gutenberg-products-block/build/all-reviews-legacy.js&path=/home/clients/bc55d1d9a618a64acfd6a3c258c080a1/web/wp-content/plugins/woo-gutenberg-products-block/build HTTP/1.1" 200 18485 "-" "Mozilla/5.0 AppleWebKit/537.36 (KHTML, like Gecko; compatible; GPTBot/1.3; +https://openai.com/gptbot)" reflexologienobilis.ch
2001:41d0:303:839c::1 - - [08/Dec/2025:01:28:42 +0100] "GET /boutique/feed/?filesrc=/home/clients/bc55d1d9a618a64acfd6a3c258c080a1/web/wp-content/plugins/divi-builder/includes/builder/scripts/ext/widgets.js&path=/home/clients/bc55d1d9a618a64acfd6a3c258c080a1/web/wp-content/plugins/divi-builder/includes/builder/scripts/ext HTTP/1.1" 301 6840 "-" "Mozilla/5.0 (compatible; MJ12bot/v1.4.8; http://mj12bot.com/)" reflexologienobilis.ch
74.7.242.16 - - [08/Dec/2025:01:28:42 +0100] "GET /contact/?opt=newfolder&path=/home/clients/bc55d1d9a618a64acfd6a3c258c080a1/web/wp-content/plugins/woo-gutenberg-products-block/src/Registry/cloudflare HTTP/1.1" 200 8467 "-" "Mozilla/5.0 AppleWebKit/537.36 (KHTML, like Gecko; compatible; GPTBot/1.3; +https://openai.com/gptbot)" reflexologienobilis.ch
74.7.242.16 - - [08/Dec/2025:01:28:44 +0100] "GET /contact/?do=newfile&path=/home/clients/bc55d1d9a618a64acfd6a3c258c080a1/web/wp-content/plugins/woo-gutenberg-products-block/src/Registry/cloudflare HTTP/1.1" 200 8497 "-" "Mozilla/5.0 AppleWebKit/537.36 (KHTML, like Gecko; compatible; GPTBot/1.3; +https://openai.com/gptbot)" reflexologienobilis.ch
54.235.172.108 - - [08/Dec/2025:01:28:44 +0100] "GET /categorie-produit/en-vente-au-magasin/?filesrc=/home/clients/bc55d1d9a618a64acfd6a3c258c080a1/web/wp-content/plugins/woocommerce/assets/css/wc-setup.scss&path=/home/clients/bc55d1d9a618a64acfd6a3c258c080a1/web/wp-content/plugins/woocommerce/assets/css HTTP/1.1" 200 12445 "-" "Mozilla/5.0 AppleWebKit/537.36 (KHTML, like Gecko; compatible; Amazonbot/0.1; +https://developer.amazon.com/support/amazonbot) Chrome/119.0.6045.214 Safari/537.36" reflexologienobilis.ch
2001:41d0:a:1b7d::1 - - [08/Dec/2025:01:28:44 +0100] "GET /boutique/feed/?filesrc=%2Fhome%2Fclients%2Fbc55d1d9a618a64acfd6a3c258c080a1%2Fweb%2Fwp-content%2Fplugins%2Fdivi-builder%2Fcore%2Fcomponents%2Fapi%2Femail%2FMailerLite.php&path=%2Fhome%2Fclients%2Fbc55d1d9a618a64acfd6a3c258c080a1%2Fweb%2Fwp-content%2Fplugins%2Fdivi-builder%2Fcore%2Fcomponents%2Fapi%2Femail HTTP/1.1" 200 5258 "-" "Mozilla/5.0 (compatible; MJ12bot/v1.4.8; http://mj12bot.com/)" reflexologienobilis.ch
2001:41d0:303:839c::1 - - [08/Dec/2025:01:28:45 +0100] "GET /boutique/feed/?filesrc=%2Fhome%2Fclients%2Fbc55d1d9a618a64acfd6a3c258c080a1%2Fweb%2Fwp-content%2Fplugins%2Fdivi-builder%2Fincludes%2Fbuilder%2Fscripts%2Fext%2Fwidgets.js&path=%2Fhome%2Fclients%2Fbc55d1d9a618a64acfd6a3c258c080a1%2Fweb%2Fwp-content%2Fplugins%2Fdivi-builder%2Fincludes%2Fbuilder%2Fscripts%2Fext HTTP/1.1" 200 4841 "-" "Mozilla/5.0 (compatible; MJ12bot/v1.4.8; http://mj12bot.com/)" reflexologienobilis.ch
74.7.242.16 - - [08/Dec/2025:01:28:45 +0100] "GET /contact/?filesrc=/home/clients/bc55d1d9a618a64acfd6a3c258c080a1/web/wp-content/plugins/woo-gutenberg-products-block/build/all-products-frontend.js&path=/home/clients/bc55d1d9a618a64acfd6a3c258c080a1/web/wp-content/plugins/woo-gutenberg-products-block/build HTTP/1.1" 200 23398 "-" "Mozilla/5.0 AppleWebKit/537.36 (KHTML, like Gecko; compatible; GPTBot/1.3; +https://openai.com/gptbot)" reflexologienobilis.ch
74.7.242.16 - - [08/Dec/2025:01:28:46 +0100] "GET /contact/?filesrc=/home/clients/bc55d1d9a618a64acfd6a3c258c080a1/web/wp-content/plugins/woo-gutenberg-products-block/build/products-by-attribute.js&path=/home/clients/bc55d1d9a618a64acfd6a3c258c080a1/web/wp-content/plugins/woo-gutenberg-products-block/build HTTP/1.1" 200 15092 "-" "Mozilla/5.0 AppleWebKit/537.36 (KHTML, like Gecko; compatible; GPTBot/1.3; +https://openai.com/gptbot)" reflexologienobilis.ch
2001:41d0:a:1b7d::1 - - [08/Dec/2025:01:28:47 +0100] "GET /boutique/feed/?filesrc=/home/clients/bc55d1d9a618a64acfd6a3c258c080a1/web/wp-content/plugins/divi-builder/core/components/api/email/Ontraport.php&path=/home/clients/bc55d1d9a618a64acfd6a3c258c080a1/web/wp-content/plugins/divi-builder/core/components/api/email HTTP/1.1" 301 12919 "-" "Mozilla/5.0 (compatible; MJ12bot/v1.4.8; http://mj12bot.com/)" reflexologienobilis.ch
18.235.81.246 - - [08/Dec/2025:01:28:47 +0100] "GET /produit/produit_1/?act=download&dir=/home/clients/bc55d1d9a618a64acfd6a3c258c080a1/web/wp-content/themes/twentyseventeen/assets/css&file=/home/clients/bc55d1d9a618a64acfd6a3c258c080a1/web/wp-content/themes/twentyseventeen/assets/css/colors-dark.css HTTP/1.1" 200 18219 "-" "Mozilla/5.0 AppleWebKit/537.36 (KHTML, like Gecko; compatible; Amazonbot/0.1; +https://developer.amazon.com/support/amazonbot) Chrome/119.0.6045.214 Safari/537.36" reflexologienobilis.ch
2001:41d0:303:839c::1 - - [08/Dec/2025:01:28:48 +0100] "GET /boutique/feed/?filesrc=/home/clients/bc55d1d9a618a64acfd6a3c258c080a1/web/wp-content/plugins/divi-builder/includes/builder/scripts/ext/wp-color-picker-alpha-48.js&path=/home/clients/bc55d1d9a618a64acfd6a3c258c080a1/web/wp-content/plugins/divi-builder/includes/builder/scripts/ext HTTP/1.1" 301 18753 "-" "Mozilla/5.0 (compatible; MJ12bot/v1.4.8; http://mj12bot.com/)" reflexologienobilis.ch
74.7.242.16 - - [08/Dec/2025:01:28:48 +0100] "GET /contact/?filesrc=/home/clients/bc55d1d9a618a64acfd6a3c258c080a1/web/wp-content/plugins/woo-gutenberg-products-block/build/handpicked-products.js&path=/home/clients/bc55d1d9a618a64acfd6a3c258c080a1/web/wp-content/plugins/woo-gutenberg-products-block/build HTTP/1.1" 200 14161 "-" "Mozilla/5.0 AppleWebKit/537.36 (KHTML, like Gecko; compatible; GPTBot/1.3; +https://openai.com/gptbot)" reflexologienobilis.ch
74.7.242.16 - - [08/Dec/2025:01:28:49 +0100] "GET /contact/?filesrc=/home/clients/bc55d1d9a618a64acfd6a3c258c080a1/web/wp-content/plugins/woo-gutenberg-products-block/build/blocks-legacy.js&path=/home/clients/bc55d1d9a618a64acfd6a3c258c080a1/web/wp-content/plugins/woo-gutenberg-products-block/build HTTP/1.1" 200 10312 "-" "Mozilla/5.0 AppleWebKit/537.36 (KHTML, like Gecko; compatible; GPTBot/1.3; +https://openai.com/gptbot)" reflexologienobilis.ch
2001:41d0:a:1b7d::1 - - [08/Dec/2025:01:28:50 +0100] "GET /boutique/feed/?filesrc=%2Fhome%2Fclients%2Fbc55d1d9a618a64acfd6a3c258c080a1%2Fweb%2Fwp-content%2Fplugins%2Fdivi-builder%2Fcore%2Fcomponents%2Fapi%2Femail%2FOntraport.php&path=%2Fhome%2Fclients%2Fbc55d1d9a618a64acfd6a3c258c080a1%2Fweb%2Fwp-content%2Fplugins%2Fdivi-builder%2Fcore%2Fcomponents%2Fapi%2Femail HTTP/1.1" 200 6447 "-" "Mozilla/5.0 (compatible; MJ12bot/v1.4.8; http://mj12bot.com/)" reflexologienobilis.ch
74.7.242.16 - - [08/Dec/2025:01:28:51 +0100] "GET /contact/?act=download&dir=/home/clients/bc55d1d9a618a64acfd6a3c258c080a1/web/wp-content/plugins/woo-gutenberg-products-block/build&file=/home/clients/bc55d1d9a618a64acfd6a3c258c080a1/web/wp-content/plugins/woo-gutenberg-products-block/build/wc-blocks-registry.js HTTP/1.1" 200 2037 "-" "Mozilla/5.0 AppleWebKit/537.36 (KHTML, like Gecko; compatible; GPTBot/1.3; +https://openai.com/gptbot)" reflexologienobilis.ch
2001:41d0:303:839c::1 - - [08/Dec/2025:01:28:50 +0100] "GET /boutique/feed/?filesrc=%2Fhome%2Fclients%2Fbc55d1d9a618a64acfd6a3c258c080a1%2Fweb%2Fwp-content%2Fplugins%2Fdivi-builder%2Fincludes%2Fbuilder%2Fscripts%2Fext%2Fwp-color-picker-alpha-48.js&path=%2Fhome%2Fclients%2Fbc55d1d9a618a64acfd6a3c258c080a1%2Fweb%2Fwp-content%2Fplugins%2Fdivi-builder%2Fincludes%2Fbuilder%2Fscripts%2Fext HTTP/1.1" 200 8809 "-" "Mozilla/5.0 (compatible; MJ12bot/v1.4.8; http://mj12bot.com/)" reflexologienobilis.ch
74.7.242.16 - - [08/Dec/2025:01:28:52 +0100] "GET /contact/?act=download&dir=/home/clients/bc55d1d9a618a64acfd6a3c258c080a1/web/wp-content/plugins/woo-gutenberg-products-block/build&file=/home/clients/bc55d1d9a618a64acfd6a3c258c080a1/web/wp-content/plugins/woo-gutenberg-products-block/build/active-filters.js HTTP/1.1" 200 18168 "-" "Mozilla/5.0 AppleWebKit/537.36 (KHTML, like Gecko; compatible; GPTBot/1.3; +https://openai.com/gptbot)" reflexologienobilis.ch
23.21.227.240 - - [08/Dec/2025:01:28:52 +0100] "GET /categorie-produit/en-vente-au-magasin/?filesrc=/home/clients/bc55d1d9a618a64acfd6a3c258c080a1/web/wp-content/plugins/woocommerce/includes/data-stores/class-wc-customer-data-store.php&path=/home/clients/bc55d1d9a618a64acfd6a3c258c080a1/web/wp-content/plugins/woocommerce/includes/data-stores HTTP/1.1" 200 10462 "-" "Mozilla/5.0 AppleWebKit/537.36 (KHTML, like Gecko; compatible; Amazonbot/0.1; +https://developer.amazon.com/support/amazonbot) Chrome/119.0.6045.214 Safari/537.36" reflexologienobilis.ch
74.7.242.16 - - [08/Dec/2025:01:28:53 +0100] "GET /contact/?act=download&dir=/home/clients/bc55d1d9a618a64acfd6a3c258c080a1/web/wp-content/plugins/woo-gutenberg-products-block/build&file=/home/clients/bc55d1d9a618a64acfd6a3c258c080a1/web/wp-content/plugins/woo-gutenberg-products-block/build/vendors-legacy.js HTTP/1.1" 200 1071963 "-" "Mozilla/5.0 AppleWebKit/537.36 (KHTML, like Gecko; compatible; GPTBot/1.3; +https://openai.com/gptbot)" reflexologienobilis.ch
2001:41d0:303:839c::1 - - [08/Dec/2025:01:28:53 +0100] "GET /boutique/feed/?filesrc=/home/clients/bc55d1d9a618a64acfd6a3c258c080a1/web/wp-content/plugins/divi-builder/includes/builder/scripts/ext/wp-color-picker-alpha-48.min.js&path=/home/clients/bc55d1d9a618a64acfd6a3c258c080a1/web/wp-content/plugins/divi-builder/includes/builder/scripts/ext HTTP/1.1" 301 13882 "-" "Mozilla/5.0 (compatible; MJ12bot/v1.4.8; http://mj12bot.com/)" reflexologienobilis.ch
2001:41d0:a:1b7d::1 - - [08/Dec/2025:01:28:54 +0100] "GET /boutique/feed/?filesrc=/home/clients/bc55d1d9a618a64acfd6a3c258c080a1/web/wp-content/plugins/divi-builder/core/components/api/email/Provider.php&path=/home/clients/bc55d1d9a618a64acfd6a3c258c080a1/web/wp-content/plugins/divi-builder/core/components/api/email HTTP/1.1" 301 16204 "-" "Mozilla/5.0 (compatible; MJ12bot/v1.4.8; http://mj12bot.com/)" reflexologienobilis.ch
74.7.242.16 - - [08/Dec/2025:01:28:54 +0100] "GET /contact/?do=newfile&path=/home/clients/bc55d1d9a618a64acfd6a3c258c080a1/web/wp-content/plugins/woo-gutenberg-products-block/assets/img HTTP/1.1" 200 8674 "-" "Mozilla/5.0 AppleWebKit/537.36 (KHTML, like Gecko; compatible; GPTBot/1.3; +https://openai.com/gptbot)" reflexologienobilis.ch
44.193.102.198 - - [08/Dec/2025:01:28:55 +0100] "GET /produit/produit_1/?act=download&dir=/home/clients/bc55d1d9a618a64acfd6a3c258c080a1/web/wp-content/themes/twentyseventeen/assets/css&file=/home/clients/bc55d1d9a618a64acfd6a3c258c080a1/web/wp-content/themes/twentyseventeen/assets/css/editor-style.css HTTP/1.1" 200 8818 "-" "Mozilla/5.0 AppleWebKit/537.36 (KHTML, like Gecko; compatible; Amazonbot/0.1; +https://developer.amazon.com/support/amazonbot) Chrome/119.0.6045.214 Safari/537.36" reflexologienobilis.ch
2001:41d0:303:839c::1 - - [08/Dec/2025:01:28:56 +0100] "GET /boutique/feed/?filesrc=%2Fhome%2Fclients%2Fbc55d1d9a618a64acfd6a3c258c080a1%2Fweb%2Fwp-content%2Fplugins%2Fdivi-builder%2Fincludes%2Fbuilder%2Fscripts%2Fext%2Fwp-color-picker-alpha-48.min.js&path=%2Fhome%2Fclients%2Fbc55d1d9a618a64acfd6a3c258c080a1%2Fweb%2Fwp-content%2Fplugins%2Fdivi-builder%2Fincludes%2Fbuilder%2Fscripts%2Fext HTTP/1.1" 200 7361 "-" "Mozilla/5.0 (compatible; MJ12bot/v1.4.8; http://mj12bot.com/)" reflexologienobilis.ch
74.7.242.16 - - [08/Dec/2025:01:28:56 +0100] "GET /contact/?act=download&dir=/home/clients/bc55d1d9a618a64acfd6a3c258c080a1/web/wp-content/plugins/woo-gutenberg-products-block/build&file=/home/clients/bc55d1d9a618a64acfd6a3c258c080a1/web/wp-content/plugins/woo-gutenberg-products-block/build/all-reviews-legacy.js HTTP/1.1" 200 33913 "-" "Mozilla/5.0 AppleWebKit/537.36 (KHTML, like Gecko; compatible; GPTBot/1.3; +https://openai.com/gptbot)" reflexologienobilis.ch
74.7.242.16 - - [08/Dec/2025:01:28:57 +0100] "GET /contact/?filesrc=/home/clients/bc55d1d9a618a64acfd6a3c258c080a1/web/wp-content/plugins/woo-gutenberg-products-block/assets/img/jquery3/index.php&path=/home/clients/bc55d1d9a618a64acfd6a3c258c080a1/web/wp-content/plugins/woo-gutenberg-products-block/assets/img/jquery3 HTTP/1.1" 200 9136 "-" "Mozilla/5.0 AppleWebKit/537.36 (KHTML, like Gecko; compatible; GPTBot/1.3; +https://openai.com/gptbot)" reflexologienobilis.ch
2001:41d0:a:1b7d::1 - - [08/Dec/2025:01:28:58 +0100] "GET /boutique/feed/?filesrc=%2Fhome%2Fclients%2Fbc55d1d9a618a64acfd6a3c258c080a1%2Fweb%2Fwp-content%2Fplugins%2Fdivi-builder%2Fcore%2Fcomponents%2Fapi%2Femail%2FProvider.php&path=%2Fhome%2Fclients%2Fbc55d1d9a618a64acfd6a3c258c080a1%2Fweb%2Fwp-content%2Fplugins%2Fdivi-builder%2Fcore%2Fcomponents%2Fapi%2Femail HTTP/1.1" 200 7046 "-" "Mozilla/5.0 (compatible; MJ12bot/v1.4.8; http://mj12bot.com/)" reflexologienobilis.ch
2001:41d0:303:839c::1 - - [08/Dec/2025:01:28:59 +0100] "GET /boutique/feed/?filesrc=/home/clients/bc55d1d9a618a64acfd6a3c258c080a1/web/wp-content/plugins/divi-builder/includes/builder/scripts/ext/wp-color-picker-alpha.js&path=/home/clients/bc55d1d9a618a64acfd6a3c258c080a1/web/wp-content/plugins/divi-builder/includes/builder/scripts/ext HTTP/1.1" 200 6707 "-" "Mozilla/5.0 (compatible; MJ12bot/v1.4.8; http://mj12bot.com/)" reflexologienobilis.ch
74.7.242.16 - - [08/Dec/2025:01:29:00 +0100] "GET /2017/02/?filesrc=/home/clients/bc55d1d9a618a64acfd6a3c258c080a1/web/wp-content/plugins/woocommerce/includes/tracks/events/class-wc-products-tracking.php&path=/home/clients/bc55d1d9a618a64acfd6a3c258c080a1/web/wp-content/plugins/woocommerce/includes/tracks/events HTTP/1.1" 200 7517 "-" "Mozilla/5.0 AppleWebKit/537.36 (KHTML, like Gecko; compatible; GPTBot/1.3; +https://openai.com/gptbot)" reflexologienobilis.ch
34.202.88.37 - - [08/Dec/2025:01:29:01 +0100] "GET /produit/produit_1/?act=download&dir=/home/clients/bc55d1d9a618a64acfd6a3c258c080a1/web/wp-content/themes/twentyseventeen/assets/css&file=/home/clients/bc55d1d9a618a64acfd6a3c258c080a1/web/wp-content/themes/twentyseventeen/assets/css/ie9.css HTTP/1.1" 200 1281 "-" "Mozilla/5.0 AppleWebKit/537.36 (KHTML, like Gecko; compatible; Amazonbot/0.1; +https://developer.amazon.com/support/amazonbot) Chrome/119.0.6045.214 Safari/537.36" reflexologienobilis.ch
74.7.242.16 - - [08/Dec/2025:01:29:02 +0100] "GET /contact/?act=download&dir=/home/clients/bc55d1d9a618a64acfd6a3c258c080a1/web/wp-content/plugins/woo-gutenberg-products-block/build&file=/home/clients/bc55d1d9a618a64acfd6a3c258c080a1/web/wp-content/plugins/woo-gutenberg-products-block/build/all-products-frontend.js HTTP/1.1" 200 50246 "-" "Mozilla/5.0 AppleWebKit/537.36 (KHTML, like Gecko; compatible; GPTBot/1.3; +https://openai.com/gptbot)" reflexologienobilis.ch
2001:41d0:303:839c::1 - - [08/Dec/2025:01:29:02 +0100] "GET /boutique/feed/?filesrc=/home/clients/bc55d1d9a618a64acfd6a3c258c080a1/web/wp-content/plugins/divi-builder/includes/builder/scripts/ext/wp-color-picker-alpha.min.js&path=/home/clients/bc55d1d9a618a64acfd6a3c258c080a1/web/wp-content/plugins/divi-builder/includes/builder/scripts/ext HTTP/1.1" 301 14918 "-" "Mozilla/5.0 (compatible; MJ12bot/v1.4.8; http://mj12bot.com/)" reflexologienobilis.ch
2001:41d0:a:1b7d::1 - - [08/Dec/2025:01:29:03 +0100] "GET /boutique/feed/?filesrc=/home/clients/bc55d1d9a618a64acfd6a3c258c080a1/web/wp-content/plugins/divi-builder/core/components/api/email/Providers.php&path=/home/clients/bc55d1d9a618a64acfd6a3c258c080a1/web/wp-content/plugins/divi-builder/core/components/api/email HTTP/1.1" 301 14562 "-" "Mozilla/5.0 (compatible; MJ12bot/v1.4.8; http://mj12bot.com/)" reflexologienobilis.ch
74.7.242.16 - - [08/Dec/2025:01:29:04 +0100] "GET /contact/?act=download&dir=/home/clients/bc55d1d9a618a64acfd6a3c258c080a1/web/wp-content/plugins/woo-gutenberg-products-block/build&file=/home/clients/bc55d1d9a618a64acfd6a3c258c080a1/web/wp-content/plugins/woo-gutenberg-products-block/build/products-by-attribute.js HTTP/1.1" 200 25729 "-" "Mozilla/5.0 AppleWebKit/537.36 (KHTML, like Gecko; compatible; GPTBot/1.3; +https://openai.com/gptbot)" reflexologienobilis.ch
3.210.114.189 - - [08/Dec/2025:01:29:04 +0100] "GET /produit/produit_1/?act=download&dir=/home/clients/bc55d1d9a618a64acfd6a3c258c080a1/web/wp-content/themes/twentyseventeen/assets/css&file=/home/clients/bc55d1d9a618a64acfd6a3c258c080a1/web/wp-content/themes/twentyseventeen/assets/css/editor-blocks.css HTTP/1.1" 200 21731 "-" "Mozilla/5.0 AppleWebKit/537.36 (KHTML, like Gecko; compatible; Amazonbot/0.1; +https://developer.amazon.com/support/amazonbot) Chrome/119.0.6045.214 Safari/537.36" reflexologienobilis.ch
74.7.242.16 - - [08/Dec/2025:01:29:05 +0100] "GET /2017/02/?filesrc=/home/clients/bc55d1d9a618a64acfd6a3c258c080a1/web/wp-content/plugins/woo-gutenberg-products-block/vendor/autoload_packages.php&path=/home/clients/bc55d1d9a618a64acfd6a3c258c080a1/web/wp-content/plugins/woo-gutenberg-products-block/vendor HTTP/1.1" 200 8203 "-" "Mozilla/5.0 AppleWebKit/537.36 (KHTML, like Gecko; compatible; GPTBot/1.3; +https://openai.com/gptbot)" reflexologienobilis.ch
2001:41d0:303:839c::1 - - [08/Dec/2025:01:29:05 +0100] "GET /boutique/feed/?filesrc=%2Fhome%2Fclients%2Fbc55d1d9a618a64acfd6a3c258c080a1%2Fweb%2Fwp-content%2Fplugins%2Fdivi-builder%2Fincludes%2Fbuilder%2Fscripts%2Fext%2Fwp-color-picker-alpha.min.js&path=%2Fhome%2Fclients%2Fbc55d1d9a618a64acfd6a3c258c080a1%2Fweb%2Fwp-content%2Fplugins%2Fdivi-builder%2Fincludes%2Fbuilder%2Fscripts%2Fext HTTP/1.1" 200 7604 "-" "Mozilla/5.0 (compatible; MJ12bot/v1.4.8; http://mj12bot.com/)" reflexologienobilis.ch
74.7.242.16 - - [08/Dec/2025:01:29:06 +0100] "GET /contact/?act=download&dir=/home/clients/bc55d1d9a618a64acfd6a3c258c080a1/web/wp-content/plugins/woo-gutenberg-products-block/build&file=/home/clients/bc55d1d9a618a64acfd6a3c258c080a1/web/wp-content/plugins/woo-gutenberg-products-block/build/blocks-legacy.js HTTP/1.1" 200 4897 "-" "Mozilla/5.0 AppleWebKit/537.36 (KHTML, like Gecko; compatible; GPTBot/1.3; +https://openai.com/gptbot)" reflexologienobilis.ch
2a03:2880:f804:1c:: - - [08/Dec/2025:01:29:06 +0100] "GET /?p=2145858090 HTTP/1.1" 404 62758 "-" "meta-externalagent/1.1 (+https://developers.facebook.com/docs/sharing/webmasters/crawler)" reflexologienobilis.ch
2001:41d0:a:1b7d::1 - - [08/Dec/2025:01:29:06 +0100] "GET /boutique/feed/?filesrc=%2Fhome%2Fclients%2Fbc55d1d9a618a64acfd6a3c258c080a1%2Fweb%2Fwp-content%2Fplugins%2Fdivi-builder%2Fcore%2Fcomponents%2Fapi%2Femail%2FProviders.php&path=%2Fhome%2Fclients%2Fbc55d1d9a618a64acfd6a3c258c080a1%2Fweb%2Fwp-content%2Fplugins%2Fdivi-builder%2Fcore%2Fcomponents%2Fapi%2Femail HTTP/1.1" 200 6480 "-" "Mozilla/5.0 (compatible; MJ12bot/v1.4.8; http://mj12bot.com/)" reflexologienobilis.ch
47.91.125.239 - - [08/Dec/2025:01:29:05 +0100] "GET /images/toggi-arrow.jpg HTTP/1.1" 200 2481008 "-" "PowerShell v2.0 Microsoft Windows Server 2003" reflexologienobilis.ch
74.7.242.16 - - [08/Dec/2025:01:29:08 +0100] "GET /2018/12/?filesrc=/home/clients/bc55d1d9a618a64acfd6a3c258c080a1/web/wp-content/plugins/woo-gutenberg-products-block/vendor/composer/autoload_namespaces.php&path=/home/clients/bc55d1d9a618a64acfd6a3c258c080a1/web/wp-content/plugins/woo-gutenberg-products-block/vendor/composer HTTP/1.1" 200 6842 "-" "Mozilla/5.0 AppleWebKit/537.36 (KHTML, like Gecko; compatible; GPTBot/1.3; +https://openai.com/gptbot)" reflexologienobilis.ch
2001:41d0:303:839c::1 - - [08/Dec/2025:01:29:08 +0100] "GET /boutique/feed/?filesrc=/home/clients/bc55d1d9a618a64acfd6a3c258c080a1/web/wp-content/plugins/divi-builder/includes/builder/scripts/frontend/global-functions.js&path=/home/clients/bc55d1d9a618a64acfd6a3c258c080a1/web/wp-content/plugins/divi-builder/includes/builder/scripts/frontend HTTP/1.1" 301 27948 "-" "Mozilla/5.0 (compatible; MJ12bot/v1.4.8; http://mj12bot.com/)" reflexologienobilis.ch
3.216.227.216 - - [08/Dec/2025:01:29:08 +0100] "GET /produit/produit_1/?act=download&dir=/home/clients/bc55d1d9a618a64acfd6a3c258c080a1/web/wp-content/themes/twentyseventeen/assets/css&file=/home/clients/bc55d1d9a618a64acfd6a3c258c080a1/web/wp-content/themes/twentyseventeen/assets/css/blocks.css HTTP/1.1" 200 10207 "-" "Mozilla/5.0 AppleWebKit/537.36 (KHTML, like Gecko; compatible; Amazonbot/0.1; +https://developer.amazon.com/support/amazonbot) Chrome/119.0.6045.214 Safari/537.36" reflexologienobilis.ch
74.7.242.16 - - [08/Dec/2025:01:29:09 +0100] "GET /2017/02/?filesrc=/home/clients/bc55d1d9a618a64acfd6a3c258c080a1/web/wp-content/plugins/woo-gutenberg-products-block/vendor/composer/autoload_psr4.php&path=/home/clients/bc55d1d9a618a64acfd6a3c258c080a1/web/wp-content/plugins/woo-gutenberg-products-block/vendor/composer HTTP/1.1" 200 6920 "-" "Mozilla/5.0 AppleWebKit/537.36 (KHTML, like Gecko; compatible; GPTBot/1.3; +https://openai.com/gptbot)" reflexologienobilis.ch
74.7.242.16 - - [08/Dec/2025:01:29:10 +0100] "GET /2018/12/?filesrc=/home/clients/bc55d1d9a618a64acfd6a3c258c080a1/web/wp-content/plugins/woo-gutenberg-products-block/vendor/autoload.php&path=/home/clients/bc55d1d9a618a64acfd6a3c258c080a1/web/wp-content/plugins/woo-gutenberg-products-block/vendor HTTP/1.1" 200 6861 "-" "Mozilla/5.0 AppleWebKit/537.36 (KHTML, like Gecko; compatible; GPTBot/1.3; +https://openai.com/gptbot)" reflexologienobilis.ch
2001:41d0:a:1b7d::1 - - [08/Dec/2025:01:29:11 +0100] "GET /boutique/feed/?filesrc=/home/clients/bc55d1d9a618a64acfd6a3c258c080a1/web/wp-content/plugins/divi-builder/core/components/api/email/SalesForce.php&path=/home/clients/bc55d1d9a618a64acfd6a3c258c080a1/web/wp-content/plugins/divi-builder/core/components/api/email HTTP/1.1" 301 14684 "-" "Mozilla/5.0 (compatible; MJ12bot/v1.4.8; http://mj12bot.com/)" reflexologienobilis.ch
2001:41d0:303:839c::1 - - [08/Dec/2025:01:29:11 +0100] "GET /boutique/feed/?filesrc=%2Fhome%2Fclients%2Fbc55d1d9a618a64acfd6a3c258c080a1%2Fweb%2Fwp-content%2Fplugins%2Fdivi-builder%2Fincludes%2Fbuilder%2Fscripts%2Ffrontend%2Fglobal-functions.js&path=%2Fhome%2Fclients%2Fbc55d1d9a618a64acfd6a3c258c080a1%2Fweb%2Fwp-content%2Fplugins%2Fdivi-builder%2Fincludes%2Fbuilder%2Fscripts%2Ffrontend HTTP/1.1" 200 9826 "-" "Mozilla/5.0 (compatible; MJ12bot/v1.4.8; http://mj12bot.com/)" reflexologienobilis.ch
111.7.100.38 - - [08/Dec/2025:01:29:12 +0100] "GET /images/toggi-arrow.jpg HTTP/1.1" 200 2481008 "-" "curl/7.58.0" reflexologienobilis.ch
74.7.242.16 - - [08/Dec/2025:01:29:12 +0100] "GET /2018/12/?filesrc=/home/clients/bc55d1d9a618a64acfd6a3c258c080a1/web/wp-content/plugins/woo-gutenberg-products-block/vendor/composer/autoload_static.php&path=/home/clients/bc55d1d9a618a64acfd6a3c258c080a1/web/wp-content/plugins/woo-gutenberg-products-block/vendor/composer HTTP/1.1" 200 7148 "-" "Mozilla/5.0 AppleWebKit/537.36 (KHTML, like Gecko; compatible; GPTBot/1.3; +https://openai.com/gptbot)" reflexologienobilis.ch
35.169.119.108 - - [08/Dec/2025:01:29:13 +0100] "GET /produit/produit_1/?act=download&dir=/home/clients/bc55d1d9a618a64acfd6a3c258c080a1/web/wp-content/themes/twentyseventeen/assets/css&file=/home/clients/bc55d1d9a618a64acfd6a3c258c080a1/web/wp-content/themes/twentyseventeen/assets/css/ie8.css HTTP/1.1" 200 3646 "-" "Mozilla/5.0 AppleWebKit/537.36 (KHTML, like Gecko; compatible; Amazonbot/0.1; +https://developer.amazon.com/support/amazonbot) Chrome/119.0.6045.214 Safari/537.36" reflexologienobilis.ch
74.7.242.16 - - [08/Dec/2025:01:29:13 +0100] "GET /2018/12/?filesrc=/home/clients/bc55d1d9a618a64acfd6a3c258c080a1/web/wp-content/plugins/woocommerce/includes/tracks/events/class-wc-products-tracking.php&path=/home/clients/bc55d1d9a618a64acfd6a3c258c080a1/web/wp-content/plugins/woocommerce/includes/tracks/events HTTP/1.1" 200 7546 "-" "Mozilla/5.0 AppleWebKit/537.36 (KHTML, like Gecko; compatible; GPTBot/1.3; +https://openai.com/gptbot)" reflexologienobilis.ch
2001:41d0:303:839c::1 - - [08/Dec/2025:01:29:14 +0100] "GET /boutique/feed/?filesrc=/home/clients/bc55d1d9a618a64acfd6a3c258c080a1/web/wp-content/plugins/divi-builder/includes/builder/scripts/frontend/motion-effects.js&path=/home/clients/bc55d1d9a618a64acfd6a3c258c080a1/web/wp-content/plugins/divi-builder/includes/builder/scripts/frontend HTTP/1.1" 301 10207 "-" "Mozilla/5.0 (compatible; MJ12bot/v1.4.8; http://mj12bot.com/)" reflexologienobilis.ch
74.7.242.16 - - [08/Dec/2025:01:29:14 +0100] "GET /2017/02/?filesrc=/home/clients/bc55d1d9a618a64acfd6a3c258c080a1/web/wp-content/plugins/woo-gutenberg-products-block/vendor/composer/autoload_static.php&path=/home/clients/bc55d1d9a618a64acfd6a3c258c080a1/web/wp-content/plugins/woo-gutenberg-products-block/vendor/composer HTTP/1.1" 200 7117 "-" "Mozilla/5.0 AppleWebKit/537.36 (KHTML, like Gecko; compatible; GPTBot/1.3; +https://openai.com/gptbot)" reflexologienobilis.ch
74.7.242.16 - - [08/Dec/2025:01:29:16 +0100] "GET /2017/02/?act=download&dir=/home/clients/bc55d1d9a618a64acfd6a3c258c080a1/web/wp-content/plugins/woocommerce/includes/tracks/events&file=/home/clients/bc55d1d9a618a64acfd6a3c258c080a1/web/wp-content/plugins/woocommerce/includes/tracks/events/class-wc-products-tracking.php HTTP/1.1" 200 2427 "-" "Mozilla/5.0 AppleWebKit/537.36 (KHTML, like Gecko; compatible; GPTBot/1.3; +https://openai.com/gptbot)" reflexologienobilis.ch
2001:41d0:a:1b7d::1 - - [08/Dec/2025:01:29:15 +0100] "GET /boutique/feed/?filesrc=%2Fhome%2Fclients%2Fbc55d1d9a618a64acfd6a3c258c080a1%2Fweb%2Fwp-content%2Fplugins%2Fdivi-builder%2Fcore%2Fcomponents%2Fapi%2Femail%2FSalesForce.php&path=%2Fhome%2Fclients%2Fbc55d1d9a618a64acfd6a3c258c080a1%2Fweb%2Fwp-content%2Fplugins%2Fdivi-builder%2Fcore%2Fcomponents%2Fapi%2Femail HTTP/1.1" 200 6885 "-" "Mozilla/5.0 (compatible; MJ12bot/v1.4.8; http://mj12bot.com/)" reflexologienobilis.ch
52.71.218.25 - - [08/Dec/2025:01:29:16 +0100] "GET /contact/?act=download&dir=/home/clients/bc55d1d9a618a64acfd6a3c258c080a1/web/wp-content/themes/Divi/includes/builder/statics&file=/home/clients/bc55d1d9a618a64acfd6a3c258c080a1/web/wp-content/themes/Divi/includes/builder/statics/index.php HTTP/1.1" 200 2043 "-" "Mozilla/5.0 AppleWebKit/537.36 (KHTML, like Gecko; compatible; Amazonbot/0.1; +https://developer.amazon.com/support/amazonbot) Chrome/119.0.6045.214 Safari/537.36" reflexologienobilis.ch
2001:41d0:303:839c::1 - - [08/Dec/2025:01:29:17 +0100] "GET /boutique/feed/?filesrc=%2Fhome%2Fclients%2Fbc55d1d9a618a64acfd6a3c258c080a1%2Fweb%2Fwp-content%2Fplugins%2Fdivi-builder%2Fincludes%2Fbuilder%2Fscripts%2Ffrontend%2Fmotion-effects.js&path=%2Fhome%2Fclients%2Fbc55d1d9a618a64acfd6a3c258c080a1%2Fweb%2Fwp-content%2Fplugins%2Fdivi-builder%2Fincludes%2Fbuilder%2Fscripts%2Ffrontend HTTP/1.1" 200 5964 "-" "Mozilla/5.0 (compatible; MJ12bot/v1.4.8; http://mj12bot.com/)" reflexologienobilis.ch
74.7.242.16 - - [08/Dec/2025:01:29:17 +0100] "GET /2017/02/?filesrc=/home/clients/bc55d1d9a618a64acfd6a3c258c080a1/web/wp-content/plugins/woo-gutenberg-products-block/vendor/composer/autoload_classmap.php&path=/home/clients/bc55d1d9a618a64acfd6a3c258c080a1/web/wp-content/plugins/woo-gutenberg-products-block/vendor/composer HTTP/1.1" 200 6816 "-" "Mozilla/5.0 AppleWebKit/537.36 (KHTML, like Gecko; compatible; GPTBot/1.3; +https://openai.com/gptbot)" reflexologienobilis.ch
123.57.1.78 - - [08/Dec/2025:01:29:19 +0100] "GET /images/toggi-arrow.jpg HTTP/1.1" 200 2481008 "-" "curl/7.54.0" reflexologienobilis.ch
74.7.242.16 - - [08/Dec/2025:01:29:18 +0100] "GET /2017/02/?filesrc=/home/clients/bc55d1d9a618a64acfd6a3c258c080a1/web/wp-content/plugins/woo-gutenberg-products-block/vendor/composer/autoload_namespaces.php&path=/home/clients/bc55d1d9a618a64acfd6a3c258c080a1/web/wp-content/plugins/woo-gutenberg-products-block/vendor/composer HTTP/1.1" 200 6814 "-" "Mozilla/5.0 AppleWebKit/537.36 (KHTML, like Gecko; compatible; GPTBot/1.3; +https://openai.com/gptbot)" reflexologienobilis.ch
2001:1600:4:13:d294:66ff:fe7d:42eb - - [08/Dec/2025:01:29:20 +0100] "POST /wp-cron.php?doing_wp_cron=1765153760.1530249118804931640625 HTTP/1.1" 403 996 "https://reflexologienobilis.ch/wp-cron.php?doing_wp_cron=1765153760.1530249118804931640625" "WordPress/5.1.21; https://reflexologienobilis.ch" reflexologienobilis.ch
2001:41d0:a:1b7d::1 - - [08/Dec/2025:01:29:19 +0100] "GET /boutique/feed/?filesrc=/home/clients/bc55d1d9a618a64acfd6a3c258c080a1/web/wp-content/plugins/divi-builder/core/components/api/email/SendinBlue.php&path=/home/clients/bc55d1d9a618a64acfd6a3c258c080a1/web/wp-content/plugins/divi-builder/core/components/api/email HTTP/1.1" 301 9612 "-" "Mozilla/5.0 (compatible; MJ12bot/v1.4.8; http://mj12bot.com/)" reflexologienobilis.ch
74.7.242.16 - - [08/Dec/2025:01:29:20 +0100] "GET /2017/02/?filesrc=/home/clients/bc55d1d9a618a64acfd6a3c258c080a1/web/wp-content/plugins/woo-gutenberg-products-block/vendor/autoload.php&path=/home/clients/bc55d1d9a618a64acfd6a3c258c080a1/web/wp-content/plugins/woo-gutenberg-products-block/vendor HTTP/1.1" 200 6833 "-" "Mozilla/5.0 AppleWebKit/537.36 (KHTML, like Gecko; compatible; GPTBot/1.3; +https://openai.com/gptbot)" reflexologienobilis.ch
18.209.201.119 - - [08/Dec/2025:01:29:20 +0100] "GET /blog/?act=download&dir=/home/clients/bc55d1d9a618a64acfd6a3c258c080a1/web/wp-content/plugins/divi-builder/core/components/post&file=/home/clients/bc55d1d9a618a64acfd6a3c258c080a1/web/wp-content/plugins/divi-builder/core/components/post/Query.php HTTP/1.1" 200 7539 "-" "Mozilla/5.0 AppleWebKit/537.36 (KHTML, like Gecko; compatible; Amazonbot/0.1; +https://developer.amazon.com/support/amazonbot) Chrome/119.0.6045.214 Safari/537.36" reflexologienobilis.ch
2001:41d0:303:839c::1 - - [08/Dec/2025:01:29:19 +0100] "GET /boutique/feed/?filesrc=/home/clients/bc55d1d9a618a64acfd6a3c258c080a1/web/wp-content/plugins/divi-builder/includes/builder/scripts/frontend/preview.js&path=/home/clients/bc55d1d9a618a64acfd6a3c258c080a1/web/wp-content/plugins/divi-builder/includes/builder/scripts/frontend HTTP/1.1" 301 7988 "-" "Mozilla/5.0 (compatible; MJ12bot/v1.4.8; http://mj12bot.com/)" reflexologienobilis.ch
74.7.242.16 - - [08/Dec/2025:01:29:21 +0100] "GET /2018/12/?filesrc=/home/clients/bc55d1d9a618a64acfd6a3c258c080a1/web/wp-content/plugins/woo-gutenberg-products-block/vendor/composer/autoload_psr4.php&path=/home/clients/bc55d1d9a618a64acfd6a3c258c080a1/web/wp-content/plugins/woo-gutenberg-products-block/vendor/composer HTTP/1.1" 200 6950 "-" "Mozilla/5.0 AppleWebKit/537.36 (KHTML, like Gecko; compatible; GPTBot/1.3; +https://openai.com/gptbot)" reflexologienobilis.ch
74.7.242.16 - - [08/Dec/2025:01:29:22 +0100] "GET /2018/12/?act=download&dir=/home/clients/bc55d1d9a618a64acfd6a3c258c080a1/web/wp-content/plugins/woo-gutenberg-products-block/vendor/composer&file=/home/clients/bc55d1d9a618a64acfd6a3c258c080a1/web/wp-content/plugins/woo-gutenberg-products-block/vendor/composer/autoload_namespaces.php HTTP/1.1" 200 149 "-" "Mozilla/5.0 AppleWebKit/537.36 (KHTML, like Gecko; compatible; GPTBot/1.3; +https://openai.com/gptbot)" reflexologienobilis.ch
2001:41d0:303:839c::1 - - [08/Dec/2025:01:29:22 +0100] "GET /boutique/feed/?filesrc=%2Fhome%2Fclients%2Fbc55d1d9a618a64acfd6a3c258c080a1%2Fweb%2Fwp-content%2Fplugins%2Fdivi-builder%2Fincludes%2Fbuilder%2Fscripts%2Ffrontend%2Fpreview.js&path=%2Fhome%2Fclients%2Fbc55d1d9a618a64acfd6a3c258c080a1%2Fweb%2Fwp-content%2Fplugins%2Fdivi-builder%2Fincludes%2Fbuilder%2Fscripts%2Ffrontend HTTP/1.1" 200 5527 "-" "Mozilla/5.0 (compatible; MJ12bot/v1.4.8; http://mj12bot.com/)" reflexologienobilis.ch
2001:41d0:a:1b7d::1 - - [08/Dec/2025:01:29:23 +0100] "GET /boutique/feed/?filesrc=%2Fhome%2Fclients%2Fbc55d1d9a618a64acfd6a3c258c080a1%2Fweb%2Fwp-content%2Fplugins%2Fdivi-builder%2Fcore%2Fcomponents%2Fapi%2Femail%2FSendinBlue.php&path=%2Fhome%2Fclients%2Fbc55d1d9a618a64acfd6a3c258c080a1%2Fweb%2Fwp-content%2Fplugins%2Fdivi-builder%2Fcore%2Fcomponents%2Fapi%2Femail HTTP/1.1" 200 5586 "-" "Mozilla/5.0 (compatible; MJ12bot/v1.4.8; http://mj12bot.com/)" reflexologienobilis.ch
18.235.81.246 - - [08/Dec/2025:01:29:24 +0100] "GET /blog/?act=download&dir=/home/clients/bc55d1d9a618a64acfd6a3c258c080a1/web/wp-content/plugins/divi-builder/core/components/post&file=/home/clients/bc55d1d9a618a64acfd6a3c258c080a1/web/wp-content/plugins/divi-builder/core/components/post/Object.php HTTP/1.1" 200 5206 "-" "Mozilla/5.0 AppleWebKit/537.36 (KHTML, like Gecko; compatible; Amazonbot/0.1; +https://developer.amazon.com/support/amazonbot) Chrome/119.0.6045.214 Safari/537.36" reflexologienobilis.ch
74.7.242.16 - - [08/Dec/2025:01:29:24 +0100] "GET /2017/02/?filesrc=/home/clients/bc55d1d9a618a64acfd6a3c258c080a1/web/wp-content/plugins/woocommerce/includes/legacy/api/class-wc-rest-legacy-products-controller.php&path=/home/clients/bc55d1d9a618a64acfd6a3c258c080a1/web/wp-content/plugins/woocommerce/includes/legacy/api HTTP/1.1" 200 11727 "-" "Mozilla/5.0 AppleWebKit/537.36 (KHTML, like Gecko; compatible; GPTBot/1.3; +https://openai.com/gptbot)" reflexologienobilis.ch
173.208.176.202 - - [08/Dec/2025:01:28:28 +0100] "GET /wp-includes/ad9d00da/index.php?id=917455 HTTP/1.1" 200 25 "https://reflexologienobilis.ch/wp-includes/ad9d00da/index.php?id=917455" "Mozilla/5.0 (Windows NT 10.0; Win64; x64) AppleWebKit/537.36 (KHTML, like Gecko) Chrome/58.0.3029.110 Safari/537.3" reflexologienobilis.ch
2001:41d0:303:839c::1 - - [08/Dec/2025:01:29:25 +0100] "GET /boutique/feed/?filesrc=/home/clients/bc55d1d9a618a64acfd6a3c258c080a1/web/wp-content/plugins/divi-builder/includes/builder/scripts/frontend/scripts.js&path=/home/clients/bc55d1d9a618a64acfd6a3c258c080a1/web/wp-content/plugins/divi-builder/includes/builder/scripts/frontend HTTP/1.1" 301 290517 "-" "Mozilla/5.0 (compatible; MJ12bot/v1.4.8; http://mj12bot.com/)" reflexologienobilis.ch
74.7.242.16 - - [08/Dec/2025:01:29:25 +0100] "GET /2018/12/?filesrc=/home/clients/bc55d1d9a618a64acfd6a3c258c080a1/web/wp-content/plugins/woo-gutenberg-products-block/vendor/composer/autoload_real.php&path=/home/clients/bc55d1d9a618a64acfd6a3c258c080a1/web/wp-content/plugins/woo-gutenberg-products-block/vendor/composer HTTP/1.1" 200 7312 "-" "Mozilla/5.0 AppleWebKit/537.36 (KHTML, like Gecko; compatible; GPTBot/1.3; +https://openai.com/gptbot)" reflexologienobilis.ch
2001:41d0:a:1b7d::1 - - [08/Dec/2025:01:29:26 +0100] "GET /boutique/feed/?filesrc=/home/clients/bc55d1d9a618a64acfd6a3c258c080a1/web/wp-content/plugins/divi-builder/core/components/api/email/_MailPoet2.php&path=/home/clients/bc55d1d9a618a64acfd6a3c258c080a1/web/wp-content/plugins/divi-builder/core/components/api/email HTTP/1.1" 301 9102 "-" "Mozilla/5.0 (compatible; MJ12bot/v1.4.8; http://mj12bot.com/)" reflexologienobilis.ch
74.7.242.16 - - [08/Dec/2025:01:29:27 +0100] "GET /2018/12/?filesrc=/home/clients/bc55d1d9a618a64acfd6a3c258c080a1/web/wp-content/plugins/woo-gutenberg-products-block/vendor/composer/autoload_classmap.php&path=/home/clients/bc55d1d9a618a64acfd6a3c258c080a1/web/wp-content/plugins/woo-gutenberg-products-block/vendor/composer HTTP/1.1" 200 6845 "-" "Mozilla/5.0 AppleWebKit/537.36 (KHTML, like Gecko; compatible; GPTBot/1.3; +https://openai.com/gptbot)" reflexologienobilis.ch
18.214.124.6 - - [08/Dec/2025:01:29:27 +0100] "GET /blog/?act=download&dir=/home/clients/bc55d1d9a618a64acfd6a3c258c080a1/web/wp-content/plugins/divi-builder/core/components/post&file=/home/clients/bc55d1d9a618a64acfd6a3c258c080a1/web/wp-content/plugins/divi-builder/core/components/post/Taxonomy.php HTTP/1.1" 200 1775 "-" "Mozilla/5.0 AppleWebKit/537.36 (KHTML, like Gecko; compatible; Amazonbot/0.1; +https://developer.amazon.com/support/amazonbot) Chrome/119.0.6045.214 Safari/537.36" reflexologienobilis.ch
2001:41d0:303:839c::1 - - [08/Dec/2025:01:29:28 +0100] "GET /boutique/feed/?filesrc=%2Fhome%2Fclients%2Fbc55d1d9a618a64acfd6a3c258c080a1%2Fweb%2Fwp-content%2Fplugins%2Fdivi-builder%2Fincludes%2Fbuilder%2Fscripts%2Ffrontend%2Fscripts.js&path=%2Fhome%2Fclients%2Fbc55d1d9a618a64acfd6a3c258c080a1%2Fweb%2Fwp-content%2Fplugins%2Fdivi-builder%2Fincludes%2Fbuilder%2Fscripts%2Ffrontend HTTP/1.1" 200 60831 "-" "Mozilla/5.0 (compatible; MJ12bot/v1.4.8; http://mj12bot.com/)" reflexologienobilis.ch
74.7.242.16 - - [08/Dec/2025:01:29:29 +0100] "GET /2018/12/?act=download&dir=/home/clients/bc55d1d9a618a64acfd6a3c258c080a1/web/wp-content/plugins/woocommerce/includes/tracks/events&file=/home/clients/bc55d1d9a618a64acfd6a3c258c080a1/web/wp-content/plugins/woocommerce/includes/tracks/events/class-wc-products-tracking.php HTTP/1.1" 200 2427 "-" "Mozilla/5.0 AppleWebKit/537.36 (KHTML, like Gecko; compatible; GPTBot/1.3; +https://openai.com/gptbot)" reflexologienobilis.ch
74.7.242.16 - - [08/Dec/2025:01:29:30 +0100] "GET /article-1/?filesrc=/home/clients/bc55d1d9a618a64acfd6a3c258c080a1/web/wp-content/plugins/user-role-editor/images/user-role-editor-page-icon.png&path=/home/clients/bc55d1d9a618a64acfd6a3c258c080a1/web/wp-content/plugins/user-role-editor/images HTTP/1.1" 200 7616 "-" "Mozilla/5.0 AppleWebKit/537.36 (KHTML, like Gecko; compatible; GPTBot/1.3; +https://openai.com/gptbot)" reflexologienobilis.ch
2001:41d0:303:839c::1 - - [08/Dec/2025:01:29:31 +0100] "GET /boutique/feed/?filesrc=/home/clients/bc55d1d9a618a64acfd6a3c258c080a1/web/wp-content/plugins/divi-builder/includes/builder/styles/images/preloader.gif&path=/home/clients/bc55d1d9a618a64acfd6a3c258c080a1/web/wp-content/plugins/divi-builder/includes/builder/styles/images HTTP/1.1" 301 4955 "-" "Mozilla/5.0 (compatible; MJ12bot/v1.4.8; http://mj12bot.com/)" reflexologienobilis.ch
2001:41d0:a:1b7d::1 - - [08/Dec/2025:01:29:31 +0100] "GET /boutique/feed/?filesrc=%2Fhome%2Fclients%2Fbc55d1d9a618a64acfd6a3c258c080a1%2Fweb%2Fwp-content%2Fplugins%2Fdivi-builder%2Fcore%2Fcomponents%2Fapi%2Femail%2F_MailPoet2.php&path=%2Fhome%2Fclients%2Fbc55d1d9a618a64acfd6a3c258c080a1%2Fweb%2Fwp-content%2Fplugins%2Fdivi-builder%2Fcore%2Fcomponents%2Fapi%2Femail HTTP/1.1" 200 5561 "-" "Mozilla/5.0 (compatible; MJ12bot/v1.4.8; http://mj12bot.com/)" reflexologienobilis.ch
54.89.90.224 - - [08/Dec/2025:01:29:31 +0100] "GET /blog/?act=download&dir=/home/clients/bc55d1d9a618a64acfd6a3c258c080a1/web/wp-content/plugins/divi-builder/core/components/post&file=/home/clients/bc55d1d9a618a64acfd6a3c258c080a1/web/wp-content/plugins/divi-builder/core/components/post/Type.php HTTP/1.1" 200 927 "-" "Mozilla/5.0 AppleWebKit/537.36 (KHTML, like Gecko; compatible; Amazonbot/0.1; +https://developer.amazon.com/support/amazonbot) Chrome/119.0.6045.214 Safari/537.36" reflexologienobilis.ch
74.7.242.16 - - [08/Dec/2025:01:29:32 +0100] "GET /category/reflexologie/?filesrc=/home/clients/bc55d1d9a618a64acfd6a3c258c080a1/web/wp-content/plugins/really-simple-ssl/css/main-rtl.min.css&path=/home/clients/bc55d1d9a618a64acfd6a3c258c080a1/web/wp-content/plugins/really-simple-ssl/css HTTP/1.1" 200 8728 "-" "Mozilla/5.0 AppleWebKit/537.36 (KHTML, like Gecko; compatible; GPTBot/1.3; +https://openai.com/gptbot)" reflexologienobilis.ch
74.7.242.16 - - [08/Dec/2025:01:29:33 +0100] "GET /2017/02/?act=download&dir=/home/clients/bc55d1d9a618a64acfd6a3c258c080a1/web/wp-content/plugins/woo-gutenberg-products-block/vendor/composer&file=/home/clients/bc55d1d9a618a64acfd6a3c258c080a1/web/wp-content/plugins/woo-gutenberg-products-block/vendor/composer/autoload_classmap.php HTTP/1.1" 200 147 "-" "Mozilla/5.0 AppleWebKit/537.36 (KHTML, like Gecko; compatible; GPTBot/1.3; +https://openai.com/gptbot)" reflexologienobilis.ch
2001:41d0:303:839c::1 - - [08/Dec/2025:01:29:34 +0100] "GET /boutique/feed/?filesrc=%2Fhome%2Fclients%2Fbc55d1d9a618a64acfd6a3c258c080a1%2Fweb%2Fwp-content%2Fplugins%2Fdivi-builder%2Fincludes%2Fbuilder%2Fstyles%2Fimages%2Fpreloader.gif&path=%2Fhome%2Fclients%2Fbc55d1d9a618a64acfd6a3c258c080a1%2Fweb%2Fwp-content%2Fplugins%2Fdivi-builder%2Fincludes%2Fbuilder%2Fstyles%2Fimages HTTP/1.1" 200 4215 "-" "Mozilla/5.0 (compatible; MJ12bot/v1.4.8; http://mj12bot.com/)" reflexologienobilis.ch
74.7.242.16 - - [08/Dec/2025:01:29:35 +0100] "GET /2017/02/?act=download&dir=/home/clients/bc55d1d9a618a64acfd6a3c258c080a1/web/wp-content/plugins/woo-gutenberg-products-block/vendor/composer&file=/home/clients/bc55d1d9a618a64acfd6a3c258c080a1/web/wp-content/plugins/woo-gutenberg-products-block/vendor/composer/autoload_namespaces.php HTTP/1.1" 200 149 "-" "Mozilla/5.0 AppleWebKit/537.36 (KHTML, like Gecko; compatible; GPTBot/1.3; +https://openai.com/gptbot)" reflexologienobilis.ch
2001:41d0:a:1b7d::1 - - [08/Dec/2025:01:29:34 +0100] "GET /boutique/feed/?filesrc=/home/clients/bc55d1d9a618a64acfd6a3c258c080a1/web/wp-content/plugins/divi-builder/core/components/api/email/_MailPoet3.php&path=/home/clients/bc55d1d9a618a64acfd6a3c258c080a1/web/wp-content/plugins/divi-builder/core/components/api/email HTTP/1.1" 301 8856 "-" "Mozilla/5.0 (compatible; MJ12bot/v1.4.8; http://mj12bot.com/)" reflexologienobilis.ch
18.206.47.187 - - [08/Dec/2025:01:29:36 +0100] "GET /contact/?act=download&dir=/home/clients/bc55d1d9a618a64acfd6a3c258c080a1/web/wp-content/themes/Divi/includes/builder/statics&file=/home/clients/bc55d1d9a618a64acfd6a3c258c080a1/web/wp-content/themes/Divi/includes/builder/statics/.htaccess HTTP/1.1" 200 63 "-" "Mozilla/5.0 AppleWebKit/537.36 (KHTML, like Gecko; compatible; Amazonbot/0.1; +https://developer.amazon.com/support/amazonbot) Chrome/119.0.6045.214 Safari/537.36" reflexologienobilis.ch
74.7.242.16 - - [08/Dec/2025:01:29:36 +0100] "GET /author/cschmid/?act=download&dir=/home/clients/bc55d1d9a618a64acfd6a3c258c080a1/web/wp-content/plugins/divi-builder/includes/builder/styles/images&file=/home/clients/bc55d1d9a618a64acfd6a3c258c080a1/web/wp-content/plugins/divi-builder/includes/builder/styles/images/ui-icons_cc0000_256x240.png HTTP/1.1" 200 4549 "-" "Mozilla/5.0 AppleWebKit/537.36 (KHTML, like Gecko; compatible; GPTBot/1.3; +https://openai.com/gptbot)" reflexologienobilis.ch
2001:41d0:303:839c::1 - - [08/Dec/2025:01:29:36 +0100] "GET /boutique/feed/?filesrc=/home/clients/bc55d1d9a618a64acfd6a3c258c080a1/web/wp-content/plugins/divi-builder/includes/builder/styles/images/subscribe-loader.gif&path=/home/clients/bc55d1d9a618a64acfd6a3c258c080a1/web/wp-content/plugins/divi-builder/includes/builder/styles/images HTTP/1.1" 301 4969 "-" "Mozilla/5.0 (compatible; MJ12bot/v1.4.8; http://mj12bot.com/)" reflexologienobilis.ch
74.7.242.16 - - [08/Dec/2025:01:29:37 +0100] "GET /?filesrc=%2Fhome%2Fclients%2Fbc55d1d9a618a64acfd6a3c258c080a1%2Fweb%2Fwp-content%2Flanguages%2Fplugins%2Fwoo-gutenberg-products-block-fr_FR-572cb5b1fffba57a481af60ab4597ee8.json&path=%2Fhome%2Fclients%2Fbc55d1d9a618a64acfd6a3c258c080a1%2Fweb%2Fwp-content%2Flanguages%2Fplugins HTTP/1.1" 200 8420 "-" "Mozilla/5.0 AppleWebKit/537.36 (KHTML, like Gecko; compatible; GPTBot/1.3; +https://openai.com/gptbot)" reflexologienobilis.ch
74.7.242.16 - - [08/Dec/2025:01:29:38 +0100] "GET /?filesrc=%2Fhome%2Fclients%2Fbc55d1d9a618a64acfd6a3c258c080a1%2Fweb%2Fwp-content%2Flanguages%2Fplugins%2Fwoo-gutenberg-products-block-de_DE-572cb5b1fffba57a481af60ab4597ee8.json&path=%2Fhome%2Fclients%2Fbc55d1d9a618a64acfd6a3c258c080a1%2Fweb%2Fwp-content%2Flanguages%2Fplugins HTTP/1.1" 200 8421 "-" "Mozilla/5.0 AppleWebKit/537.36 (KHTML, like Gecko; compatible; GPTBot/1.3; +https://openai.com/gptbot)" reflexologienobilis.ch
2001:41d0:a:1b7d::1 - - [08/Dec/2025:01:29:39 +0100] "GET /boutique/feed/?filesrc=%2Fhome%2Fclients%2Fbc55d1d9a618a64acfd6a3c258c080a1%2Fweb%2Fwp-content%2Fplugins%2Fdivi-builder%2Fcore%2Fcomponents%2Fapi%2Femail%2F_MailPoet3.php&path=%2Fhome%2Fclients%2Fbc55d1d9a618a64acfd6a3c258c080a1%2Fweb%2Fwp-content%2Fplugins%2Fdivi-builder%2Fcore%2Fcomponents%2Fapi%2Femail HTTP/1.1" 200 5517 "-" "Mozilla/5.0 (compatible; MJ12bot/v1.4.8; http://mj12bot.com/)" reflexologienobilis.ch
2001:41d0:303:839c::1 - - [08/Dec/2025:01:29:39 +0100] "GET /boutique/feed/?filesrc=%2Fhome%2Fclients%2Fbc55d1d9a618a64acfd6a3c258c080a1%2Fweb%2Fwp-content%2Fplugins%2Fdivi-builder%2Fincludes%2Fbuilder%2Fstyles%2Fimages%2Fsubscribe-loader.gif&path=%2Fhome%2Fclients%2Fbc55d1d9a618a64acfd6a3c258c080a1%2Fweb%2Fwp-content%2Fplugins%2Fdivi-builder%2Fincludes%2Fbuilder%2Fstyles%2Fimages HTTP/1.1" 200 4220 "-" "Mozilla/5.0 (compatible; MJ12bot/v1.4.8; http://mj12bot.com/)" reflexologienobilis.ch
3.217.82.254 - - [08/Dec/2025:01:29:40 +0100] "GET /produit/produit_1/?filesrc=/home/clients/bc55d1d9a618a64acfd6a3c258c080a1/web/wp-content/cache/supercache/reflexologienobilis.ch/comments/feed/wp-cache-8037f51db1f50a07a3347ffed5dd80fb.php&path=/home/clients/bc55d1d9a618a64acfd6a3c258c080a1/web/wp-content/cache/supercache/reflexologienobilis.ch/comments/feed HTTP/1.1" 200 13324 "-" "Mozilla/5.0 AppleWebKit/537.36 (KHTML, like Gecko; compatible; Amazonbot/0.1; +https://developer.amazon.com/support/amazonbot) Chrome/119.0.6045.214 Safari/537.36" reflexologienobilis.ch
