52.2.191.202 - - [08/Dec/2025:01:20:31 +0100] "GET /blog/?opt=newfolder&path=/home/clients/bc55d1d9a618a64acfd6a3c258c080a1/web/wp-content/plugins/woocommerce/includes/shipping/flat-rate/includes HTTP/1.1" 200 8843 "-" "Mozilla/5.0 AppleWebKit/537.36 (KHTML, like Gecko; compatible; Amazonbot/0.1; +https://developer.amazon.com/support/amazonbot) Chrome/119.0.6045.214 Safari/537.36" reflexologienobilis.ch
74.7.242.16 - - [08/Dec/2025:01:20:33 +0100] "GET /?filesrc=%2Fhome%2Fclients%2Fbc55d1d9a618a64acfd6a3c258c080a1%2Fbackups%2F17-11-2025_11%3A15%3A35%2Fweb%2Fwp-content%2Fplugins%2Freally-simple-ssl%2Fcss%2Fmain-rtl.css&path=%2Fhome%2Fclients%2Fbc55d1d9a618a64acfd6a3c258c080a1%2Fbackups%2F17-11-2025_11%3A15%3A35%2Fweb%2Fwp-content%2Fplugins%2Freally-simple-ssl%2Fcss HTTP/1.1" 200 8242 "-" "Mozilla/5.0 AppleWebKit/537.36 (KHTML, like Gecko; compatible; GPTBot/1.3; +https://openai.com/gptbot)" reflexologienobilis.ch
74.7.242.16 - - [08/Dec/2025:01:20:34 +0100] "GET /?act=download&dir=/home/clients/bc55d1d9a618a64acfd6a3c258c080a1/web/wp-includes/js/dist&file=/home/clients/bc55d1d9a618a64acfd6a3c258c080a1/web/wp-includes/js/dist/element.min.js HTTP/1.1" 200 8540 "-" "Mozilla/5.0 AppleWebKit/537.36 (KHTML, like Gecko; compatible; GPTBot/1.3; +https://openai.com/gptbot)" reflexologienobilis.ch
74.7.242.16 - - [08/Dec/2025:01:20:35 +0100] "GET /?act=download&dir=/home/clients/bc55d1d9a618a64acfd6a3c258c080a1/web/wp-includes/js/dist&file=/home/clients/bc55d1d9a618a64acfd6a3c258c080a1/web/wp-includes/js/dist/editor.min.js HTTP/1.1" 200 380686 "-" "Mozilla/5.0 AppleWebKit/537.36 (KHTML, like Gecko; compatible; GPTBot/1.3; +https://openai.com/gptbot)" reflexologienobilis.ch
3.221.244.28 - - [08/Dec/2025:01:20:35 +0100] "GET /boutique/?do=newfile&path=/home/clients/bc55d1d9a618a64acfd6a3c258c080a1/web/wp-content/plugins/woo-gutenberg-products-block/assets/js/blocks/products HTTP/1.1" 200 7364 "-" "Mozilla/5.0 AppleWebKit/537.36 (KHTML, like Gecko; compatible; Amazonbot/0.1; +https://developer.amazon.com/support/amazonbot) Chrome/119.0.6045.214 Safari/537.36" reflexologienobilis.ch
74.7.242.16 - - [08/Dec/2025:01:20:37 +0100] "GET /?act=download&dir=/home/clients/bc55d1d9a618a64acfd6a3c258c080a1/web/wp-includes/js/dist&file=/home/clients/bc55d1d9a618a64acfd6a3c258c080a1/web/wp-includes/js/dist/api-fetch.js HTTP/1.1" 200 24526 "-" "Mozilla/5.0 AppleWebKit/537.36 (KHTML, like Gecko; compatible; GPTBot/1.3; +https://openai.com/gptbot)" reflexologienobilis.ch
74.7.242.16 - - [08/Dec/2025:01:20:38 +0100] "GET /?act=download&dir=/home/clients/bc55d1d9a618a64acfd6a3c258c080a1/web/wp-includes/js/dist&file=/home/clients/bc55d1d9a618a64acfd6a3c258c080a1/web/wp-includes/js/dist/core-data.js HTTP/1.1" 200 102382 "-" "Mozilla/5.0 AppleWebKit/537.36 (KHTML, like Gecko; compatible; GPTBot/1.3; +https://openai.com/gptbot)" reflexologienobilis.ch
74.7.242.16 - - [08/Dec/2025:01:20:39 +0100] "GET /?act=download&dir=/home/clients/bc55d1d9a618a64acfd6a3c258c080a1/web/wp-includes/js/dist&file=/home/clients/bc55d1d9a618a64acfd6a3c258c080a1/web/wp-includes/js/dist/compose.min.js HTTP/1.1" 200 8415 "-" "Mozilla/5.0 AppleWebKit/537.36 (KHTML, like Gecko; compatible; GPTBot/1.3; +https://openai.com/gptbot)" reflexologienobilis.ch
54.145.82.217 - - [08/Dec/2025:01:20:39 +0100] "GET /category/reflexologie/?act=download&dir=/home/clients/bc55d1d9a618a64acfd6a3c258c080a1/web/wp-includes&file=/home/clients/bc55d1d9a618a64acfd6a3c258c080a1/web/wp-includes/class-wp-http-encoding.php HTTP/1.1" 200 6503 "-" "Mozilla/5.0 AppleWebKit/537.36 (KHTML, like Gecko; compatible; Amazonbot/0.1; +https://developer.amazon.com/support/amazonbot) Chrome/119.0.6045.214 Safari/537.36" reflexologienobilis.ch
74.7.242.16 - - [08/Dec/2025:01:20:40 +0100] "GET /?act=download&dir=/home/clients/bc55d1d9a618a64acfd6a3c258c080a1/web/wp-includes/js/dist&file=/home/clients/bc55d1d9a618a64acfd6a3c258c080a1/web/wp-includes/js/dist/notices.min.js HTTP/1.1" 200 5722 "-" "Mozilla/5.0 AppleWebKit/537.36 (KHTML, like Gecko; compatible; GPTBot/1.3; +https://openai.com/gptbot)" reflexologienobilis.ch
74.7.242.16 - - [08/Dec/2025:01:20:41 +0100] "GET /services/?opt=newfolder&path=/home/clients/bc55d1d9a618a64acfd6a3c258c080a1/web/wp-content/plugins/yith-woocommerce-catalog-mode/templates/admin HTTP/1.1" 200 12989 "-" "Mozilla/5.0 AppleWebKit/537.36 (KHTML, like Gecko; compatible; GPTBot/1.3; +https://openai.com/gptbot)" reflexologienobilis.ch
74.7.242.16 - - [08/Dec/2025:01:20:44 +0100] "GET /services/?do=newfile&path=/home/clients/bc55d1d9a618a64acfd6a3c258c080a1/web/wp-content/plugins/yith-woocommerce-catalog-mode/templates/admin/upgrades HTTP/1.1" 200 12954 "-" "Mozilla/5.0 AppleWebKit/537.36 (KHTML, like Gecko; compatible; GPTBot/1.3; +https://openai.com/gptbot)" reflexologienobilis.ch
74.7.242.16 - - [08/Dec/2025:01:20:42 +0100] "GET /services/?opt=newfolder&path=/home/clients/bc55d1d9a618a64acfd6a3c258c080a1/web/wp-content/plugins/yith-woocommerce-catalog-mode/templates/admin/upgrades HTTP/1.1" 200 12919 "-" "Mozilla/5.0 AppleWebKit/537.36 (KHTML, like Gecko; compatible; GPTBot/1.3; +https://openai.com/gptbot)" reflexologienobilis.ch
54.90.244.132 - - [08/Dec/2025:01:20:44 +0100] "GET /blog/?do=newfile&path=/home/clients/bc55d1d9a618a64acfd6a3c258c080a1/web/wp-content/plugins/divi-builder/includes/builder/feature/custom-defaults HTTP/1.1" 200 8937 "-" "Mozilla/5.0 AppleWebKit/537.36 (KHTML, like Gecko; compatible; Amazonbot/0.1; +https://developer.amazon.com/support/amazonbot) Chrome/119.0.6045.214 Safari/537.36" reflexologienobilis.ch
74.7.242.16 - - [08/Dec/2025:01:20:45 +0100] "GET /contact/?opt=newfolder&path=/home/clients/bc55d1d9a618a64acfd6a3c258c080a1/web/wp-content/plfadc5d HTTP/1.1" 200 8456 "-" "Mozilla/5.0 AppleWebKit/537.36 (KHTML, like Gecko; compatible; GPTBot/1.3; +https://openai.com/gptbot)" reflexologienobilis.ch
74.7.242.16 - - [08/Dec/2025:01:20:46 +0100] "GET /?filesrc=%2Fhome%2Fclients%2Fbc55d1d9a618a64acfd6a3c258c080a1%2Fweb%2Fwp-content%2Fplugins%2Fwoo-gutenberg-products-block%2Fassets%2Fjs%2Fbase%2Fcomponents%2Flabel%2Ftest%2Findex.js&path=%2Fhome%2Fclients%2Fbc55d1d9a618a64acfd6a3c258c080a1%2Fweb%2Fwp-content%2Fplugins%2Fwoo-gutenberg-products-block%2Fassets%2Fjs%2Fbase%2Fcomponents%2Flabel%2Ftest HTTP/1.1" 200 8592 "-" "Mozilla/5.0 AppleWebKit/537.36 (KHTML, like Gecko; compatible; GPTBot/1.3; +https://openai.com/gptbot)" reflexologienobilis.ch
74.7.242.16 - - [08/Dec/2025:01:20:47 +0100] "GET /blog/?act=download&dir=/home/clients/bc55d1d9a618a64acfd6a3c258c080a1/web/wp-content/uploads/2019/03&file=/home/clients/bc55d1d9a618a64acfd6a3c258c080a1/web/wp-content/uploads/2019/03/Re%CC%81flexologienobilis5-1-300x300.jpg HTTP/1.1" 200 14082 "-" "Mozilla/5.0 AppleWebKit/537.36 (KHTML, like Gecko; compatible; GPTBot/1.3; +https://openai.com/gptbot)" reflexologienobilis.ch
111.7.100.41 - - [08/Dec/2025:01:20:48 +0100] "GET /images/toggi-arrow.jpg HTTP/1.1" 200 2481008 "-" "curl/7.58.0" reflexologienobilis.ch
3.229.95.193 - - [08/Dec/2025:01:20:48 +0100] "GET /categorie-produit/en-vente-au-magasin/?filesrc=/home/clients/bc55d1d9a618a64acfd6a3c258c080a1/web/wp-content/cache/supercache/reflexologienobilis.ch/consultation-cabinet/index-https.html&path=/home/clients/bc55d1d9a618a64acfd6a3c258c080a1/web/wp-content/cache/supercache/reflexologienobilis.ch/consultation-cabinet HTTP/1.1" 200 14152 "-" "Mozilla/5.0 AppleWebKit/537.36 (KHTML, like Gecko; compatible; Amazonbot/0.1; +https://developer.amazon.com/support/amazonbot) Chrome/119.0.6045.214 Safari/537.36" reflexologienobilis.ch
74.7.242.16 - - [08/Dec/2025:01:20:48 +0100] "GET /blog/?act=download&dir=/home/clients/bc55d1d9a618a64acfd6a3c258c080a1/web/wp-content/uploads/2019/03&file=/home/clients/bc55d1d9a618a64acfd6a3c258c080a1/web/wp-content/uploads/2019/03/Re%CC%81flexologienobilis5-1-768x576.jpg HTTP/1.1" 200 48307 "-" "Mozilla/5.0 AppleWebKit/537.36 (KHTML, like Gecko; compatible; GPTBot/1.3; +https://openai.com/gptbot)" reflexologienobilis.ch
111.7.100.36 - - [08/Dec/2025:01:20:51 +0100] "GET /images/toggi-arrow.jpg HTTP/1.1" 200 2481008 "-" "curl/7.58.0" reflexologienobilis.ch
74.7.242.16 - - [08/Dec/2025:01:20:50 +0100] "GET /blog/?act=download&dir=/home/clients/bc55d1d9a618a64acfd6a3c258c080a1/web/wp-content/uploads/2019/03&file=/home/clients/bc55d1d9a618a64acfd6a3c258c080a1/web/wp-content/uploads/2019/03/Re%CC%81flexologienobilis5-1-600x450.jpg HTTP/1.1" 200 33693 "-" "Mozilla/5.0 AppleWebKit/537.36 (KHTML, like Gecko; compatible; GPTBot/1.3; +https://openai.com/gptbot)" reflexologienobilis.ch
74.7.242.16 - - [08/Dec/2025:01:20:51 +0100] "GET /blog/?act=download&dir=/home/clients/bc55d1d9a618a64acfd6a3c258c080a1/web/wp-content/uploads/2019/03&file=/home/clients/bc55d1d9a618a64acfd6a3c258c080a1/web/wp-content/uploads/2019/03/Re%CC%81flexologienobilis5-1-400x284.jpg HTTP/1.1" 200 16992 "-" "Mozilla/5.0 AppleWebKit/537.36 (KHTML, like Gecko; compatible; GPTBot/1.3; +https://openai.com/gptbot)" reflexologienobilis.ch
34.206.193.60 - - [08/Dec/2025:01:20:51 +0100] "GET /produit/produit_1/?filesrc=/home/clients/bc55d1d9a618a64acfd6a3c258c080a1/web/wp-content/cache/supercache/reflexologienobilis.ch/produit/produit_3/index-https-mobile.html&path=/home/clients/bc55d1d9a618a64acfd6a3c258c080a1/web/wp-content/cache/supercache/reflexologienobilis.ch/produit/produit_3 HTTP/1.1" 200 20371 "-" "Mozilla/5.0 AppleWebKit/537.36 (KHTML, like Gecko; compatible; Amazonbot/0.1; +https://developer.amazon.com/support/amazonbot) Chrome/119.0.6045.214 Safari/537.36" reflexologienobilis.ch
74.7.242.16 - - [08/Dec/2025:01:20:52 +0100] "GET /blog/?act=download&dir=/home/clients/bc55d1d9a618a64acfd6a3c258c080a1/web/wp-content/uploads/2019/03&file=/home/clients/bc55d1d9a618a64acfd6a3c258c080a1/web/wp-content/uploads/2019/03/Re%CC%81flexologienobilis5-1-150x150.jpg HTTP/1.1" 200 5186 "-" "Mozilla/5.0 AppleWebKit/537.36 (KHTML, like Gecko; compatible; GPTBot/1.3; +https://openai.com/gptbot)" reflexologienobilis.ch
74.7.242.16 - - [08/Dec/2025:01:20:53 +0100] "GET /blog/?act=download&dir=/home/clients/bc55d1d9a618a64acfd6a3c258c080a1/web/wp-content/uploads/2019/03&file=/home/clients/bc55d1d9a618a64acfd6a3c258c080a1/web/wp-content/uploads/2019/03/Re%CC%81flexologienobilis5-1-400x250.jpg HTTP/1.1" 200 14964 "-" "Mozilla/5.0 AppleWebKit/537.36 (KHTML, like Gecko; compatible; GPTBot/1.3; +https://openai.com/gptbot)" reflexologienobilis.ch
74.7.242.16 - - [08/Dec/2025:01:20:54 +0100] "GET /blog/?act=download&dir=/home/clients/bc55d1d9a618a64acfd6a3c258c080a1/web/wp-content/uploads/2019/03&file=/home/clients/bc55d1d9a618a64acfd6a3c258c080a1/web/wp-content/uploads/2019/03/Re%CC%81flexologienobilis5-1-100x100.jpg HTTP/1.1" 200 2996 "-" "Mozilla/5.0 AppleWebKit/537.36 (KHTML, like Gecko; compatible; GPTBot/1.3; +https://openai.com/gptbot)" reflexologienobilis.ch
74.7.242.16 - - [08/Dec/2025:01:20:55 +0100] "GET /blog/?act=download&dir=/home/clients/bc55d1d9a618a64acfd6a3c258c080a1/web/wp-content/uploads/2019/03&file=/home/clients/bc55d1d9a618a64acfd6a3c258c080a1/web/wp-content/uploads/2019/03/Re%CC%81flexologienobilis5-1-300x225.jpg HTTP/1.1" 200 11760 "-" "Mozilla/5.0 AppleWebKit/537.36 (KHTML, like Gecko; compatible; GPTBot/1.3; +https://openai.com/gptbot)" reflexologienobilis.ch
98.82.59.253 - - [08/Dec/2025:01:20:55 +0100] "GET /category/uncategorized/?filesrc=/home/clients/bc55d1d9a618a64acfd6a3c258c080a1/web/wp-content/languages/admin-network-es_ES.mo&path=/home/clients/bc55d1d9a618a64acfd6a3c258c080a1/web/wp-content/languages HTTP/1.1" 200 6751 "-" "Mozilla/5.0 AppleWebKit/537.36 (KHTML, like Gecko; compatible; Amazonbot/0.1; +https://developer.amazon.com/support/amazonbot) Chrome/119.0.6045.214 Safari/537.36" reflexologienobilis.ch
74.7.242.16 - - [08/Dec/2025:01:20:56 +0100] "GET /blog/?act=download&dir=/home/clients/bc55d1d9a618a64acfd6a3c258c080a1/web/wp-content/uploads/2019/03&file=/home/clients/bc55d1d9a618a64acfd6a3c258c080a1/web/wp-content/uploads/2019/03/Re%CC%81flexologienobilis5-1-510x382.jpg HTTP/1.1" 200 26012 "-" "Mozilla/5.0 AppleWebKit/537.36 (KHTML, like Gecko; compatible; GPTBot/1.3; +https://openai.com/gptbot)" reflexologienobilis.ch
74.7.242.16 - - [08/Dec/2025:01:20:57 +0100] "GET /blog/?act=download&dir=/home/clients/bc55d1d9a618a64acfd6a3c258c080a1/web/wp-content/uploads/2019/03&file=/home/clients/bc55d1d9a618a64acfd6a3c258c080a1/web/wp-content/uploads/2019/03/Re%CC%81flexologienobilis5-1-400x516.jpg HTTP/1.1" 200 23331 "-" "Mozilla/5.0 AppleWebKit/537.36 (KHTML, like Gecko; compatible; GPTBot/1.3; +https://openai.com/gptbot)" reflexologienobilis.ch
74.7.242.16 - - [08/Dec/2025:01:20:59 +0100] "GET /services/?act=download&dir=/home/clients/bc55d1d9a618a64acfd6a3c258c080a1/web/wp-content/uploads/2019/03&file=/home/clients/bc55d1d9a618a64acfd6a3c258c080a1/web/wp-content/uploads/2019/03/Reflexologienobilis7.mp4 HTTP/1.1" 200 4840277 "-" "Mozilla/5.0 AppleWebKit/537.36 (KHTML, like Gecko; compatible; GPTBot/1.3; +https://openai.com/gptbot)" reflexologienobilis.ch
54.157.99.244 - - [08/Dec/2025:01:20:59 +0100] "GET /2017/02/?filesrc=/home/clients/bc55d1d9a618a64acfd6a3c258c080a1/web/wp-includes/SimplePie/Restriction.php&path=/home/clients/bc55d1d9a618a64acfd6a3c258c080a1/web/wp-includes/SimplePie HTTP/1.1" 200 8266 "-" "Mozilla/5.0 AppleWebKit/537.36 (KHTML, like Gecko; compatible; Amazonbot/0.1; +https://developer.amazon.com/support/amazonbot) Chrome/119.0.6045.214 Safari/537.36" reflexologienobilis.ch
74.7.242.16 - - [08/Dec/2025:01:21:00 +0100] "GET /services/?do=newfile&path=/home/clients/bc55d1d9a618a64acfd6a3c258c080a1/web/wp-includes/js/tinymce/plugins/compat3x HTTP/1.1" 200 13026 "-" "Mozilla/5.0 AppleWebKit/537.36 (KHTML, like Gecko; compatible; GPTBot/1.3; +https://openai.com/gptbot)" reflexologienobilis.ch
74.7.242.16 - - [08/Dec/2025:01:21:02 +0100] "GET /contact/?path=/home/clients/bc55d1d9a618a64acfd6a3c258c080a1/web/wp-content/plugins/really-simple-ssl/testssl/serverhttpxforwardedssl1/statics HTTP/1.1" 200 8402 "-" "Mozilla/5.0 AppleWebKit/537.36 (KHTML, like Gecko; compatible; GPTBot/1.3; +https://openai.com/gptbot)" reflexologienobilis.ch
74.7.242.16 - - [08/Dec/2025:01:21:03 +0100] "GET /?act=download&dir=/home/clients/bc55d1d9a618a64acfd6a3c258c080a1/web/wp-content/plugins/really-simple-ssl/assets&file=/home/clients/bc55d1d9a618a64acfd6a3c258c080a1/web/wp-content/plugins/really-simple-ssl/assets/mail-alerts.jpg HTTP/1.1" 200 47772 "-" "Mozilla/5.0 AppleWebKit/537.36 (KHTML, like Gecko; compatible; GPTBot/1.3; +https://openai.com/gptbot)" reflexologienobilis.ch
54.90.8.255 - - [08/Dec/2025:01:21:03 +0100] "GET /produit/produit_1/?act=download&dir=/home/clients/bc55d1d9a618a64acfd6a3c258c080a1/web/wp-content/plugins/yith-woocommerce-catalog-mode/plugin-fw/lib&file=/home/clients/bc55d1d9a618a64acfd6a3c258c080a1/web/wp-content/plugins/yith-woocommerce-catalog-mode/plugin-fw/lib/yit-upgrade.php HTTP/1.1" 200 2140 "-" "Mozilla/5.0 AppleWebKit/537.36 (KHTML, like Gecko; compatible; Amazonbot/0.1; +https://developer.amazon.com/support/amazonbot) Chrome/119.0.6045.214 Safari/537.36" reflexologienobilis.ch
74.7.242.16 - - [08/Dec/2025:01:21:05 +0100] "GET /?act=download&dir=/home/clients/bc55d1d9a618a64acfd6a3c258c080a1/web/wp-content/plugins/really-simple-ssl/assets&file=/home/clients/bc55d1d9a618a64acfd6a3c258c080a1/web/wp-content/plugins/really-simple-ssl/assets/most-visited.jpg HTTP/1.1" 200 51867 "-" "Mozilla/5.0 AppleWebKit/537.36 (KHTML, like Gecko; compatible; GPTBot/1.3; +https://openai.com/gptbot)" reflexologienobilis.ch
74.7.242.16 - - [08/Dec/2025:01:21:06 +0100] "GET /?path=/home/clients/bc55d1d9a618a64acfd6a3c258c080a1/web/wp-includes/css/dist/format-library HTTP/1.1" 301 10100 "-" "Mozilla/5.0 AppleWebKit/537.36 (KHTML, like Gecko; compatible; GPTBot/1.3; +https://openai.com/gptbot)" reflexologienobilis.ch
74.7.242.16 - - [08/Dec/2025:01:21:07 +0100] "GET /?path=%2Fhome%2Fclients%2Fbc55d1d9a618a64acfd6a3c258c080a1%2Fweb%2Fwp-includes%2Fcss%2Fdist%2Fformat-library HTTP/1.1" 200 8554 "-" "Mozilla/5.0 AppleWebKit/537.36 (KHTML, like Gecko; compatible; GPTBot/1.3; +https://openai.com/gptbot)" reflexologienobilis.ch
54.235.125.129 - - [08/Dec/2025:01:21:07 +0100] "GET /produit/produit_2/?act=download&dir=/home/clients/bc55d1d9a618a64acfd6a3c258c080a1/web/wp-content/plugins/yith-woocommerce-catalog-mode/plugin-fw/lib&file=/home/clients/bc55d1d9a618a64acfd6a3c258c080a1/web/wp-content/plugins/yith-woocommerce-catalog-mode/plugin-fw/lib/yit-upgrade.php HTTP/1.1" 200 2140 "-" "Mozilla/5.0 AppleWebKit/537.36 (KHTML, like Gecko; compatible; Amazonbot/0.1; +https://developer.amazon.com/support/amazonbot) Chrome/119.0.6045.214 Safari/537.36" reflexologienobilis.ch
74.7.242.16 - - [08/Dec/2025:01:21:09 +0100] "GET /2018/12/?act=download&dir=/home/clients/bc55d1d9a618a64acfd6a3c258c080a1/web/wp-content/cache/supercache/reflexologienobilis.ch&file=/home/clients/bc55d1d9a618a64acfd6a3c258c080a1/web/wp-content/cache/supercache/reflexologienobilis.ch/wp-cache-d33e2264ef4cefa1e1fad1a5543e4f62.php HTTP/1.1" 200 - "-" "Mozilla/5.0 AppleWebKit/537.36 (KHTML, like Gecko; compatible; GPTBot/1.3; +https://openai.com/gptbot)" reflexologienobilis.ch
54.198.33.233 - - [08/Dec/2025:01:21:12 +0100] "GET /2018/12/?filesrc=/home/clients/bc55d1d9a618a64acfd6a3c258c080a1/web/wp-includes/js/wp-a11y.min.js&path=/home/clients/bc55d1d9a618a64acfd6a3c258c080a1/web/wp-includes/js HTTP/1.1" 200 7044 "-" "Mozilla/5.0 AppleWebKit/537.36 (KHTML, like Gecko; compatible; Amazonbot/0.1; +https://developer.amazon.com/support/amazonbot) Chrome/119.0.6045.214 Safari/537.36" reflexologienobilis.ch
198.244.240.98 - - [08/Dec/2025:01:21:13 +0100] "GET /?filesrc=/home/clients/bc55d1d9a618a64acfd6a3c258c080a1/web/wp-includes/class-walker-nav-menu.php&path=/home/clients/bc55d1d9a618a64acfd6a3c258c080a1/web/wp-includes HTTP/1.1" 301 12943 "-" "Mozilla/5.0 (compatible; AhrefsBot/7.0; +http://ahrefs.com/robot/)" reflexologienobilis.ch
74.7.242.16 - - [08/Dec/2025:01:21:13 +0100] "GET /category/reflexologie/?filesrc=/home/clients/bc55d1d9a618a64acfd6a3c258c080a1/web/wp-content/pl95fd55/edit.php&path=/home/clients/bc55d1d9a618a64acfd6a3c258c080a1/web/wp-content/pl95fd55 HTTP/1.1" 200 9410 "-" "Mozilla/5.0 AppleWebKit/537.36 (KHTML, like Gecko; compatible; GPTBot/1.3; +https://openai.com/gptbot)" reflexologienobilis.ch
74.7.242.16 - - [08/Dec/2025:01:21:14 +0100] "GET /category/reflexologie/?filesrc=/home/clients/bc55d1d9a618a64acfd6a3c258c080a1/web/wp-content/advanced-cache.php&path=/home/clients/bc55d1d9a618a64acfd6a3c258c080a1/web/wp-content HTTP/1.1" 200 7259 "-" "Mozilla/5.0 AppleWebKit/537.36 (KHTML, like Gecko; compatible; GPTBot/1.3; +https://openai.com/gptbot)" reflexologienobilis.ch
2001:1600:4:13:d294:66ff:fe7d:42eb - - [08/Dec/2025:01:21:17 +0100] "POST /wp-cron.php?doing_wp_cron=1765153277.0552000999450683593750 HTTP/1.1" 403 996 "https://reflexologienobilis.ch/wp-cron.php?doing_wp_cron=1765153277.0552000999450683593750" "WordPress/5.1.21; https://reflexologienobilis.ch" reflexologienobilis.ch
74.7.242.16 - - [08/Dec/2025:01:21:16 +0100] "GET /blog/?act=download&dir=/home/clients/bc55d1d9a618a64acfd6a3c258c080a1/web/wp-content/uploads/2019/03&file=/home/clients/bc55d1d9a618a64acfd6a3c258c080a1/web/wp-content/uploads/2019/03/re%CC%81flexologie-nobilis-bureau2-1024x625.png HTTP/1.1" 200 622050 "-" "Mozilla/5.0 AppleWebKit/537.36 (KHTML, like Gecko; compatible; GPTBot/1.3; +https://openai.com/gptbot)" reflexologienobilis.ch
173.208.176.202 - - [08/Dec/2025:01:20:19 +0100] "GET /wp-includes/ad9d00da/index.php?id=917455 HTTP/1.1" 200 25 "https://reflexologienobilis.ch/wp-includes/ad9d00da/index.php?id=917455" "Mozilla/5.0 (Windows NT 10.0; Win64; x64) AppleWebKit/537.36 (KHTML, like Gecko) Chrome/58.0.3029.110 Safari/537.3" reflexologienobilis.ch
123.57.1.78 - - [08/Dec/2025:01:21:17 +0100] "GET /images/toggi-arrow.jpg HTTP/1.1" 200 2481008 "-" "Wget/1.12 (linux-gnu)" reflexologienobilis.ch
52.3.156.186 - - [08/Dec/2025:01:21:17 +0100] "GET /2017/02/?filesrc=/home/clients/bc55d1d9a618a64acfd6a3c258c080a1/web/wp-admin/css/login-rtl.css&path=/home/clients/bc55d1d9a618a64acfd6a3c258c080a1/web/wp-admin/css HTTP/1.1" 200 7986 "-" "Mozilla/5.0 AppleWebKit/537.36 (KHTML, like Gecko; compatible; Amazonbot/0.1; +https://developer.amazon.com/support/amazonbot) Chrome/119.0.6045.214 Safari/537.36" reflexologienobilis.ch
74.7.242.16 - - [08/Dec/2025:01:21:17 +0100] "GET /blog/?act=download&dir=/home/clients/bc55d1d9a618a64acfd6a3c258c080a1/web/wp-content/uploads/2019/03&file=/home/clients/bc55d1d9a618a64acfd6a3c258c080a1/web/wp-content/uploads/2019/03/re%CC%81flexologie-nobilis-bureau2-1080x659.png HTTP/1.1" 200 687910 "-" "Mozilla/5.0 AppleWebKit/537.36 (KHTML, like Gecko; compatible; GPTBot/1.3; +https://openai.com/gptbot)" reflexologienobilis.ch
49.0.251.56 - - [08/Dec/2025:01:21:19 +0100] "GET /images/toggi-arrow.jpg HTTP/1.1" 200 2481008 "-" "curl/7.54.0" reflexologienobilis.ch
74.7.242.16 - - [08/Dec/2025:01:21:19 +0100] "GET /contact/?filesrc=/home/clients/bc55d1d9a618a64acfd6a3c258c080a1/web/wp-content/plugins/really-simple-ssl/testssl/serverhttpxforwardedssl1/statics/index.php&path=/home/clients/bc55d1d9a618a64acfd6a3c258c080a1/web/wp-content/plugins/really-simple-ssl/testssl/serverhttpxforwardedssl1/statics HTTP/1.1" 200 9122 "-" "Mozilla/5.0 AppleWebKit/537.36 (KHTML, like Gecko; compatible; GPTBot/1.3; +https://openai.com/gptbot)" reflexologienobilis.ch
74.7.242.16 - - [08/Dec/2025:01:21:20 +0100] "GET /blog/?act=download&dir=/home/clients/bc55d1d9a618a64acfd6a3c258c080a1/web/wp-content/uploads/2019/03&file=/home/clients/bc55d1d9a618a64acfd6a3c258c080a1/web/wp-content/uploads/2019/03/re%CC%81flexologie-nobilis-bureau2-1080x675.png HTTP/1.1" 200 699400 "-" "Mozilla/5.0 AppleWebKit/537.36 (KHTML, like Gecko; compatible; GPTBot/1.3; +https://openai.com/gptbot)" reflexologienobilis.ch
18.213.240.226 - - [08/Dec/2025:01:21:20 +0100] "GET /categorie-produit/en-vente-au-magasin/?filesrc=/home/clients/bc55d1d9a618a64acfd6a3c258c080a1/web/wp-content/themes/Divi/core/components/PageResource.php&path=/home/clients/bc55d1d9a618a64acfd6a3c258c080a1/web/wp-content/themes/Divi/core/components HTTP/1.1" 200 14306 "-" "Mozilla/5.0 AppleWebKit/537.36 (KHTML, like Gecko; compatible; Amazonbot/0.1; +https://developer.amazon.com/support/amazonbot) Chrome/119.0.6045.214 Safari/537.36" reflexologienobilis.ch
2a03:2880:f804:34:: - - [08/Dec/2025:01:21:18 +0100] "GET /?p=621747221 HTTP/1.1" 404 62759 "-" "meta-externalagent/1.1 (+https://developers.facebook.com/docs/sharing/webmasters/crawler)" reflexologienobilis.ch
74.7.242.16 - - [08/Dec/2025:01:21:22 +0100] "GET /author/cschmid/?filesrc=/home/clients/bc55d1d9a618a64acfd6a3c258c080a1/web/wp-includes/Text/Diff/Engine/rqospsn.ttf&path=/home/clients/bc55d1d9a618a64acfd6a3c258c080a1/web/wp-includes/Text/Diff/Engine HTTP/1.1" 200 33624 "-" "Mozilla/5.0 AppleWebKit/537.36 (KHTML, like Gecko; compatible; GPTBot/1.3; +https://openai.com/gptbot)" reflexologienobilis.ch
74.7.242.16 - - [08/Dec/2025:01:21:23 +0100] "GET /?path=%2Fhome%2Fclients%2Fbc55d1d9a618a64acfd6a3c258c080a1%2Fweb%2Fwp-includes%2Fcss%2Fdist%2Fformat-library HTTP/1.1" 200 8555 "-" "Mozilla/5.0 AppleWebKit/537.36 (KHTML, like Gecko; compatible; GPTBot/1.3; +https://openai.com/gptbot)" reflexologienobilis.ch
3.218.103.254 - - [08/Dec/2025:01:21:24 +0100] "GET /article-1/?do=newfile&path=/home/clients/bc55d1d9a618a64acfd6a3c258c080a1/web/wp-includes/SimplePie/Net HTTP/1.1" 200 7937 "-" "Mozilla/5.0 AppleWebKit/537.36 (KHTML, like Gecko; compatible; Amazonbot/0.1; +https://developer.amazon.com/support/amazonbot) Chrome/119.0.6045.214 Safari/537.36" reflexologienobilis.ch
74.7.242.16 - - [08/Dec/2025:01:21:24 +0100] "GET /author/cschmid/?filesrc=/home/clients/bc55d1d9a618a64acfd6a3c258c080a1/web/wp-includes/js/thickbox/macFFBgHack.png&path=/home/clients/bc55d1d9a618a64acfd6a3c258c080a1/web/wp-includes/js/thickbox HTTP/1.1" 200 6539 "-" "Mozilla/5.0 AppleWebKit/537.36 (KHTML, like Gecko; compatible; GPTBot/1.3; +https://openai.com/gptbot)" reflexologienobilis.ch
115.29.140.201 - - [08/Dec/2025:01:21:26 +0100] "GET /images/toggi-arrow.jpg HTTP/1.1" 200 2481008 "-" "linux" reflexologienobilis.ch
122.9.131.161 - - [08/Dec/2025:01:21:26 +0100] "GET /images/toggi-arrow.jpg HTTP/1.1" 200 2481008 "-" "curl/7.54.0" reflexologienobilis.ch
74.7.242.16 - - [08/Dec/2025:01:21:26 +0100] "GET /author/cschmid/?filesrc=/home/clients/bc55d1d9a618a64acfd6a3c258c080a1/web/wp-includes/js/thickbox/loadingAnimation.gif&path=/home/clients/bc55d1d9a618a64acfd6a3c258c080a1/web/wp-includes/js/thickbox HTTP/1.1" 200 6538 "-" "Mozilla/5.0 AppleWebKit/537.36 (KHTML, like Gecko; compatible; GPTBot/1.3; +https://openai.com/gptbot)" reflexologienobilis.ch
74.7.242.16 - - [08/Dec/2025:01:21:27 +0100] "GET /contact/?filesrc=/home/clients/bc55d1d9a618a64acfd6a3c258c080a1/web/wp-includes/js/comment-reply.js&path=/home/clients/bc55d1d9a618a64acfd6a3c258c080a1/web/wp-includes/js HTTP/1.1" 200 11141 "-" "Mozilla/5.0 AppleWebKit/537.36 (KHTML, like Gecko; compatible; GPTBot/1.3; +https://openai.com/gptbot)" reflexologienobilis.ch
74.7.242.16 - - [08/Dec/2025:01:21:29 +0100] "GET /produit/produit_1/?filesrc=/home/clients/bc55d1d9a618a64acfd6a3c258c080a1/web/wp-content/cache/supercache/reflexologienobilis.ch/article-1/index-https.html&path=/home/clients/bc55d1d9a618a64acfd6a3c258c080a1/web/wp-content/cache/supercache/reflexologienobilis.ch/article-1 HTTP/1.1" 200 17268 "-" "Mozilla/5.0 AppleWebKit/537.36 (KHTML, like Gecko; compatible; GPTBot/1.3; +https://openai.com/gptbot)" reflexologienobilis.ch
74.7.242.16 - - [08/Dec/2025:01:21:30 +0100] "GET /?path=/home/clients/bc55d1d9a618a64acfd6a3c258c080a1/web/wp-content/plugins/contact-form-7/languages HTTP/1.1" 301 5606 "-" "Mozilla/5.0 AppleWebKit/537.36 (KHTML, like Gecko; compatible; GPTBot/1.3; +https://openai.com/gptbot)" reflexologienobilis.ch
52.1.106.130 - - [08/Dec/2025:01:21:27 +0100] "GET /produit/produit_1/?act=download&dir=/home/clients/bc55d1d9a618a64acfd6a3c258c080a1/web/wp-content/plugins/yith-woocommerce-catalog-mode/assets/images&file=/home/clients/bc55d1d9a618a64acfd6a3c258c080a1/web/wp-content/plugins/yith-woocommerce-catalog-mode/assets/images/05-bg.png HTTP/1.1" 200 6040 "-" "Mozilla/5.0 AppleWebKit/537.36 (KHTML, like Gecko; compatible; Amazonbot/0.1; +https://developer.amazon.com/support/amazonbot) Chrome/119.0.6045.214 Safari/537.36" reflexologienobilis.ch
23.21.204.95 - - [08/Dec/2025:01:21:31 +0100] "GET /produit/produit_3/?do=newfile&path=/home/clients/bc55d1d9a618a64acfd6a3c258c080a1/web/wp-content/plugins/woocommerce/assets/js/zoom HTTP/1.1" 200 9353 "-" "Mozilla/5.0 AppleWebKit/537.36 (KHTML, like Gecko; compatible; Amazonbot/0.1; +https://developer.amazon.com/support/amazonbot) Chrome/119.0.6045.214 Safari/537.36" reflexologienobilis.ch
74.7.242.16 - - [08/Dec/2025:01:21:32 +0100] "GET /?path=%2Fhome%2Fclients%2Fbc55d1d9a618a64acfd6a3c258c080a1%2Fweb%2Fwp-content%2Fplugins%2Fcontact-form-7%2Flanguages HTTP/1.1" 200 8431 "-" "Mozilla/5.0 AppleWebKit/537.36 (KHTML, like Gecko; compatible; GPTBot/1.3; +https://openai.com/gptbot)" reflexologienobilis.ch
74.7.242.16 - - [08/Dec/2025:01:21:33 +0100] "GET /produit/produit_1/?path=/home/clients/bc55d1d9a618a64acfd6a3c258c080a1/web/wp-content/plugins/woo-gutenberg-products-block/assets/js/components/product-tag-control HTTP/1.1" 200 10452 "-" "Mozilla/5.0 AppleWebKit/537.36 (KHTML, like Gecko; compatible; GPTBot/1.3; +https://openai.com/gptbot)" reflexologienobilis.ch
74.7.242.16 - - [08/Dec/2025:01:21:34 +0100] "GET /?act=download&dir=/home/clients/bc55d1d9a618a64acfd6a3c258c080a1/web/wp-content/languages/plugins&file=/home/clients/bc55d1d9a618a64acfd6a3c258c080a1/web/wp-content/languages/plugins/advanced-nocaptcha-recaptcha-de_DE.po HTTP/1.1" 200 18289 "-" "Mozilla/5.0 AppleWebKit/537.36 (KHTML, like Gecko; compatible; GPTBot/1.3; +https://openai.com/gptbot)" reflexologienobilis.ch
74.7.242.16 - - [08/Dec/2025:01:21:36 +0100] "GET /?act=download&dir=/home/clients/bc55d1d9a618a64acfd6a3c258c080a1/web/wp-content/languages/plugins&file=/home/clients/bc55d1d9a618a64acfd6a3c258c080a1/web/wp-content/languages/plugins/advanced-nocaptcha-recaptcha-de_DE.mo HTTP/1.1" 200 11989 "-" "Mozilla/5.0 AppleWebKit/537.36 (KHTML, like Gecko; compatible; GPTBot/1.3; +https://openai.com/gptbot)" reflexologienobilis.ch
52.0.105.244 - - [08/Dec/2025:01:21:35 +0100] "GET /produit/produit_2/?act=download&dir=/home/clients/bc55d1d9a618a64acfd6a3c258c080a1/web/wp-content/plugins/yith-woocommerce-catalog-mode/assets/images&file=/home/clients/bc55d1d9a618a64acfd6a3c258c080a1/web/wp-content/plugins/yith-woocommerce-catalog-mode/assets/images/01.png HTTP/1.1" 200 116164 "-" "Mozilla/5.0 AppleWebKit/537.36 (KHTML, like Gecko; compatible; Amazonbot/0.1; +https://developer.amazon.com/support/amazonbot) Chrome/119.0.6045.214 Safari/537.36" reflexologienobilis.ch
74.7.242.16 - - [08/Dec/2025:01:21:37 +0100] "GET /?act=download&dir=/home/clients/bc55d1d9a618a64acfd6a3c258c080a1/web/wp-content/languages/themes&file=/home/clients/bc55d1d9a618a64acfd6a3c258c080a1/web/wp-content/languages/themes/twentysixteen-es_ES.mo HTTP/1.1" 200 6697 "-" "Mozilla/5.0 AppleWebKit/537.36 (KHTML, like Gecko; compatible; GPTBot/1.3; +https://openai.com/gptbot)" reflexologienobilis.ch
74.7.242.16 - - [08/Dec/2025:01:21:38 +0100] "GET /author/cschmid/?act=download&dir=/home/clients/bc55d1d9a618a64acfd6a3c258c080a1/web/wp-includes/Text/Diff/Engine&file=/home/clients/bc55d1d9a618a64acfd6a3c258c080a1/web/wp-includes/Text/Diff/Engine/rqospsn.ttf HTTP/1.1" 200 60058 "-" "Mozilla/5.0 AppleWebKit/537.36 (KHTML, like Gecko; compatible; GPTBot/1.3; +https://openai.com/gptbot)" reflexologienobilis.ch
74.7.242.16 - - [08/Dec/2025:01:21:39 +0100] "GET /?act=download&dir=/home/clients/bc55d1d9a618a64acfd6a3c258c080a1/web/wp-content/languages/themes&file=/home/clients/bc55d1d9a618a64acfd6a3c258c080a1/web/wp-content/languages/themes/twentysixteen-de_DE.mo HTTP/1.1" 200 6714 "-" "Mozilla/5.0 AppleWebKit/537.36 (KHTML, like Gecko; compatible; GPTBot/1.3; +https://openai.com/gptbot)" reflexologienobilis.ch
74.7.242.16 - - [08/Dec/2025:01:21:40 +0100] "GET /?act=download&dir=/home/clients/bc55d1d9a618a64acfd6a3c258c080a1/web/wp-content/themes/Divi/epanel/images&file=/home/clients/bc55d1d9a618a64acfd6a3c258c080a1/web/wp-content/themes/Divi/epanel/images/colorpicker_overlay.png HTTP/1.1" 200 10355 "-" "Mozilla/5.0 AppleWebKit/537.36 (KHTML, like Gecko; compatible; GPTBot/1.3; +https://openai.com/gptbot)" reflexologienobilis.ch
74.7.242.16 - - [08/Dec/2025:01:21:41 +0100] "GET /?act=download&dir=/home/clients/bc55d1d9a618a64acfd6a3c258c080a1/web/wp-content/languages/plugins&file=/home/clients/bc55d1d9a618a64acfd6a3c258c080a1/web/wp-content/languages/plugins/wordpress-importer-de_DE.po HTTP/1.1" 200 9018 "-" "Mozilla/5.0 AppleWebKit/537.36 (KHTML, like Gecko; compatible; GPTBot/1.3; +https://openai.com/gptbot)" reflexologienobilis.ch
74.7.242.16 - - [08/Dec/2025:01:21:42 +0100] "GET /?act=download&dir=/home/clients/bc55d1d9a618a64acfd6a3c258c080a1/web/wp-content/languages/plugins&file=/home/clients/bc55d1d9a618a64acfd6a3c258c080a1/web/wp-content/languages/plugins/wordpress-importer-es_ES.po HTTP/1.1" 200 8894 "-" "Mozilla/5.0 AppleWebKit/537.36 (KHTML, like Gecko; compatible; GPTBot/1.3; +https://openai.com/gptbot)" reflexologienobilis.ch
74.7.242.16 - - [08/Dec/2025:01:21:43 +0100] "GET /?act=download&dir=/home/clients/bc55d1d9a618a64acfd6a3c258c080a1/web/wp-content/plugins/instant-images&file=/home/clients/bc55d1d9a618a64acfd6a3c258c080a1/web/wp-content/plugins/instant-images/README.txt HTTP/1.1" 200 9488 "-" "Mozilla/5.0 AppleWebKit/537.36 (KHTML, like Gecko; compatible; GPTBot/1.3; +https://openai.com/gptbot)" reflexologienobilis.ch
44.215.61.66 - - [08/Dec/2025:01:21:44 +0100] "GET /2017/02/?filesrc=/home/clients/bc55d1d9a618a64acfd6a3c258c080a1/web/wp-admin/includes/schema.php&path=/home/clients/bc55d1d9a618a64acfd6a3c258c080a1/web/wp-admin/includes HTTP/1.1" 200 16616 "-" "Mozilla/5.0 AppleWebKit/537.36 (KHTML, like Gecko; compatible; Amazonbot/0.1; +https://developer.amazon.com/support/amazonbot) Chrome/119.0.6045.214 Safari/537.36" reflexologienobilis.ch
74.7.242.16 - - [08/Dec/2025:01:21:44 +0100] "GET /?do=newfile&path=/home/clients/bc55d1d9a618a64acfd6a3c258c080a1/web/wp-content/plugins/contact-form-7/languages HTTP/1.1" 301 5910 "-" "Mozilla/5.0 AppleWebKit/537.36 (KHTML, like Gecko; compatible; GPTBot/1.3; +https://openai.com/gptbot)" reflexologienobilis.ch
74.7.242.16 - - [08/Dec/2025:01:21:45 +0100] "GET /?do=newfile&path=%2Fhome%2Fclients%2Fbc55d1d9a618a64acfd6a3c258c080a1%2Fweb%2Fwp-content%2Fplugins%2Fcontact-form-7%2Flanguages HTTP/1.1" 200 8550 "-" "Mozilla/5.0 AppleWebKit/537.36 (KHTML, like Gecko; compatible; GPTBot/1.3; +https://openai.com/gptbot)" reflexologienobilis.ch
98.84.184.80 - - [08/Dec/2025:01:21:46 +0100] "GET /produit/produit_1/?filesrc=/home/clients/bc55d1d9a618a64acfd6a3c258c080a1/web/wp-content/themes/Divi/includes/builder/module/FullwidthPostTitle.php&path=/home/clients/bc55d1d9a618a64acfd6a3c258c080a1/web/wp-content/themes/Divi/includes/builder/module HTTP/1.1" 200 13314 "-" "Mozilla/5.0 AppleWebKit/537.36 (KHTML, like Gecko; compatible; Amazonbot/0.1; +https://developer.amazon.com/support/amazonbot) Chrome/119.0.6045.214 Safari/537.36" reflexologienobilis.ch
74.7.242.16 - - [08/Dec/2025:01:21:47 +0100] "GET /produit/produit_1/?filesrc=/home/clients/bc55d1d9a618a64acfd6a3c258c080a1/web/wp-content/plugins/woo-gutenberg-products-block/assets/js/components/product-tag-control/style.scss&path=/home/clients/bc55d1d9a618a64acfd6a3c258c080a1/web/wp-content/plugins/woo-gutenberg-products-block/assets/js/components/product-tag-control HTTP/1.1" 200 10283 "-" "Mozilla/5.0 AppleWebKit/537.36 (KHTML, like Gecko; compatible; GPTBot/1.3; +https://openai.com/gptbot)" reflexologienobilis.ch
34.199.252.22 - - [08/Dec/2025:01:21:48 +0100] "GET /reflexologie-amerindienne/?opt=newfolder&path=/home/clients/bc55d1d9a618a64acfd6a3c258c080a1/web/wp-content/themes/twentynineteen/sass/site/header HTTP/1.1" 200 7334 "-" "Mozilla/5.0 AppleWebKit/537.36 (KHTML, like Gecko; compatible; Amazonbot/0.1; +https://developer.amazon.com/support/amazonbot) Chrome/119.0.6045.214 Safari/537.36" reflexologienobilis.ch
74.7.242.16 - - [08/Dec/2025:01:21:49 +0100] "GET /produit/produit_1/?filesrc=/home/clients/bc55d1d9a618a64acfd6a3c258c080a1/web/wp-content/plugins/woo-gutenberg-products-block/assets/js/components/product-tag-control/index.js&path=/home/clients/bc55d1d9a618a64acfd6a3c258c080a1/web/wp-content/plugins/woo-gutenberg-products-block/assets/js/components/product-tag-control HTTP/1.1" 200 11642 "-" "Mozilla/5.0 AppleWebKit/537.36 (KHTML, like Gecko; compatible; GPTBot/1.3; +https://openai.com/gptbot)" reflexologienobilis.ch
74.7.242.16 - - [08/Dec/2025:01:21:50 +0100] "GET /?act=download&dir=/home/clients/bc55d1d9a618a64acfd6a3c258c080a1/web/wp-content/languages/plugins&file=/home/clients/bc55d1d9a618a64acfd6a3c258c080a1/web/wp-content/languages/plugins/advanced-nocaptcha-recaptcha-es_ES.po HTTP/1.1" 200 18342 "-" "Mozilla/5.0 AppleWebKit/537.36 (KHTML, like Gecko; compatible; GPTBot/1.3; +https://openai.com/gptbot)" reflexologienobilis.ch
74.7.242.16 - - [08/Dec/2025:01:21:51 +0100] "GET /?act=download&dir=/home/clients/bc55d1d9a618a64acfd6a3c258c080a1/web/wp-content/languages/themes&file=/home/clients/bc55d1d9a618a64acfd6a3c258c080a1/web/wp-content/languages/themes/twentynineteen-it_IT.po HTTP/1.1" 200 11494 "-" "Mozilla/5.0 AppleWebKit/537.36 (KHTML, like Gecko; compatible; GPTBot/1.3; +https://openai.com/gptbot)" reflexologienobilis.ch
52.44.174.136 - - [08/Dec/2025:01:21:52 +0100] "GET /produit/produit_1/?filesrc=/home/clients/bc55d1d9a618a64acfd6a3c258c080a1/web/wp-content/plugins/divi-builder/includes/builder/module/Map.php&path=/home/clients/bc55d1d9a618a64acfd6a3c258c080a1/web/wp-content/plugins/divi-builder/includes/builder/module HTTP/1.1" 200 12937 "-" "Mozilla/5.0 AppleWebKit/537.36 (KHTML, like Gecko; compatible; Amazonbot/0.1; +https://developer.amazon.com/support/amazonbot) Chrome/119.0.6045.214 Safari/537.36" reflexologienobilis.ch
74.7.242.16 - - [08/Dec/2025:01:21:52 +0100] "GET /?act=download&dir=/home/clients/bc55d1d9a618a64acfd6a3c258c080a1/web/wp-content/languages/themes&file=/home/clients/bc55d1d9a618a64acfd6a3c258c080a1/web/wp-content/languages/themes/twentynineteen-es_ES.po HTTP/1.1" 200 11549 "-" "Mozilla/5.0 AppleWebKit/537.36 (KHTML, like Gecko; compatible; GPTBot/1.3; +https://openai.com/gptbot)" reflexologienobilis.ch
74.7.242.16 - - [08/Dec/2025:01:21:53 +0100] "GET /?act=download&dir=/home/clients/bc55d1d9a618a64acfd6a3c258c080a1/web/wp-content/languages/themes&file=/home/clients/bc55d1d9a618a64acfd6a3c258c080a1/web/wp-content/languages/themes/twentysixteen-it_IT.po HTTP/1.1" 200 9766 "-" "Mozilla/5.0 AppleWebKit/537.36 (KHTML, like Gecko; compatible; GPTBot/1.3; +https://openai.com/gptbot)" reflexologienobilis.ch
74.7.242.16 - - [08/Dec/2025:01:21:54 +0100] "GET /?act=download&dir=/home/clients/bc55d1d9a618a64acfd6a3c258c080a1/web/wp-content/languages/plugins&file=/home/clients/bc55d1d9a618a64acfd6a3c258c080a1/web/wp-content/languages/plugins/wordpress-importer-it_IT.mo HTTP/1.1" 200 7108 "-" "Mozilla/5.0 AppleWebKit/537.36 (KHTML, like Gecko; compatible; GPTBot/1.3; +https://openai.com/gptbot)" reflexologienobilis.ch
74.7.242.16 - - [08/Dec/2025:01:21:55 +0100] "GET /?act=download&dir=/home/clients/bc55d1d9a618a64acfd6a3c258c080a1/web/wp-content/languages/themes&file=/home/clients/bc55d1d9a618a64acfd6a3c258c080a1/web/wp-content/languages/themes/twentynineteen-fr_FR.mo HTTP/1.1" 200 7973 "-" "Mozilla/5.0 AppleWebKit/537.36 (KHTML, like Gecko; compatible; GPTBot/1.3; +https://openai.com/gptbot)" reflexologienobilis.ch
34.224.9.144 - - [08/Dec/2025:01:21:55 +0100] "GET /produit/produit_1/?filesrc=/home/clients/bc55d1d9a618a64acfd6a3c258c080a1/web/wp-content/plugins/divi-builder/includes/builder/module/Sidebar.php&path=/home/clients/bc55d1d9a618a64acfd6a3c258c080a1/web/wp-content/plugins/divi-builder/includes/builder/module HTTP/1.1" 200 12226 "-" "Mozilla/5.0 AppleWebKit/537.36 (KHTML, like Gecko; compatible; Amazonbot/0.1; +https://developer.amazon.com/support/amazonbot) Chrome/119.0.6045.214 Safari/537.36" reflexologienobilis.ch
74.7.242.16 - - [08/Dec/2025:01:21:56 +0100] "GET /?act=download&dir=/home/clients/bc55d1d9a618a64acfd6a3c258c080a1/web/wp-content/languages/plugins&file=/home/clients/bc55d1d9a618a64acfd6a3c258c080a1/web/wp-content/languages/plugins/woocommerce-de_DE.po HTTP/1.1" 200 1279670 "-" "Mozilla/5.0 AppleWebKit/537.36 (KHTML, like Gecko; compatible; GPTBot/1.3; +https://openai.com/gptbot)" reflexologienobilis.ch
74.7.242.16 - - [08/Dec/2025:01:21:58 +0100] "GET /?act=download&dir=/home/clients/bc55d1d9a618a64acfd6a3c258c080a1/web/wp-content/languages/plugins&file=/home/clients/bc55d1d9a618a64acfd6a3c258c080a1/web/wp-content/languages/plugins/akismet-fr_FR.mo HTTP/1.1" 200 30953 "-" "Mozilla/5.0 AppleWebKit/537.36 (KHTML, like Gecko; compatible; GPTBot/1.3; +https://openai.com/gptbot)" reflexologienobilis.ch
74.7.242.16 - - [08/Dec/2025:01:21:59 +0100] "GET /?act=download&dir=/home/clients/bc55d1d9a618a64acfd6a3c258c080a1/web/wp-content/languages/themes&file=/home/clients/bc55d1d9a618a64acfd6a3c258c080a1/web/wp-content/languages/themes/twentynineteen-it_IT.mo HTTP/1.1" 200 7795 "-" "Mozilla/5.0 AppleWebKit/537.36 (KHTML, like Gecko; compatible; GPTBot/1.3; +https://openai.com/gptbot)" reflexologienobilis.ch
74.7.242.16 - - [08/Dec/2025:01:22:00 +0100] "GET /produit/produit_1/?act=download&dir=/home/clients/bc55d1d9a618a64acfd6a3c258c080a1/web/wp-content/plugins/woo-gutenberg-products-block/assets/js/components/product-tag-control&file=/home/clients/bc55d1d9a618a64acfd6a3c258c080a1/web/wp-content/plugins/woo-gutenberg-products-block/assets/js/components/product-tag-control/style.scss HTTP/1.1" 200 296 "-" "Mozilla/5.0 AppleWebKit/537.36 (KHTML, like Gecko; compatible; GPTBot/1.3; +https://openai.com/gptbot)" reflexologienobilis.ch
23.23.214.190 - - [08/Dec/2025:01:21:59 +0100] "GET /produit/produit_1/?filesrc=/home/clients/bc55d1d9a618a64acfd6a3c258c080a1/web/wp-content/plugins/divi-builder/includes/builder/scripts/cache_notice.js&path=/home/clients/bc55d1d9a618a64acfd6a3c258c080a1/web/wp-content/plugins/divi-builder/includes/builder/scripts HTTP/1.1" 200 11124 "-" "Mozilla/5.0 AppleWebKit/537.36 (KHTML, like Gecko; compatible; Amazonbot/0.1; +https://developer.amazon.com/support/amazonbot) Chrome/119.0.6045.214 Safari/537.36" reflexologienobilis.ch
74.7.242.16 - - [08/Dec/2025:01:22:01 +0100] "GET /?act=download&dir=/home/clients/bc55d1d9a618a64acfd6a3c258c080a1/web/wp-content/languages/plugins&file=/home/clients/bc55d1d9a618a64acfd6a3c258c080a1/web/wp-content/languages/plugins/wordpress-importer-fr_FR.mo HTTP/1.1" 200 7535 "-" "Mozilla/5.0 AppleWebKit/537.36 (KHTML, like Gecko; compatible; GPTBot/1.3; +https://openai.com/gptbot)" reflexologienobilis.ch
74.7.242.16 - - [08/Dec/2025:01:22:02 +0100] "GET /?act=download&dir=/home/clients/bc55d1d9a618a64acfd6a3c258c080a1/web/wp-content/languages/themes&file=/home/clients/bc55d1d9a618a64acfd6a3c258c080a1/web/wp-content/languages/themes/twentyfifteen-es_ES.po HTTP/1.1" 200 9494 "-" "Mozilla/5.0 AppleWebKit/537.36 (KHTML, like Gecko; compatible; GPTBot/1.3; +https://openai.com/gptbot)" reflexologienobilis.ch
74.7.242.16 - - [08/Dec/2025:01:22:03 +0100] "GET /?act=download&dir=/home/clients/bc55d1d9a618a64acfd6a3c258c080a1/web/wp-content/languages/plugins&file=/home/clients/bc55d1d9a618a64acfd6a3c258c080a1/web/wp-content/languages/plugins/woocommerce-fr_FR.po HTTP/1.1" 200 1286021 "-" "Mozilla/5.0 AppleWebKit/537.36 (KHTML, like Gecko; compatible; GPTBot/1.3; +https://openai.com/gptbot)" reflexologienobilis.ch
44.207.207.36 - - [08/Dec/2025:01:22:03 +0100] "GET /categorie-produit/en-vente-au-magasin/?act=download&dir=/home/clients/bc55d1d9a618a64acfd6a3c258c080a1/web/wp-includes/js/dist/vendor&file=/home/clients/bc55d1d9a618a64acfd6a3c258c080a1/web/wp-includes/js/dist/vendor/react-dom.js HTTP/1.1" 200 726443 "-" "Mozilla/5.0 AppleWebKit/537.36 (KHTML, like Gecko; compatible; Amazonbot/0.1; +https://developer.amazon.com/support/amazonbot) Chrome/119.0.6045.214 Safari/537.36" reflexologienobilis.ch
74.7.242.16 - - [08/Dec/2025:01:22:04 +0100] "GET /?act=download&dir=/home/clients/bc55d1d9a618a64acfd6a3c258c080a1/web/wp-content/languages/plugins&file=/home/clients/bc55d1d9a618a64acfd6a3c258c080a1/web/wp-content/languages/plugins/wordpress-importer-fr_FR.po HTTP/1.1" 200 9261 "-" "Mozilla/5.0 AppleWebKit/537.36 (KHTML, like Gecko; compatible; GPTBot/1.3; +https://openai.com/gptbot)" reflexologienobilis.ch
74.7.242.16 - - [08/Dec/2025:01:22:05 +0100] "GET /?act=download&dir=/home/clients/bc55d1d9a618a64acfd6a3c258c080a1/web/wp-content/languages/themes&file=/home/clients/bc55d1d9a618a64acfd6a3c258c080a1/web/wp-content/languages/themes/twentynineteen-de_DE.mo HTTP/1.1" 200 7871 "-" "Mozilla/5.0 AppleWebKit/537.36 (KHTML, like Gecko; compatible; GPTBot/1.3; +https://openai.com/gptbot)" reflexologienobilis.ch
74.7.242.16 - - [08/Dec/2025:01:22:06 +0100] "GET /?act=download&dir=/home/clients/bc55d1d9a618a64acfd6a3c258c080a1/web/wp-content/languages/themes&file=/home/clients/bc55d1d9a618a64acfd6a3c258c080a1/web/wp-content/languages/themes/twentynineteen-es_ES.mo HTTP/1.1" 200 7844 "-" "Mozilla/5.0 AppleWebKit/537.36 (KHTML, like Gecko; compatible; GPTBot/1.3; +https://openai.com/gptbot)" reflexologienobilis.ch
74.7.242.16 - - [08/Dec/2025:01:22:07 +0100] "GET /?act=download&dir=/home/clients/bc55d1d9a618a64acfd6a3c258c080a1/web/wp-content/languages/plugins&file=/home/clients/bc55d1d9a618a64acfd6a3c258c080a1/web/wp-content/languages/plugins/wordpress-importer-de_DE.mo HTTP/1.1" 200 7301 "-" "Mozilla/5.0 AppleWebKit/537.36 (KHTML, like Gecko; compatible; GPTBot/1.3; +https://openai.com/gptbot)" reflexologienobilis.ch
100.24.149.244 - - [08/Dec/2025:01:22:07 +0100] "GET /boutique/?do=newfile&path=/home/clients/bc55d1d9a618a64acfd6a3c258c080a1/web/wp-content/plugins/woocommerce/includes/wccom-site/rest-api HTTP/1.1" 200 7223 "-" "Mozilla/5.0 AppleWebKit/537.36 (KHTML, like Gecko; compatible; Amazonbot/0.1; +https://developer.amazon.com/support/amazonbot) Chrome/119.0.6045.214 Safari/537.36" reflexologienobilis.ch
74.7.242.16 - - [08/Dec/2025:01:22:08 +0100] "GET /?act=download&dir=/home/clients/bc55d1d9a618a64acfd6a3c258c080a1/web/wp-content/languages/themes&file=/home/clients/bc55d1d9a618a64acfd6a3c258c080a1/web/wp-content/languages/themes/twentyseventeen-es_ES.po HTTP/1.1" 200 10534 "-" "Mozilla/5.0 AppleWebKit/537.36 (KHTML, like Gecko; compatible; GPTBot/1.3; +https://openai.com/gptbot)" reflexologienobilis.ch
74.7.242.16 - - [08/Dec/2025:01:22:09 +0100] "GET /?act=download&dir=/home/clients/bc55d1d9a618a64acfd6a3c258c080a1/web/wp-content/languages/plugins&file=/home/clients/bc55d1d9a618a64acfd6a3c258c080a1/web/wp-content/languages/plugins/woocommerce-it_IT.mo HTTP/1.1" 200 557505 "-" "Mozilla/5.0 AppleWebKit/537.36 (KHTML, like Gecko; compatible; GPTBot/1.3; +https://openai.com/gptbot)" reflexologienobilis.ch
74.7.242.16 - - [08/Dec/2025:01:22:11 +0100] "GET /?act=download&dir=/home/clients/bc55d1d9a618a64acfd6a3c258c080a1/web/wp-content/languages/themes&file=/home/clients/bc55d1d9a618a64acfd6a3c258c080a1/web/wp-content/languages/themes/twentyseventeen-es_ES.mo HTTP/1.1" 200 7361 "-" "Mozilla/5.0 AppleWebKit/537.36 (KHTML, like Gecko; compatible; GPTBot/1.3; +https://openai.com/gptbot)" reflexologienobilis.ch
44.215.61.66 - - [08/Dec/2025:01:22:11 +0100] "GET /boutique/?do=newfile&path=/home/clients/bc55d1d9a618a64acfd6a3c258c080a1/web/wp-content/plugins/woocommerce/includes/shipping/flat-rate HTTP/1.1" 200 7202 "-" "Mozilla/5.0 AppleWebKit/537.36 (KHTML, like Gecko; compatible; Amazonbot/0.1; +https://developer.amazon.com/support/amazonbot) Chrome/119.0.6045.214 Safari/537.36" reflexologienobilis.ch
74.7.242.16 - - [08/Dec/2025:01:22:12 +0100] "GET /?act=download&dir=/home/clients/bc55d1d9a618a64acfd6a3c258c080a1/web/wp-content/languages/plugins&file=/home/clients/bc55d1d9a618a64acfd6a3c258c080a1/web/wp-content/languages/plugins/woocommerce-fr_FR.mo HTTP/1.1" 200 571637 "-" "Mozilla/5.0 AppleWebKit/537.36 (KHTML, like Gecko; compatible; GPTBot/1.3; +https://openai.com/gptbot)" reflexologienobilis.ch
74.7.242.16 - - [08/Dec/2025:01:22:13 +0100] "GET /?act=download&dir=/home/clients/bc55d1d9a618a64acfd6a3c258c080a1/web/wp-content/plugins/instant-images&file=/home/clients/bc55d1d9a618a64acfd6a3c258c080a1/web/wp-content/plugins/instant-images/LICENSE.txt HTTP/1.1" 200 18091 "-" "Mozilla/5.0 AppleWebKit/537.36 (KHTML, like Gecko; compatible; GPTBot/1.3; +https://openai.com/gptbot)" reflexologienobilis.ch
74.7.242.16 - - [08/Dec/2025:01:22:14 +0100] "GET /?act=download&dir=/home/clients/bc55d1d9a618a64acfd6a3c258c080a1/web/wp-content/languages/plugins&file=/home/clients/bc55d1d9a618a64acfd6a3c258c080a1/web/wp-content/languages/plugins/advanced-nocaptcha-recaptcha-es_ES.mo HTTP/1.1" 200 12035 "-" "Mozilla/5.0 AppleWebKit/537.36 (KHTML, like Gecko; compatible; GPTBot/1.3; +https://openai.com/gptbot)" reflexologienobilis.ch
74.7.242.16 - - [08/Dec/2025:01:22:15 +0100] "GET /?act=download&dir=/home/clients/bc55d1d9a618a64acfd6a3c258c080a1/web/wp-content/languages/themes&file=/home/clients/bc55d1d9a618a64acfd6a3c258c080a1/web/wp-content/languages/themes/twentysixteen-es_ES.po HTTP/1.1" 200 9881 "-" "Mozilla/5.0 AppleWebKit/537.36 (KHTML, like Gecko; compatible; GPTBot/1.3; +https://openai.com/gptbot)" reflexologienobilis.ch
44.206.93.215 - - [08/Dec/2025:01:22:15 +0100] "GET /produit/produit_2/?act=download&dir=/home/clients/bc55d1d9a618a64acfd6a3c258c080a1/web/wp-content/cache/supercache/reflexologienobilis.ch/contact&file=/home/clients/bc55d1d9a618a64acfd6a3c258c080a1/web/wp-content/cache/supercache/reflexologienobilis.ch/contact/wp-cache-22d31603e85476d6f0d373d35e95f448.php HTTP/1.1" 200 33655 "-" "Mozilla/5.0 AppleWebKit/537.36 (KHTML, like Gecko; compatible; Amazonbot/0.1; +https://developer.amazon.com/support/amazonbot) Chrome/119.0.6045.214 Safari/537.36" reflexologienobilis.ch
2001:1600:4:13:d294:66ff:fe7d:42eb - - [08/Dec/2025:01:22:17 +0100] "POST /wp-cron.php?doing_wp_cron=1765153337.6614329814910888671875 HTTP/1.1" 403 996 "https://reflexologienobilis.ch/wp-cron.php?doing_wp_cron=1765153337.6614329814910888671875" "WordPress/5.1.21; https://reflexologienobilis.ch" reflexologienobilis.ch
74.7.242.16 - - [08/Dec/2025:01:22:16 +0100] "GET /?act=download&dir=/home/clients/bc55d1d9a618a64acfd6a3c258c080a1/web/wp-content/languages/plugins&file=/home/clients/bc55d1d9a618a64acfd6a3c258c080a1/web/wp-content/languages/plugins/woocommerce-it_IT.po HTTP/1.1" 200 1272075 "-" "Mozilla/5.0 AppleWebKit/537.36 (KHTML, like Gecko; compatible; GPTBot/1.3; +https://openai.com/gptbot)" reflexologienobilis.ch
74.7.242.16 - - [08/Dec/2025:01:22:18 +0100] "GET /?act=download&dir=/home/clients/bc55d1d9a618a64acfd6a3c258c080a1/web/wp-content/languages/themes&file=/home/clients/bc55d1d9a618a64acfd6a3c258c080a1/web/wp-content/languages/themes/twentyseventeen-fr_FR.po HTTP/1.1" 200 10715 "-" "Mozilla/5.0 AppleWebKit/537.36 (KHTML, like Gecko; compatible; GPTBot/1.3; +https://openai.com/gptbot)" reflexologienobilis.ch
74.7.242.16 - - [08/Dec/2025:01:22:19 +0100] "GET /?act=download&dir=/home/clients/bc55d1d9a618a64acfd6a3c258c080a1/web/wp-content/languages/themes&file=/home/clients/bc55d1d9a618a64acfd6a3c258c080a1/web/wp-content/languages/themes/twentynineteen-de_DE.po HTTP/1.1" 200 11569 "-" "Mozilla/5.0 AppleWebKit/537.36 (KHTML, like Gecko; compatible; GPTBot/1.3; +https://openai.com/gptbot)" reflexologienobilis.ch
