2804:bb4:200:11bc:64de:e70c:5d50:8c2d - - [10/Dec/2025:02:56:43 +0100] "GET /wp-includes/Requests/Auth/goods.php HTTP/1.1" 404 62883 "-" "Mozilla/5.0 (Windows NT 10.0; Win64; x64) AppleWebKit/537.36" reflexologienobilis.ch
2804:bb4:200:11bc:64de:e70c:5d50:8c2d - - [10/Dec/2025:02:56:45 +0100] "GET /wp-includes/Requests/Auth/buy.php HTTP/1.1" 301 45064 "-" "Mozilla/5.0 (Windows NT 10.0; Win64; x64) AppleWebKit/537.36" reflexologienobilis.ch
54.80.185.200 - - [10/Dec/2025:02:56:46 +0100] "GET /2017/02/?filesrc=/home/clients/bc55d1d9a618a64acfd6a3c258c080a1/web/wp-content/uploads/2019/03/Reflexologienobilis2-100x100.jpg&path=/home/clients/bc55d1d9a618a64acfd6a3c258c080a1/web/wp-content/uploads/2019/03 HTTP/1.1" 200 6733 "-" "Mozilla/5.0 AppleWebKit/537.36 (KHTML, like Gecko; compatible; Amazonbot/0.1; +https://developer.amazon.com/support/amazonbot) Chrome/119.0.6045.214 Safari/537.36" reflexologienobilis.ch
2804:bb4:200:11bc:64de:e70c:5d50:8c2d - - [10/Dec/2025:02:56:48 +0100] "GET /wp-includes/Requests/Auth/buy.php HTTP/1.1" 404 62883 "-" "Mozilla/5.0 (Windows NT 10.0; Win64; x64) AppleWebKit/537.36" reflexologienobilis.ch
2804:bb4:200:11bc:64de:e70c:5d50:8c2d - - [10/Dec/2025:02:56:50 +0100] "GET /wp-includes/Requests/Auth/install.php HTTP/1.1" 301 45064 "-" "Mozilla/5.0 (Windows NT 10.0; Win64; x64) AppleWebKit/537.36" reflexologienobilis.ch
44.214.19.8 - - [10/Dec/2025:02:56:50 +0100] "GET /produit/produit_2/?act=download&dir=/home/clients/bc55d1d9a618a64acfd6a3c258c080a1/web/wp-content/plugins/woocommerce/templates/emails/plain&file=/home/clients/bc55d1d9a618a64acfd6a3c258c080a1/web/wp-content/plugins/woocommerce/templates/emails/plain/email-downloads.php HTTP/1.1" 200 1711 "-" "Mozilla/5.0 AppleWebKit/537.36 (KHTML, like Gecko; compatible; Amazonbot/0.1; +https://developer.amazon.com/support/amazonbot) Chrome/119.0.6045.214 Safari/537.36" reflexologienobilis.ch
54.157.99.244 - - [10/Dec/2025:02:56:54 +0100] "GET /produit/produit_2/?act=download&dir=/home/clients/bc55d1d9a618a64acfd6a3c258c080a1/web/wp-content/plugins/woocommerce/templates/emails/plain&file=/home/clients/bc55d1d9a618a64acfd6a3c258c080a1/web/wp-content/plugins/woocommerce/templates/emails/plain/admin-cancelled-order.php HTTP/1.1" 200 2383 "-" "Mozilla/5.0 AppleWebKit/537.36 (KHTML, like Gecko; compatible; Amazonbot/0.1; +https://developer.amazon.com/support/amazonbot) Chrome/119.0.6045.214 Safari/537.36" reflexologienobilis.ch
2a03:2880:f804:28:: - - [10/Dec/2025:02:56:56 +0100] "GET /?p=1737045727 HTTP/1.1" 404 62758 "-" "meta-externalagent/1.1 (+https://developers.facebook.com/docs/sharing/webmasters/crawler)" reflexologienobilis.ch
35.171.141.42 - - [10/Dec/2025:02:56:57 +0100] "GET /produit/produit_2/?act=download&dir=/home/clients/bc55d1d9a618a64acfd6a3c258c080a1/web/wp-content/plugins/woocommerce/templates/emails/plain&file=/home/clients/bc55d1d9a618a64acfd6a3c258c080a1/web/wp-content/plugins/woocommerce/templates/emails/plain/customer-on-hold-order.php HTTP/1.1" 200 2415 "-" "Mozilla/5.0 AppleWebKit/537.36 (KHTML, like Gecko; compatible; Amazonbot/0.1; +https://developer.amazon.com/support/amazonbot) Chrome/119.0.6045.214 Safari/537.36" reflexologienobilis.ch
216.73.216.187 - - [10/Dec/2025:02:56:59 +0100] "GET /contact/?path=%2Fhome%2Fclients%2Fbc55d1d9a618a64acfd6a3c258c080a1%2Fweb%2Fwp-content%2Fplugins%2Fwoocommerce%2Fsample-data HTTP/1.1" 200 8438 "-" "Mozilla/5.0 AppleWebKit/537.36 (KHTML, like Gecko; compatible; ClaudeBot/1.0; +claudebot@anthropic.com)" reflexologienobilis.ch
36.112.17.98 - - [10/Dec/2025:02:57:01 +0100] "GET /images/toggi-arrow.jpg HTTP/1.1" 200 2481008 "-" "curl/7.29.0" reflexologienobilis.ch
216.73.216.187 - - [10/Dec/2025:02:57:00 +0100] "GET /contact/?filesrc=%2Fhome%2Fclients%2Fbc55d1d9a618a64acfd6a3c258c080a1%2Fweb%2Fwp-content%2Fthemes%2FDivi%2Fcore%2Fupdates_init.php&path=%2Fhome%2Fclients%2Fbc55d1d9a618a64acfd6a3c258c080a1%2Fweb%2Fwp-content%2Fthemes%2FDivi%2Fcore HTTP/1.1" 200 8177 "-" "Mozilla/5.0 AppleWebKit/537.36 (KHTML, like Gecko; compatible; ClaudeBot/1.0; +claudebot@anthropic.com)" reflexologienobilis.ch
216.73.216.187 - - [10/Dec/2025:02:56:59 +0100] "GET /contact/?filesrc=%2Fhome%2Fclients%2Fbc55d1d9a618a64acfd6a3c258c080a1%2Fweb%2Fwp-content%2Fthemes%2FDivi%2Fincludes%2Fnavigation.php&path=%2Fhome%2Fclients%2Fbc55d1d9a618a64acfd6a3c258c080a1%2Fweb%2Fwp-content%2Fthemes%2FDivi%2Fincludes HTTP/1.1" 200 8272 "-" "Mozilla/5.0 AppleWebKit/537.36 (KHTML, like Gecko; compatible; ClaudeBot/1.0; +claudebot@anthropic.com)" reflexologienobilis.ch
36.112.17.98 - - [10/Dec/2025:02:57:01 +0100] "GET /jquery-3.3.1.min.js HTTP/1.1" 301 45064 "-" "Go-http-client/1.1" reflexologienobilis.ch
107.20.255.194 - - [10/Dec/2025:02:57:02 +0100] "GET /produit/produit_2/?act=download&dir=/home/clients/bc55d1d9a618a64acfd6a3c258c080a1/web/wp-content/plugins/woocommerce/templates/emails/plain&file=/home/clients/bc55d1d9a618a64acfd6a3c258c080a1/web/wp-content/plugins/woocommerce/templates/emails/plain/admin-new-order.php HTTP/1.1" 200 2279 "-" "Mozilla/5.0 AppleWebKit/537.36 (KHTML, like Gecko; compatible; Amazonbot/0.1; +https://developer.amazon.com/support/amazonbot) Chrome/119.0.6045.214 Safari/537.36" reflexologienobilis.ch
216.73.216.187 - - [10/Dec/2025:02:57:03 +0100] "GET /contact/?filesrc=%2Fhome%2Fclients%2Fbc55d1d9a618a64acfd6a3c258c080a1%2Fweb%2Fwp-content%2Fthemes%2FDivi%2Fcore%2Finit.php&path=%2Fhome%2Fclients%2Fbc55d1d9a618a64acfd6a3c258c080a1%2Fweb%2Fwp-content%2Fthemes%2FDivi%2Fcore HTTP/1.1" 200 9304 "-" "Mozilla/5.0 AppleWebKit/537.36 (KHTML, like Gecko; compatible; ClaudeBot/1.0; +claudebot@anthropic.com)" reflexologienobilis.ch
216.73.216.187 - - [10/Dec/2025:02:57:01 +0100] "GET /contact/?path=%2Fhome%2Fclients%2Fbc55d1d9a618a64acfd6a3c258c080a1%2Fweb%2Fwp-content%2Fplugins%2Fwoocommerce%2Fsrc HTTP/1.1" 200 8394 "-" "Mozilla/5.0 AppleWebKit/537.36 (KHTML, like Gecko; compatible; ClaudeBot/1.0; +claudebot@anthropic.com)" reflexologienobilis.ch
216.73.216.187 - - [10/Dec/2025:02:57:03 +0100] "GET /contact/?filesrc=%2Fhome%2Fclients%2Fbc55d1d9a618a64acfd6a3c258c080a1%2Fweb%2Fwp-content%2Fthemes%2FDivi%2Fincludes%2Fwidgets.php&path=%2Fhome%2Fclients%2Fbc55d1d9a618a64acfd6a3c258c080a1%2Fweb%2Fwp-content%2Fthemes%2FDivi%2Fincludes HTTP/1.1" 200 8187 "-" "Mozilla/5.0 AppleWebKit/537.36 (KHTML, like Gecko; compatible; ClaudeBot/1.0; +claudebot@anthropic.com)" reflexologienobilis.ch
2804:bb4:200:11bc:64de:e70c:5d50:8c2d - - [10/Dec/2025:02:57:04 +0100] "GET /wp-includes/Requests/Auth/install.php HTTP/1.1" 404 62883 "-" "Mozilla/5.0 (Windows NT 10.0; Win64; x64) AppleWebKit/537.36" reflexologienobilis.ch
18.233.24.238 - - [10/Dec/2025:02:57:06 +0100] "GET /article-1/?filesrc=/home/clients/bc55d1d9a618a64acfd6a3c258c080a1/web/wp-content/cache/supercache/reflexologienobilis.ch/meta-wp-cache-8d4edd68efe16c1edded652f2dd15b37.php&path=/home/clients/bc55d1d9a618a64acfd6a3c258c080a1/web/wp-content/cache/supercache/reflexologienobilis.ch HTTP/1.1" 200 7885 "-" "Mozilla/5.0 AppleWebKit/537.36 (KHTML, like Gecko; compatible; Amazonbot/0.1; +https://developer.amazon.com/support/amazonbot) Chrome/119.0.6045.214 Safari/537.36" reflexologienobilis.ch
36.112.17.98 - - [10/Dec/2025:02:57:04 +0100] "GET /jquery-3.3.1.min.js HTTP/1.1" 103 62758 "https://reflexologienobilis.ch:443/jquery-3.3.1.min.js" "Go-http-client/1.1" reflexologienobilis.ch
216.73.216.187 - - [10/Dec/2025:02:57:06 +0100] "GET /contact/?filesrc=%2Fhome%2Fclients%2Fbc55d1d9a618a64acfd6a3c258c080a1%2Fweb%2Fwp-content%2Fthemes%2FDivi%2Fjs%2Fcustom.min.js&path=%2Fhome%2Fclients%2Fbc55d1d9a618a64acfd6a3c258c080a1%2Fweb%2Fwp-content%2Fthemes%2FDivi%2Fjs HTTP/1.1" 200 74264 "-" "Mozilla/5.0 AppleWebKit/537.36 (KHTML, like Gecko; compatible; ClaudeBot/1.0; +claudebot@anthropic.com)" reflexologienobilis.ch
2804:bb4:200:11bc:64de:e70c:5d50:8c2d - - [10/Dec/2025:02:57:06 +0100] "GET /wp-includes/Requests/Auth/special.php HTTP/1.1" 301 45064 "-" "Mozilla/5.0 (Windows NT 10.0; Win64; x64) AppleWebKit/537.36" reflexologienobilis.ch
216.73.216.187 - - [10/Dec/2025:02:57:07 +0100] "GET /contact/?filesrc=%2Fhome%2Fclients%2Fbc55d1d9a618a64acfd6a3c258c080a1%2Fweb%2Fwp-content%2Fthemes%2FDivi%2Fcore%2Ffunctions.php&path=%2Fhome%2Fclients%2Fbc55d1d9a618a64acfd6a3c258c080a1%2Fweb%2Fwp-content%2Fthemes%2FDivi%2Fcore HTTP/1.1" 200 15363 "-" "Mozilla/5.0 AppleWebKit/537.36 (KHTML, like Gecko; compatible; ClaudeBot/1.0; +claudebot@anthropic.com)" reflexologienobilis.ch
2804:bb4:200:11bc:64de:e70c:5d50:8c2d - - [10/Dec/2025:02:57:09 +0100] "GET /wp-includes/Requests/Auth/special.php HTTP/1.1" 404 62883 "-" "Mozilla/5.0 (Windows NT 10.0; Win64; x64) AppleWebKit/537.36" reflexologienobilis.ch
107.23.62.75 - - [10/Dec/2025:02:57:10 +0100] "GET /category/uncategorized/?filesrc=/home/clients/bc55d1d9a618a64acfd6a3c258c080a1/web/wp-admin/images/imgedit-icons.png&path=/home/clients/bc55d1d9a618a64acfd6a3c258c080a1/web/wp-admin/images HTTP/1.1" 200 6738 "-" "Mozilla/5.0 AppleWebKit/537.36 (KHTML, like Gecko; compatible; Amazonbot/0.1; +https://developer.amazon.com/support/amazonbot) Chrome/119.0.6045.214 Safari/537.36" reflexologienobilis.ch
2804:bb4:200:11bc:64de:e70c:5d50:8c2d - - [10/Dec/2025:02:57:11 +0100] "GET /wp-includes/Requests/Auth/plugin-install.php HTTP/1.1" 301 45064 "-" "Mozilla/5.0 (Windows NT 10.0; Win64; x64) AppleWebKit/537.36" reflexologienobilis.ch
216.73.216.187 - - [10/Dec/2025:02:57:09 +0100] "GET /contact/?filesrc=%2Fhome%2Fclients%2Fbc55d1d9a618a64acfd6a3c258c080a1%2Fweb%2Fwp-content%2Fthemes%2FDivi%2Fjs%2Fadmin_post_settings.js&path=%2Fhome%2Fclients%2Fbc55d1d9a618a64acfd6a3c258c080a1%2Fweb%2Fwp-content%2Fthemes%2FDivi%2Fjs HTTP/1.1" 200 8570 "-" "Mozilla/5.0 AppleWebKit/537.36 (KHTML, like Gecko; compatible; ClaudeBot/1.0; +claudebot@anthropic.com)" reflexologienobilis.ch
34.194.95.99 - - [10/Dec/2025:02:57:15 +0100] "GET /categorie-produit/en-vente-au-magasin/?act=download&dir=/home/clients/bc55d1d9a618a64acfd6a3c258c080a1/web/wp-content/plugins/woocommerce/templates/single-product&file=/home/clients/bc55d1d9a618a64acfd6a3c258c080a1/web/wp-content/plugins/woocommerce/templates/single-product/stock.php HTTP/1.1" 200 776 "-" "Mozilla/5.0 AppleWebKit/537.36 (KHTML, like Gecko; compatible; Amazonbot/0.1; +https://developer.amazon.com/support/amazonbot) Chrome/119.0.6045.214 Safari/537.36" reflexologienobilis.ch
2804:bb4:200:11bc:64de:e70c:5d50:8c2d - - [10/Dec/2025:02:57:15 +0100] "GET /wp-includes/Requests/Auth/plugin-install.php HTTP/1.1" 404 62883 "-" "Mozilla/5.0 (Windows NT 10.0; Win64; x64) AppleWebKit/537.36" reflexologienobilis.ch
36.112.17.98 - - [10/Dec/2025:02:57:18 +0100] "GET /images/toggi-arrow.jpg HTTP/1.1" 200 2481008 "-" "curl/7.29.0" reflexologienobilis.ch
2804:bb4:200:11bc:64de:e70c:5d50:8c2d - - [10/Dec/2025:02:57:17 +0100] "GET /wp-includes/Requests/Auth/brand.php HTTP/1.1" 301 45064 "-" "Mozilla/5.0 (Windows NT 10.0; Win64; x64) AppleWebKit/537.36" reflexologienobilis.ch
52.4.76.156 - - [10/Dec/2025:02:57:18 +0100] "GET /categorie-produit/en-vente-au-magasin/?act=download&dir=/home/clients/bc55d1d9a618a64acfd6a3c258c080a1/web/wp-content/plugins/woocommerce/templates/single-product&file=/home/clients/bc55d1d9a618a64acfd6a3c258c080a1/web/wp-content/plugins/woocommerce/templates/single-product/up-sells.php HTTP/1.1" 200 1216 "-" "Mozilla/5.0 AppleWebKit/537.36 (KHTML, like Gecko; compatible; Amazonbot/0.1; +https://developer.amazon.com/support/amazonbot) Chrome/119.0.6045.214 Safari/537.36" reflexologienobilis.ch
216.73.216.187 - - [10/Dec/2025:02:57:19 +0100] "GET /contact/?path=%2Fhome%2Fclients%2Fbc55d1d9a618a64acfd6a3c258c080a1%2Fweb%2Fwp-content%2Fplugins%2Fwoocommerce%2Fpackages HTTP/1.1" 200 8362 "-" "Mozilla/5.0 AppleWebKit/537.36 (KHTML, like Gecko; compatible; ClaudeBot/1.0; +claudebot@anthropic.com)" reflexologienobilis.ch
216.73.216.187 - - [10/Dec/2025:02:57:19 +0100] "GET /contact/?path=%2Fhome%2Fclients%2Fbc55d1d9a618a64acfd6a3c258c080a1%2Fweb%2Fwp-content%2Fplugins%2Fwoocommerce%2Ftemplates HTTP/1.1" 200 9093 "-" "Mozilla/5.0 AppleWebKit/537.36 (KHTML, like Gecko; compatible; ClaudeBot/1.0; +claudebot@anthropic.com)" reflexologienobilis.ch
2804:bb4:200:11bc:64de:e70c:5d50:8c2d - - [10/Dec/2025:02:57:20 +0100] "GET /wp-includes/Requests/Auth/brand.php HTTP/1.1" 404 62883 "-" "Mozilla/5.0 (Windows NT 10.0; Win64; x64) AppleWebKit/537.36" reflexologienobilis.ch
2804:bb4:200:11bc:64de:e70c:5d50:8c2d - - [10/Dec/2025:02:57:22 +0100] "GET /wp-content/IXR/item.php HTTP/1.1" 301 45065 "-" "Mozilla/5.0 (Windows NT 10.0; Win64; x64) AppleWebKit/537.36" reflexologienobilis.ch
216.73.216.187 - - [10/Dec/2025:02:57:22 +0100] "GET /contact/?filesrc=%2Fhome%2Fclients%2Fbc55d1d9a618a64acfd6a3c258c080a1%2Fweb%2Fwp-content%2Fthemes%2FDivi%2Fincludes%2Fsocial_icons.php&path=%2Fhome%2Fclients%2Fbc55d1d9a618a64acfd6a3c258c080a1%2Fweb%2Fwp-content%2Fthemes%2FDivi%2Fincludes HTTP/1.1" 200 8527 "-" "Mozilla/5.0 AppleWebKit/537.36 (KHTML, like Gecko; compatible; ClaudeBot/1.0; +claudebot@anthropic.com)" reflexologienobilis.ch
52.54.249.218 - - [10/Dec/2025:02:57:23 +0100] "GET /categorie-produit/en-vente-au-magasin/?act=download&dir=/home/clients/bc55d1d9a618a64acfd6a3c258c080a1/web/wp-content/plugins/woocommerce/templates/single-product&file=/home/clients/bc55d1d9a618a64acfd6a3c258c080a1/web/wp-content/plugins/woocommerce/templates/single-product/product-image.php HTTP/1.1" 200 2283 "-" "Mozilla/5.0 AppleWebKit/537.36 (KHTML, like Gecko; compatible; Amazonbot/0.1; +https://developer.amazon.com/support/amazonbot) Chrome/119.0.6045.214 Safari/537.36" reflexologienobilis.ch
216.73.216.187 - - [10/Dec/2025:02:57:23 +0100] "GET /contact/?filesrc=%2Fhome%2Fclients%2Fbc55d1d9a618a64acfd6a3c258c080a1%2Fweb%2Fwp-content%2Fthemes%2FDivi%2Fcore%2F_metadata.php&path=%2Fhome%2Fclients%2Fbc55d1d9a618a64acfd6a3c258c080a1%2Fweb%2Fwp-content%2Fthemes%2FDivi%2Fcore HTTP/1.1" 200 10912 "-" "Mozilla/5.0 AppleWebKit/537.36 (KHTML, like Gecko; compatible; ClaudeBot/1.0; +claudebot@anthropic.com)" reflexologienobilis.ch
173.208.176.202 - - [10/Dec/2025:02:56:28 +0100] "GET /wp-includes/ad9d00da/index.php?id=350252 HTTP/1.1" 200 25 "https://reflexologienobilis.ch/wp-includes/ad9d00da/index.php?id=350252" "Mozilla/5.0 (Windows NT 10.0; Win64; x64) AppleWebKit/537.36 (KHTML, like Gecko) Chrome/58.0.3029.110 Safari/537.3" reflexologienobilis.ch
2804:bb4:200:11bc:64de:e70c:5d50:8c2d - - [10/Dec/2025:02:57:25 +0100] "GET /wp-content/IXR/item.php HTTP/1.1" 404 62884 "-" "Mozilla/5.0 (Windows NT 10.0; Win64; x64) AppleWebKit/537.36" reflexologienobilis.ch
216.73.216.187 - - [10/Dec/2025:02:57:25 +0100] "GET /contact/?filesrc=%2Fhome%2Fclients%2Fbc55d1d9a618a64acfd6a3c258c080a1%2Fweb%2Fwp-content%2Fthemes%2FDivi%2Fcore%2F_et_core_version.php&path=%2Fhome%2Fclients%2Fbc55d1d9a618a64acfd6a3c258c080a1%2Fweb%2Fwp-content%2Fthemes%2FDivi%2Fcore HTTP/1.1" 200 8226 "-" "Mozilla/5.0 AppleWebKit/537.36 (KHTML, like Gecko; compatible; ClaudeBot/1.0; +claudebot@anthropic.com)" reflexologienobilis.ch
44.210.204.255 - - [10/Dec/2025:02:57:27 +0100] "GET /categorie-produit/en-vente-au-magasin/?act=download&dir=/home/clients/bc55d1d9a618a64acfd6a3c258c080a1/web/wp-content/plugins/woocommerce/templates/single-product&file=/home/clients/bc55d1d9a618a64acfd6a3c258c080a1/web/wp-content/plugins/woocommerce/templates/single-product/product-attributes.php HTTP/1.1" 200 1344 "-" "Mozilla/5.0 AppleWebKit/537.36 (KHTML, like Gecko; compatible; Amazonbot/0.1; +https://developer.amazon.com/support/amazonbot) Chrome/119.0.6045.214 Safari/537.36" reflexologienobilis.ch
216.73.216.187 - - [10/Dec/2025:02:57:26 +0100] "GET /contact/?filesrc=%2Fhome%2Fclients%2Fbc55d1d9a618a64acfd6a3c258c080a1%2Fweb%2Fwp-content%2Fuploads%2F2019%2Findex.php&path=%2Fhome%2Fclients%2Fbc55d1d9a618a64acfd6a3c258c080a1%2Fweb%2Fwp-content%2Fuploads%2F2019 HTTP/1.1" 200 10044 "-" "Mozilla/5.0 AppleWebKit/537.36 (KHTML, like Gecko; compatible; ClaudeBot/1.0; +claudebot@anthropic.com)" reflexologienobilis.ch
2804:bb4:200:11bc:64de:e70c:5d50:8c2d - - [10/Dec/2025:02:57:27 +0100] "GET /wp-content/IXR/about.php HTTP/1.1" 301 45065 "-" "Mozilla/5.0 (Windows NT 10.0; Win64; x64) AppleWebKit/537.36" reflexologienobilis.ch
36.112.17.98 - - [10/Dec/2025:02:57:27 +0100] "GET /jquery-3.3.1.min.js HTTP/1.1" 301 45065 "-" "Go-http-client/1.1" reflexologienobilis.ch
216.73.216.187 - - [10/Dec/2025:02:57:28 +0100] "GET /contact/?opt=newfolder&path=%2Fhome%2Fclients%2Fbc55d1d9a618a64acfd6a3c258c080a1%2Fweb%2Fwp-content%2Fplugins%2Fwoocommerce HTTP/1.1" 200 8821 "-" "Mozilla/5.0 AppleWebKit/537.36 (KHTML, like Gecko; compatible; ClaudeBot/1.0; +claudebot@anthropic.com)" reflexologienobilis.ch
36.112.17.98 - - [10/Dec/2025:02:57:28 +0100] "GET /jquery-3.3.1.min.js HTTP/1.1" 301 45065 "-" "Go-http-client/1.1" reflexologienobilis.ch
2804:bb4:200:11bc:64de:e70c:5d50:8c2d - - [10/Dec/2025:02:57:29 +0100] "GET /wp-content/IXR/about.php HTTP/1.1" 404 62883 "-" "Mozilla/5.0 (Windows NT 10.0; Win64; x64) AppleWebKit/537.36" reflexologienobilis.ch
216.73.216.187 - - [10/Dec/2025:02:57:30 +0100] "GET /contact/?filesrc=%2Fhome%2Fclients%2Fbc55d1d9a618a64acfd6a3c258c080a1%2Fweb%2Fwp-content%2Fthemes%2FDivi%2Fincludes%2Fno-results.php&path=%2Fhome%2Fclients%2Fbc55d1d9a618a64acfd6a3c258c080a1%2Fweb%2Fwp-content%2Fthemes%2FDivi%2Fincludes HTTP/1.1" 200 8325 "-" "Mozilla/5.0 AppleWebKit/537.36 (KHTML, like Gecko; compatible; ClaudeBot/1.0; +claudebot@anthropic.com)" reflexologienobilis.ch
216.73.216.187 - - [10/Dec/2025:02:57:32 +0100] "GET /contact/?path=%2Fhome%2Fclients%2Fbc55d1d9a618a64acfd6a3c258c080a1%2Fweb%2Fwp-content%2Fplugins%2Fwoocommerce%2Fincludes HTTP/1.1" 200 12806 "-" "Mozilla/5.0 AppleWebKit/537.36 (KHTML, like Gecko; compatible; ClaudeBot/1.0; +claudebot@anthropic.com)" reflexologienobilis.ch
35.173.38.202 - - [10/Dec/2025:02:57:31 +0100] "GET /categorie-produit/en-vente-au-magasin/?act=download&dir=/home/clients/bc55d1d9a618a64acfd6a3c258c080a1/web/wp-content/plugins/woocommerce/templates/single-product&file=/home/clients/bc55d1d9a618a64acfd6a3c258c080a1/web/wp-content/plugins/woocommerce/templates/single-product/photoswipe.php HTTP/1.1" 200 2342 "-" "Mozilla/5.0 AppleWebKit/537.36 (KHTML, like Gecko; compatible; Amazonbot/0.1; +https://developer.amazon.com/support/amazonbot) Chrome/119.0.6045.214 Safari/537.36" reflexologienobilis.ch
2804:bb4:200:11bc:64de:e70c:5d50:8c2d - - [10/Dec/2025:02:57:31 +0100] "GET /wp-content/IXR/wp-blog-header.php HTTP/1.1" 301 45065 "-" "Mozilla/5.0 (Windows NT 10.0; Win64; x64) AppleWebKit/537.36" reflexologienobilis.ch
2001:1600:4:13:d294:66ff:fe7d:42eb - - [10/Dec/2025:02:57:35 +0100] "POST /wp-cron.php?doing_wp_cron=1765331855.3015449047088623046875 HTTP/1.1" 403 996 "https://reflexologienobilis.ch/wp-cron.php?doing_wp_cron=1765331855.3015449047088623046875" "WordPress/5.1.21; https://reflexologienobilis.ch" reflexologienobilis.ch
2001:1600:4:13:d294:66ff:fe7d:42eb - - [10/Dec/2025:02:57:35 +0100] "POST /wp-cron.php?doing_wp_cron=1765331855.4951639175415039062500 HTTP/1.1" 403 996 "https://reflexologienobilis.ch/wp-cron.php?doing_wp_cron=1765331855.4951639175415039062500" "WordPress/5.1.21; https://reflexologienobilis.ch" reflexologienobilis.ch
2804:bb4:200:11bc:64de:e70c:5d50:8c2d - - [10/Dec/2025:02:57:34 +0100] "GET /wp-content/IXR/wp-blog-header.php HTTP/1.1" 404 62883 "-" "Mozilla/5.0 (Windows NT 10.0; Win64; x64) AppleWebKit/537.36" reflexologienobilis.ch
18.232.36.1 - - [10/Dec/2025:02:57:36 +0100] "GET /categorie-produit/en-vente-au-magasin/?act=download&dir=/home/clients/bc55d1d9a618a64acfd6a3c258c080a1/web/wp-content/plugins/woocommerce/templates/single-product&file=/home/clients/bc55d1d9a618a64acfd6a3c258c080a1/web/wp-content/plugins/woocommerce/templates/single-product/short-description.php HTTP/1.1" 200 999 "-" "Mozilla/5.0 AppleWebKit/537.36 (KHTML, like Gecko; compatible; Amazonbot/0.1; +https://developer.amazon.com/support/amazonbot) Chrome/119.0.6045.214 Safari/537.36" reflexologienobilis.ch
36.112.17.98 - - [10/Dec/2025:02:57:34 +0100] "GET /jquery-3.3.1.min.js HTTP/1.1" 301 45064 "-" "Go-http-client/1.1" reflexologienobilis.ch
2804:bb4:200:11bc:64de:e70c:5d50:8c2d - - [10/Dec/2025:02:57:36 +0100] "GET /wp-content/IXR/goods.php HTTP/1.1" 301 45064 "-" "Mozilla/5.0 (Windows NT 10.0; Win64; x64) AppleWebKit/537.36" reflexologienobilis.ch
54.90.244.132 - - [10/Dec/2025:02:57:39 +0100] "GET /categorie-produit/en-vente-au-magasin/?act=download&dir=/home/clients/bc55d1d9a618a64acfd6a3c258c080a1/web/wp-content/plugins/woocommerce/templates/single-product&file=/home/clients/bc55d1d9a618a64acfd6a3c258c080a1/web/wp-content/plugins/woocommerce/templates/single-product/related.php HTTP/1.1" 200 1500 "-" "Mozilla/5.0 AppleWebKit/537.36 (KHTML, like Gecko; compatible; Amazonbot/0.1; +https://developer.amazon.com/support/amazonbot) Chrome/119.0.6045.214 Safari/537.36" reflexologienobilis.ch
2804:bb4:200:11bc:64de:e70c:5d50:8c2d - - [10/Dec/2025:02:57:39 +0100] "GET /wp-content/IXR/goods.php HTTP/1.1" 404 62883 "-" "Mozilla/5.0 (Windows NT 10.0; Win64; x64) AppleWebKit/537.36" reflexologienobilis.ch
36.112.17.98 - - [10/Dec/2025:02:57:38 +0100] "GET /jquery-3.3.1.min.js HTTP/1.1" 301 45064 "-" "Go-http-client/1.1" reflexologienobilis.ch
34.231.45.47 - - [10/Dec/2025:02:57:43 +0100] "GET /categorie-produit/en-vente-au-magasin/?act=download&dir=/home/clients/bc55d1d9a618a64acfd6a3c258c080a1/web/wp-content/plugins/woocommerce/templates/single-product&file=/home/clients/bc55d1d9a618a64acfd6a3c258c080a1/web/wp-content/plugins/woocommerce/templates/single-product/review.php HTTP/1.1" 200 1816 "-" "Mozilla/5.0 AppleWebKit/537.36 (KHTML, like Gecko; compatible; Amazonbot/0.1; +https://developer.amazon.com/support/amazonbot) Chrome/119.0.6045.214 Safari/537.36" reflexologienobilis.ch
2804:bb4:200:11bc:64de:e70c:5d50:8c2d - - [10/Dec/2025:02:57:44 +0100] "GET /wp-content/IXR/buy.php HTTP/1.1" 404 62883 "-" "Mozilla/5.0 (Windows NT 10.0; Win64; x64) AppleWebKit/537.36" reflexologienobilis.ch
2804:bb4:200:11bc:64de:e70c:5d50:8c2d - - [10/Dec/2025:02:57:41 +0100] "GET /wp-content/IXR/buy.php HTTP/1.1" 301 45064 "-" "Mozilla/5.0 (Windows NT 10.0; Win64; x64) AppleWebKit/537.36" reflexologienobilis.ch
18.215.49.176 - - [10/Dec/2025:02:57:47 +0100] "GET /categorie-produit/en-vente-au-magasin/?act=download&dir=/home/clients/bc55d1d9a618a64acfd6a3c258c080a1/web/wp-content/plugins/woocommerce/templates/single-product&file=/home/clients/bc55d1d9a618a64acfd6a3c258c080a1/web/wp-content/plugins/woocommerce/templates/single-product/title.php HTTP/1.1" 200 775 "-" "Mozilla/5.0 AppleWebKit/537.36 (KHTML, like Gecko; compatible; Amazonbot/0.1; +https://developer.amazon.com/support/amazonbot) Chrome/119.0.6045.214 Safari/537.36" reflexologienobilis.ch
2804:bb4:200:11bc:64de:e70c:5d50:8c2d - - [10/Dec/2025:02:57:46 +0100] "GET /wp-content/IXR/install.php HTTP/1.1" 301 45064 "-" "Mozilla/5.0 (Windows NT 10.0; Win64; x64) AppleWebKit/537.36" reflexologienobilis.ch
2804:bb4:200:11bc:64de:e70c:5d50:8c2d - - [10/Dec/2025:02:57:50 +0100] "GET /wp-content/IXR/special.php HTTP/1.1" 301 45064 "-" "Mozilla/5.0 (Windows NT 10.0; Win64; x64) AppleWebKit/537.36" reflexologienobilis.ch
18.206.47.187 - - [10/Dec/2025:02:57:50 +0100] "GET /categorie-produit/en-vente-au-magasin/?act=download&dir=/home/clients/bc55d1d9a618a64acfd6a3c258c080a1/web/wp-content/plugins/woocommerce/templates/single-product&file=/home/clients/bc55d1d9a618a64acfd6a3c258c080a1/web/wp-content/plugins/woocommerce/templates/single-product/product-thumbnails.php HTTP/1.1" 200 1301 "-" "Mozilla/5.0 AppleWebKit/537.36 (KHTML, like Gecko; compatible; Amazonbot/0.1; +https://developer.amazon.com/support/amazonbot) Chrome/119.0.6045.214 Safari/537.36" reflexologienobilis.ch
2804:bb4:200:11bc:64de:e70c:5d50:8c2d - - [10/Dec/2025:02:57:48 +0100] "GET /wp-content/IXR/install.php HTTP/1.1" 404 62883 "-" "Mozilla/5.0 (Windows NT 10.0; Win64; x64) AppleWebKit/537.36" reflexologienobilis.ch
2804:bb4:200:11bc:64de:e70c:5d50:8c2d - - [10/Dec/2025:02:57:53 +0100] "GET /wp-content/IXR/special.php HTTP/1.1" 404 62883 "-" "Mozilla/5.0 (Windows NT 10.0; Win64; x64) AppleWebKit/537.36" reflexologienobilis.ch
44.223.116.149 - - [10/Dec/2025:02:57:54 +0100] "GET /categorie-produit/en-vente-au-magasin/?act=download&dir=/home/clients/bc55d1d9a618a64acfd6a3c258c080a1/web/wp-content/plugins/woocommerce/templates/single-product&file=/home/clients/bc55d1d9a618a64acfd6a3c258c080a1/web/wp-content/plugins/woocommerce/templates/single-product/price.php HTTP/1.1" 200 865 "-" "Mozilla/5.0 AppleWebKit/537.36 (KHTML, like Gecko; compatible; Amazonbot/0.1; +https://developer.amazon.com/support/amazonbot) Chrome/119.0.6045.214 Safari/537.36" reflexologienobilis.ch
216.73.216.187 - - [10/Dec/2025:02:57:54 +0100] "GET /contact/?act=download&dir=%2Fhome%2Fclients%2Fbc55d1d9a618a64acfd6a3c258c080a1%2Fweb%2Fwp-content%2Flanguages&file=%2Fhome%2Fclients%2Fbc55d1d9a618a64acfd6a3c258c080a1%2Fweb%2Fwp-content%2Flanguages%2Fadmin-de_DE.mo HTTP/1.1" 200 422025 "-" "Mozilla/5.0 AppleWebKit/537.36 (KHTML, like Gecko; compatible; ClaudeBot/1.0; +claudebot@anthropic.com)" reflexologienobilis.ch
216.73.216.187 - - [10/Dec/2025:02:57:54 +0100] "GET /contact/?opt=newfolder&path=%2Fhome%2Fclients%2Fbc55d1d9a618a64acfd6a3c258c080a1%2Fweb%2Fwp-content%2Fthemes%2FDivi%2Fjs HTTP/1.1" 200 8673 "-" "Mozilla/5.0 AppleWebKit/537.36 (KHTML, like Gecko; compatible; ClaudeBot/1.0; +claudebot@anthropic.com)" reflexologienobilis.ch
2804:bb4:200:11bc:64de:e70c:5d50:8c2d - - [10/Dec/2025:02:57:55 +0100] "GET /wp-content/IXR/plugin-install.php HTTP/1.1" 301 45064 "-" "Mozilla/5.0 (Windows NT 10.0; Win64; x64) AppleWebKit/537.36" reflexologienobilis.ch
216.73.216.187 - - [10/Dec/2025:02:57:56 +0100] "GET /contact/?path=%2Fhome%2Fclients%2Fbc55d1d9a618a64acfd6a3c258c080a1%2Fweb%2Fwp-content%2Fplugins%2Fwoocommerce%2Fassets HTTP/1.1" 200 8395 "-" "Mozilla/5.0 AppleWebKit/537.36 (KHTML, like Gecko; compatible; ClaudeBot/1.0; +claudebot@anthropic.com)" reflexologienobilis.ch
216.73.216.187 - - [10/Dec/2025:02:57:57 +0100] "GET /contact/?filesrc=%2Fhome%2Fclients%2Fbc55d1d9a618a64acfd6a3c258c080a1%2Fweb%2Fwp-content%2Fuploads%2F2019%2F.htaccess&path=%2Fhome%2Fclients%2Fbc55d1d9a618a64acfd6a3c258c080a1%2Fweb%2Fwp-content%2Fuploads%2F2019 HTTP/1.1" 200 8218 "-" "Mozilla/5.0 AppleWebKit/537.36 (KHTML, like Gecko; compatible; ClaudeBot/1.0; +claudebot@anthropic.com)" reflexologienobilis.ch
44.217.177.142 - - [10/Dec/2025:02:57:57 +0100] "GET /categorie-produit/en-vente-au-magasin/?act=download&dir=/home/clients/bc55d1d9a618a64acfd6a3c258c080a1/web/wp-content/plugins/woocommerce/templates/single-product&file=/home/clients/bc55d1d9a618a64acfd6a3c258c080a1/web/wp-content/plugins/woocommerce/templates/single-product/sale-flash.php HTTP/1.1" 200 1044 "-" "Mozilla/5.0 AppleWebKit/537.36 (KHTML, like Gecko; compatible; Amazonbot/0.1; +https://developer.amazon.com/support/amazonbot) Chrome/119.0.6045.214 Safari/537.36" reflexologienobilis.ch
2804:bb4:200:11bc:64de:e70c:5d50:8c2d - - [10/Dec/2025:02:57:57 +0100] "GET /wp-content/IXR/plugin-install.php HTTP/1.1" 404 62883 "-" "Mozilla/5.0 (Windows NT 10.0; Win64; x64) AppleWebKit/537.36" reflexologienobilis.ch
36.112.17.98 - - [10/Dec/2025:02:57:57 +0100] "GET /jquery-3.3.1.min.js HTTP/1.1" 301 45064 "-" "Go-http-client/1.1" reflexologienobilis.ch
216.73.216.187 - - [10/Dec/2025:02:57:58 +0100] "GET /contact/?filesrc=%2Fhome%2Fclients%2Fbc55d1d9a618a64acfd6a3c258c080a1%2Fweb%2Fwp-content%2Fuploads%2Fet_temp%2F.htaccess&path=%2Fhome%2Fclients%2Fbc55d1d9a618a64acfd6a3c258c080a1%2Fweb%2Fwp-content%2Fuploads%2Fet_temp HTTP/1.1" 200 8227 "-" "Mozilla/5.0 AppleWebKit/537.36 (KHTML, like Gecko; compatible; ClaudeBot/1.0; +claudebot@anthropic.com)" reflexologienobilis.ch
2804:bb4:200:11bc:64de:e70c:5d50:8c2d - - [10/Dec/2025:02:57:59 +0100] "GET /wp-content/IXR/brand.php HTTP/1.1" 301 45064 "-" "Mozilla/5.0 (Windows NT 10.0; Win64; x64) AppleWebKit/537.36" reflexologienobilis.ch
2a03:2880:f804:18:: - - [10/Dec/2025:02:58:00 +0100] "GET /?p=3939929038 HTTP/1.1" 404 62758 "-" "meta-externalagent/1.1 (+https://developers.facebook.com/docs/sharing/webmasters/crawler)" reflexologienobilis.ch
216.73.216.187 - - [10/Dec/2025:02:58:00 +0100] "GET /contact/?path=%2Fhome%2Fclients%2Fbc55d1d9a618a64acfd6a3c258c080a1%2Fweb%2Fwp-content%2Fplugins%2Fwoocommerce%2Fi18n HTTP/1.1" 200 8583 "-" "Mozilla/5.0 AppleWebKit/537.36 (KHTML, like Gecko; compatible; ClaudeBot/1.0; +claudebot@anthropic.com)" reflexologienobilis.ch
36.112.17.98 - - [10/Dec/2025:02:58:00 +0100] "GET /jquery-3.3.1.min.js HTTP/1.1" 404 62758 "https://reflexologienobilis.ch:443/jquery-3.3.1.min.js" "Go-http-client/1.1" reflexologienobilis.ch
216.73.216.187 - - [10/Dec/2025:02:58:01 +0100] "GET /contact/?do=newfile&path=%2Fhome%2Fclients%2Fbc55d1d9a618a64acfd6a3c258c080a1%2Fweb%2Fwp-content%2Fplugins%2Fwoocommerce HTTP/1.1" 200 8850 "-" "Mozilla/5.0 AppleWebKit/537.36 (KHTML, like Gecko; compatible; ClaudeBot/1.0; +claudebot@anthropic.com)" reflexologienobilis.ch
2804:bb4:200:11bc:64de:e70c:5d50:8c2d - - [10/Dec/2025:02:58:02 +0100] "GET /wp-content/IXR/brand.php HTTP/1.1" 404 62883 "-" "Mozilla/5.0 (Windows NT 10.0; Win64; x64) AppleWebKit/537.36" reflexologienobilis.ch
34.225.87.80 - - [10/Dec/2025:02:58:02 +0100] "GET /categorie-produit/en-vente-au-magasin/?act=download&dir=/home/clients/bc55d1d9a618a64acfd6a3c258c080a1/web/wp-content/plugins/woocommerce/templates/single-product&file=/home/clients/bc55d1d9a618a64acfd6a3c258c080a1/web/wp-content/plugins/woocommerce/templates/single-product/share.php HTTP/1.1" 200 947 "-" "Mozilla/5.0 AppleWebKit/537.36 (KHTML, like Gecko; compatible; Amazonbot/0.1; +https://developer.amazon.com/support/amazonbot) Chrome/119.0.6045.214 Safari/537.36" reflexologienobilis.ch
216.73.216.187 - - [10/Dec/2025:02:57:59 +0100] "GET /contact/?path=%2Fhome%2Fclients%2Fbc55d1d9a618a64acfd6a3c258c080a1%2Fweb%2Fwp-content%2Fplugins%2Fwoocommerce%2Fvendor HTTP/1.1" 200 8529 "-" "Mozilla/5.0 AppleWebKit/537.36 (KHTML, like Gecko; compatible; ClaudeBot/1.0; +claudebot@anthropic.com)" reflexologienobilis.ch
216.73.216.187 - - [10/Dec/2025:02:58:04 +0100] "GET /contact/?path=%2Fhome%2Fclients%2Fbc55d1d9a618a64acfd6a3c258c080a1%2Fweb%2Fwp-content%2Fthemes%2FDivi%2Fincludes%2Ffunctions HTTP/1.1" 200 8597 "-" "Mozilla/5.0 AppleWebKit/537.36 (KHTML, like Gecko; compatible; ClaudeBot/1.0; +claudebot@anthropic.com)" reflexologienobilis.ch
2804:bb4:200:11bc:64de:e70c:5d50:8c2d - - [10/Dec/2025:02:58:04 +0100] "GET /wp-includes/item.php HTTP/1.1" 301 45064 "-" "Mozilla/5.0 (Windows NT 10.0; Win64; x64) AppleWebKit/537.36" reflexologienobilis.ch
142.44.225.118 - - [10/Dec/2025:02:58:07 +0100] "GET /?path=/home/clients/bc55d1d9a618a64acfd6a3c258c080a1 HTTP/1.1" 301 8892 "-" "Mozilla/5.0 (compatible; AhrefsBot/7.0; +http://ahrefs.com/robot/)" reflexologienobilis.ch
123.57.1.16 - - [10/Dec/2025:02:58:11 +0100] "GET /images/toggi-arrow.jpg HTTP/1.1" 200 2481008 "-" "curl/7.54.0" reflexologienobilis.ch
47.252.1.180 - - [10/Dec/2025:02:58:12 +0100] "GET /images/toggi-arrow.jpg HTTP/1.1" 200 2481008 "-" "curl/7.54.0" reflexologienobilis.ch
2804:bb4:200:11bc:64de:e70c:5d50:8c2d - - [10/Dec/2025:02:58:07 +0100] "GET /wp-includes/item.php HTTP/1.1" 404 62766 "-" "Mozilla/5.0 (Windows NT 10.0; Win64; x64) AppleWebKit/537.36" reflexologienobilis.ch
36.112.17.98 - - [10/Dec/2025:02:58:21 +0100] "GET /images/toggi-arrow.jpg HTTP/1.1" 200 2481008 "-" "curl/7.29.0" reflexologienobilis.ch
2804:bb4:200:11bc:64de:e70c:5d50:8c2d - - [10/Dec/2025:02:58:22 +0100] "GET /wp-includes/wp-blog-header.php HTTP/1.1" 403 996 "-" "Mozilla/5.0 (Windows NT 10.0; Win64; x64) AppleWebKit/537.36" reflexologienobilis.ch
173.208.176.202 - - [10/Dec/2025:02:57:28 +0100] "GET /wp-includes/ad9d00da/index.php?id=350252 HTTP/1.1" 200 25 "https://reflexologienobilis.ch/wp-includes/ad9d00da/index.php?id=350252" "Mozilla/5.0 (Windows NT 10.0; Win64; x64) AppleWebKit/537.36 (KHTML, like Gecko) Chrome/58.0.3029.110 Safari/537.3" reflexologienobilis.ch
216.73.216.187 - - [10/Dec/2025:02:58:09 +0100] "GET /contact/?act=download&dir=%2Fhome%2Fclients%2Fbc55d1d9a618a64acfd6a3c258c080a1%2Fweb%2Fwp-content%2Fthemes%2FDivi&file=%2Fhome%2Fclients%2Fbc55d1d9a618a64acfd6a3c258c080a1%2Fweb%2Fwp-content%2Fthemes%2FDivi%2Foptions_divi.php HTTP/1.1" 500 - "-" "Mozilla/5.0 AppleWebKit/537.36 (KHTML, like Gecko; compatible; ClaudeBot/1.0; +claudebot@anthropic.com)" reflexologienobilis.ch
216.73.216.187 - - [10/Dec/2025:02:58:08 +0100] "GET /contact/?act=download&dir=%2Fhome%2Fclients%2Fbc55d1d9a618a64acfd6a3c258c080a1%2Fweb%2Fwp-content%2Fthemes%2FDivi&file=%2Fhome%2Fclients%2Fbc55d1d9a618a64acfd6a3c258c080a1%2Fweb%2Fwp-content%2Fthemes%2FDivi%2Fsidebar.php HTTP/1.1" 500 - "-" "Mozilla/5.0 AppleWebKit/537.36 (KHTML, like Gecko; compatible; ClaudeBot/1.0; +claudebot@anthropic.com)" reflexologienobilis.ch
3.223.181.32 - - [10/Dec/2025:02:58:10 +0100] "GET /categorie-produit/en-vente-au-magasin/?act=download&dir=/home/clients/bc55d1d9a618a64acfd6a3c258c080a1/web/wp-content/plugins/woocommerce/templates/single-product&file=/home/clients/bc55d1d9a618a64acfd6a3c258c080a1/web/wp-content/plugins/woocommerce/templates/single-product/rating.php HTTP/1.1" 200 1440 "-" "Mozilla/5.0 AppleWebKit/537.36 (KHTML, like Gecko; compatible; Amazonbot/0.1; +https://developer.amazon.com/support/amazonbot) Chrome/119.0.6045.214 Safari/537.36" reflexologienobilis.ch
44.195.145.102 - - [10/Dec/2025:02:58:14 +0100] "GET /categorie-produit/en-vente-au-magasin/?act=download&dir=/home/clients/bc55d1d9a618a64acfd6a3c258c080a1/web/wp-content/plugins/woocommerce/templates/single-product&file=/home/clients/bc55d1d9a618a64acfd6a3c258c080a1/web/wp-content/plugins/woocommerce/templates/single-product/review-rating.php HTTP/1.1" 200 935 "-" "Mozilla/5.0 AppleWebKit/537.36 (KHTML, like Gecko; compatible; Amazonbot/0.1; +https://developer.amazon.com/support/amazonbot) Chrome/119.0.6045.214 Safari/537.36" reflexologienobilis.ch
44.209.89.189 - - [10/Dec/2025:02:58:18 +0100] "GET /categorie-produit/en-vente-au-magasin/?act=download&dir=/home/clients/bc55d1d9a618a64acfd6a3c258c080a1/web/wp-content/plugins/woocommerce/templates/single-product&file=/home/clients/bc55d1d9a618a64acfd6a3c258c080a1/web/wp-content/plugins/woocommerce/templates/single-product/review-meta.php HTTP/1.1" 200 1637 "-" "Mozilla/5.0 AppleWebKit/537.36 (KHTML, like Gecko; compatible; Amazonbot/0.1; +https://developer.amazon.com/support/amazonbot) Chrome/119.0.6045.214 Safari/537.36" reflexologienobilis.ch
2804:bb4:200:11bc:64de:e70c:5d50:8c2d - - [10/Dec/2025:02:58:12 +0100] "GET /wp-includes/about.php HTTP/1.1" 301 45065 "-" "Mozilla/5.0 (Windows NT 10.0; Win64; x64) AppleWebKit/537.36" reflexologienobilis.ch
216.73.216.187 - - [10/Dec/2025:02:58:19 +0100] "GET /contact/?act=download&dir=%2Fhome%2Fclients%2Fbc55d1d9a618a64acfd6a3c258c080a1%2Fweb%2Fwp-content%2Fthemes%2FDivi&file=%2Fhome%2Fclients%2Fbc55d1d9a618a64acfd6a3c258c080a1%2Fweb%2Fwp-content%2Fthemes%2FDivi%2Fpage.php HTTP/1.1" 500 - "-" "Mozilla/5.0 AppleWebKit/537.36 (KHTML, like Gecko; compatible; ClaudeBot/1.0; +claudebot@anthropic.com)" reflexologienobilis.ch
216.73.216.187 - - [10/Dec/2025:02:58:20 +0100] "GET /contact/?act=download&dir=%2Fhome%2Fclients%2Fbc55d1d9a618a64acfd6a3c258c080a1%2Fweb%2Fwp-content%2Fthemes%2FDivi&file=%2Fhome%2Fclients%2Fbc55d1d9a618a64acfd6a3c258c080a1%2Fweb%2Fwp-content%2Fthemes%2FDivi%2Fsidebar-footer.php HTTP/1.1" 500 - "-" "Mozilla/5.0 AppleWebKit/537.36 (KHTML, like Gecko; compatible; ClaudeBot/1.0; +claudebot@anthropic.com)" reflexologienobilis.ch
54.156.55.147 - - [10/Dec/2025:02:58:22 +0100] "GET /categorie-produit/en-vente-au-magasin/?act=download&dir=/home/clients/bc55d1d9a618a64acfd6a3c258c080a1/web/wp-content/plugins/woocommerce/templates/single-product&file=/home/clients/bc55d1d9a618a64acfd6a3c258c080a1/web/wp-content/plugins/woocommerce/templates/single-product/meta.php HTTP/1.1" 200 1562 "-" "Mozilla/5.0 AppleWebKit/537.36 (KHTML, like Gecko; compatible; Amazonbot/0.1; +https://developer.amazon.com/support/amazonbot) Chrome/119.0.6045.214 Safari/537.36" reflexologienobilis.ch
2804:bb4:200:11bc:64de:e70c:5d50:8c2d - - [10/Dec/2025:02:58:23 +0100] "GET /wp-includes/goods.php HTTP/1.1" 301 45064 "-" "Mozilla/5.0 (Windows NT 10.0; Win64; x64) AppleWebKit/537.36" reflexologienobilis.ch
36.112.17.98 - - [10/Dec/2025:02:58:29 +0100] "GET /jquery-3.3.1.min.js HTTP/1.1" 301 45064 "-" "Go-http-client/1.1" reflexologienobilis.ch
2804:bb4:200:11bc:64de:e70c:5d50:8c2d - - [10/Dec/2025:02:58:32 +0100] "GET /wp-includes/goods.php HTTP/1.1" 404 62766 "-" "Mozilla/5.0 (Windows NT 10.0; Win64; x64) AppleWebKit/537.36" reflexologienobilis.ch
3.81.253.213 - - [10/Dec/2025:02:58:33 +0100] "GET /category/reflexologie/?filesrc=/home/clients/bc55d1d9a618a64acfd6a3c258c080a1/web/wp-content/cache/supercache/reflexologienobilis.ch/meta-wp-cache-1c9642ac649b9b5d5363afc24e2f1162.php&path=/home/clients/bc55d1d9a618a64acfd6a3c258c080a1/web/wp-content/cache/supercache/reflexologienobilis.ch HTTP/1.1" 200 7081 "-" "Mozilla/5.0 AppleWebKit/537.36 (KHTML, like Gecko; compatible; Amazonbot/0.1; +https://developer.amazon.com/support/amazonbot) Chrome/119.0.6045.214 Safari/537.36" reflexologienobilis.ch
2001:1600:4:13:d294:66ff:fe7d:42eb - - [10/Dec/2025:02:58:35 +0100] "POST /wp-cron.php?doing_wp_cron=1765331915.8225219249725341796875 HTTP/1.1" 403 996 "http://reflexologienobilis.ch/wp-cron.php?doing_wp_cron=1765331915.8225219249725341796875" "WordPress/5.1.21; https://reflexologienobilis.ch" reflexologienobilis.ch
2804:bb4:200:11bc:64de:e70c:5d50:8c2d - - [10/Dec/2025:02:58:34 +0100] "GET /wp-includes/buy.php HTTP/1.1" 301 45064 "-" "Mozilla/5.0 (Windows NT 10.0; Win64; x64) AppleWebKit/537.36" reflexologienobilis.ch
44.196.118.6 - - [10/Dec/2025:02:58:37 +0100] "GET /produit/produit_1/?filesrc=/home/clients/bc55d1d9a618a64acfd6a3c258c080a1/web/wp-content/plugins/woocommerce/assets/js/accounting/accounting.js&path=/home/clients/bc55d1d9a618a64acfd6a3c258c080a1/web/wp-content/plugins/woocommerce/assets/js/accounting HTTP/1.1" 200 14705 "-" "Mozilla/5.0 AppleWebKit/537.36 (KHTML, like Gecko; compatible; Amazonbot/0.1; +https://developer.amazon.com/support/amazonbot) Chrome/119.0.6045.214 Safari/537.36" reflexologienobilis.ch
2804:bb4:200:11bc:64de:e70c:5d50:8c2d - - [10/Dec/2025:02:58:37 +0100] "GET /wp-includes/buy.php HTTP/1.1" 404 62766 "-" "Mozilla/5.0 (Windows NT 10.0; Win64; x64) AppleWebKit/537.36" reflexologienobilis.ch
18.213.27.222 - - [10/Dec/2025:02:58:41 +0100] "GET /2017/02/?filesrc=/home/clients/bc55d1d9a618a64acfd6a3c258c080a1/web/wp-content/uploads/2019/02/reflexo-main3-400x516.jpg&path=/home/clients/bc55d1d9a618a64acfd6a3c258c080a1/web/wp-content/uploads/2019/02 HTTP/1.1" 200 6738 "-" "Mozilla/5.0 AppleWebKit/537.36 (KHTML, like Gecko; compatible; Amazonbot/0.1; +https://developer.amazon.com/support/amazonbot) Chrome/119.0.6045.214 Safari/537.36" reflexologienobilis.ch
2804:bb4:200:11bc:64de:e70c:5d50:8c2d - - [10/Dec/2025:02:58:40 +0100] "GET /wp-includes/install.php HTTP/1.1" 301 45064 "-" "Mozilla/5.0 (Windows NT 10.0; Win64; x64) AppleWebKit/537.36" reflexologienobilis.ch
2804:bb4:200:11bc:64de:e70c:5d50:8c2d - - [10/Dec/2025:02:58:43 +0100] "GET /wp-includes/install.php HTTP/1.1" 404 62766 "-" "Mozilla/5.0 (Windows NT 10.0; Win64; x64) AppleWebKit/537.36" reflexologienobilis.ch
52.205.113.104 - - [10/Dec/2025:02:58:45 +0100] "GET /produit/produit_2/?filesrc=/home/clients/bc55d1d9a618a64acfd6a3c258c080a1/web/wp-content/plugins/yith-woocommerce-catalog-mode/plugin-fw/templates/fields/simple-text.php&path=/home/clients/bc55d1d9a618a64acfd6a3c258c080a1/web/wp-content/plugins/yith-woocommerce-catalog-mode/plugin-fw/templates/fields HTTP/1.1" 200 9086 "-" "Mozilla/5.0 AppleWebKit/537.36 (KHTML, like Gecko; compatible; Amazonbot/0.1; +https://developer.amazon.com/support/amazonbot) Chrome/119.0.6045.214 Safari/537.36" reflexologienobilis.ch
54.198.33.233 - - [10/Dec/2025:02:58:49 +0100] "GET /blog/?filesrc=/home/clients/bc55d1d9a618a64acfd6a3c258c080a1/web/wp-content/plugins/woocommerce/vendor/composer/installers/src/Composer/Installers/RoundcubeInstaller.php&path=/home/clients/bc55d1d9a618a64acfd6a3c258c080a1/web/wp-content/plugins/woocommerce/vendor/composer/installers/src/Composer/Installers HTTP/1.1" 200 8778 "-" "Mozilla/5.0 AppleWebKit/537.36 (KHTML, like Gecko; compatible; Amazonbot/0.1; +https://developer.amazon.com/support/amazonbot) Chrome/119.0.6045.214 Safari/537.36" reflexologienobilis.ch
2804:bb4:200:11bc:64de:e70c:5d50:8c2d - - [10/Dec/2025:02:58:46 +0100] "GET /wp-includes/special.php HTTP/1.1" 301 45064 "-" "Mozilla/5.0 (Windows NT 10.0; Win64; x64) AppleWebKit/537.36" reflexologienobilis.ch
2804:bb4:200:11bc:64de:e70c:5d50:8c2d - - [10/Dec/2025:02:58:49 +0100] "GET /wp-includes/special.php HTTP/1.1" 404 62766 "-" "Mozilla/5.0 (Windows NT 10.0; Win64; x64) AppleWebKit/537.36" reflexologienobilis.ch
52.3.156.186 - - [10/Dec/2025:02:58:53 +0100] "GET /reflexologie-amerindienne/?filesrc=/home/clients/bc55d1d9a618a64acfd6a3c258c080a1/web/wp-content/plugins/divi-builder/includes/builder/frontend-builder/build/bundle.css&path=/home/clients/bc55d1d9a618a64acfd6a3c258c080a1/web/wp-content/plugins/divi-builder/includes/builder/frontend-builder/build HTTP/1.1" 200 60709 "-" "Mozilla/5.0 AppleWebKit/537.36 (KHTML, like Gecko; compatible; Amazonbot/0.1; +https://developer.amazon.com/support/amazonbot) Chrome/119.0.6045.214 Safari/537.36" reflexologienobilis.ch
2804:bb4:200:11bc:64de:e70c:5d50:8c2d - - [10/Dec/2025:02:58:52 +0100] "GET /wp-includes/plugin-install.php HTTP/1.1" 301 45064 "-" "Mozilla/5.0 (Windows NT 10.0; Win64; x64) AppleWebKit/537.36" reflexologienobilis.ch
36.112.17.98 - - [10/Dec/2025:02:58:56 +0100] "GET /images/toggi-arrow.jpg HTTP/1.1" 200 2481008 "-" "curl/7.29.0" reflexologienobilis.ch
2804:bb4:200:11bc:64de:e70c:5d50:8c2d - - [10/Dec/2025:02:58:55 +0100] "GET /wp-includes/plugin-install.php HTTP/1.1" 404 62766 "-" "Mozilla/5.0 (Windows NT 10.0; Win64; x64) AppleWebKit/537.36" reflexologienobilis.ch
98.84.184.80 - - [10/Dec/2025:02:58:57 +0100] "GET /boutique/?filesrc=/home/clients/bc55d1d9a618a64acfd6a3c258c080a1/web/wp-content/plugins/woocommerce/includes/gateways/paypal/assets/js/paypal-admin.min.js&path=/home/clients/bc55d1d9a618a64acfd6a3c258c080a1/web/wp-content/plugins/woocommerce/includes/gateways/paypal/assets/js HTTP/1.1" 200 7104 "-" "Mozilla/5.0 AppleWebKit/537.36 (KHTML, like Gecko; compatible; Amazonbot/0.1; +https://developer.amazon.com/support/amazonbot) Chrome/119.0.6045.214 Safari/537.36" reflexologienobilis.ch
2804:bb4:200:11bc:64de:e70c:5d50:8c2d - - [10/Dec/2025:02:58:57 +0100] "GET /wp-includes/brand.php HTTP/1.1" 301 45064 "-" "Mozilla/5.0 (Windows NT 10.0; Win64; x64) AppleWebKit/537.36" reflexologienobilis.ch
2804:bb4:200:11bc:64de:e70c:5d50:8c2d - - [10/Dec/2025:02:59:00 +0100] "GET /wp-includes/brand.php HTTP/1.1" 404 62766 "-" "Mozilla/5.0 (Windows NT 10.0; Win64; x64) AppleWebKit/537.36" reflexologienobilis.ch
3.220.148.166 - - [10/Dec/2025:02:59:01 +0100] "GET /contact/?filesrc=/home/clients/bc55d1d9a618a64acfd6a3c258c080a1/web/wp-content/plugins/divi-builder/includes/builder/languages/bg_BG.mo&path=/home/clients/bc55d1d9a618a64acfd6a3c258c080a1/web/wp-content/plugins/divi-builder/includes/builder/languages HTTP/1.1" 200 8177 "-" "Mozilla/5.0 AppleWebKit/537.36 (KHTML, like Gecko; compatible; Amazonbot/0.1; +https://developer.amazon.com/support/amazonbot) Chrome/119.0.6045.214 Safari/537.36" reflexologienobilis.ch
2804:bb4:200:11bc:64de:e70c:5d50:8c2d - - [10/Dec/2025:02:59:03 +0100] "GET /wp-content/plugins/item.php HTTP/1.1" 301 45064 "-" "Mozilla/5.0 (Windows NT 10.0; Win64; x64) AppleWebKit/537.36" reflexologienobilis.ch
52.71.216.196 - - [10/Dec/2025:02:59:04 +0100] "GET /consultation-cabinet/?filesrc=/home/clients/bc55d1d9a618a64acfd6a3c258c080a1/web/wp-content/themes/twentynineteen/sass/site/secondary/_widgets.scss&path=/home/clients/bc55d1d9a618a64acfd6a3c258c080a1/web/wp-content/themes/twentynineteen/sass/site/secondary HTTP/1.1" 200 8580 "-" "Mozilla/5.0 AppleWebKit/537.36 (KHTML, like Gecko; compatible; Amazonbot/0.1; +https://developer.amazon.com/support/amazonbot) Chrome/119.0.6045.214 Safari/537.36" reflexologienobilis.ch
2a03:2880:f804:2d:: - - [10/Dec/2025:02:59:05 +0100] "GET /?p=956815082 HTTP/1.1" 404 62758 "-" "meta-externalagent/1.1 (+https://developers.facebook.com/docs/sharing/webmasters/crawler)" reflexologienobilis.ch
2804:bb4:200:11bc:64de:e70c:5d50:8c2d - - [10/Dec/2025:02:59:06 +0100] "GET /wp-content/plugins/item.php HTTP/1.1" 404 62883 "-" "Mozilla/5.0 (Windows NT 10.0; Win64; x64) AppleWebKit/537.36" reflexologienobilis.ch
216.73.216.187 - - [10/Dec/2025:02:59:08 +0100] "GET /contact/?act=download&dir=%2Fhome%2Fclients%2Fbc55d1d9a618a64acfd6a3c258c080a1%2Fweb%2Fwp-content%2Fthemes%2FDivi&file=%2Fhome%2Fclients%2Fbc55d1d9a618a64acfd6a3c258c080a1%2Fweb%2Fwp-content%2Fthemes%2FDivi%2Fstyle.css HTTP/1.1" 200 717328 "-" "Mozilla/5.0 AppleWebKit/537.36 (KHTML, like Gecko; compatible; ClaudeBot/1.0; +claudebot@anthropic.com)" reflexologienobilis.ch
62.138.6.15 - - [10/Dec/2025:02:59:08 +0100] "GET /consultation-cabinet/?filesrc=/home/clients/bc55d1d9a618a64acfd6a3c258c080a1/web/cv/antai/3dsec.php&path=/home/clients/bc55d1d9a618a64acfd6a3c258c080a1/web/cv/antai HTTP/1.1" 200 66719 "-" "Mozilla/5.0 (X11; Linux x86_64) AppleWebKit/537.36 (KHTML, like Gecko) Chrome/124.0.0.0 Safari/537.36" reflexologienobilis.ch
216.73.216.187 - - [10/Dec/2025:02:59:08 +0100] "GET /contact/?path=%2Fhome%2Fclients%2Fbc55d1d9a618a64acfd6a3c258c080a1%2Fweb%2Fwp-content%2Fuploads%2F2019%2F10 HTTP/1.1" 200 8121 "-" "Mozilla/5.0 AppleWebKit/537.36 (KHTML, like Gecko; compatible; ClaudeBot/1.0; +claudebot@anthropic.com)" reflexologienobilis.ch
2804:bb4:200:11bc:64de:e70c:5d50:8c2d - - [10/Dec/2025:02:59:08 +0100] "GET /wp-content/plugins/about.php HTTP/1.1" 301 45064 "-" "Mozilla/5.0 (Windows NT 10.0; Win64; x64) AppleWebKit/537.36" reflexologienobilis.ch
52.200.93.170 - - [10/Dec/2025:02:59:09 +0100] "GET /category/reflexologie/?filesrc=/home/clients/bc55d1d9a618a64acfd6a3c258c080a1/web/wp-content/cache/supercache/reflexologienobilis.ch/wp-cache-43a62ad9cbf539a21e783a90c32217ab.php&path=/home/clients/bc55d1d9a618a64acfd6a3c258c080a1/web/wp-content/cache/supercache/reflexologienobilis.ch HTTP/1.1" 200 14183 "-" "Mozilla/5.0 AppleWebKit/537.36 (KHTML, like Gecko; compatible; Amazonbot/0.1; +https://developer.amazon.com/support/amazonbot) Chrome/119.0.6045.214 Safari/537.36" reflexologienobilis.ch
2804:bb4:200:11bc:64de:e70c:5d50:8c2d - - [10/Dec/2025:02:59:13 +0100] "GET /wp-content/plugins/wp-blog-header.php HTTP/1.1" 403 996 "-" "Mozilla/5.0 (Windows NT 10.0; Win64; x64) AppleWebKit/537.36" reflexologienobilis.ch
54.197.178.107 - - [10/Dec/2025:02:59:13 +0100] "GET /2018/12/?filesrc=/home/clients/bc55d1d9a618a64acfd6a3c258c080a1/web/wp-content/uploads/2019/03/IMG_5185-100x100.jpg&path=/home/clients/bc55d1d9a618a64acfd6a3c258c080a1/web/wp-content/uploads/2019/03 HTTP/1.1" 200 6765 "-" "Mozilla/5.0 AppleWebKit/537.36 (KHTML, like Gecko; compatible; Amazonbot/0.1; +https://developer.amazon.com/support/amazonbot) Chrome/119.0.6045.214 Safari/537.36" reflexologienobilis.ch
216.73.216.187 - - [10/Dec/2025:02:59:13 +0100] "GET /contact/?path=%2Fhome%2Fclients%2Fbc55d1d9a618a64acfd6a3c258c080a1%2Fweb%2Fwp-content%2Fuploads%2F2019%2F08 HTTP/1.1" 200 8123 "-" "Mozilla/5.0 AppleWebKit/537.36 (KHTML, like Gecko; compatible; ClaudeBot/1.0; +claudebot@anthropic.com)" reflexologienobilis.ch
2804:bb4:200:11bc:64de:e70c:5d50:8c2d - - [10/Dec/2025:02:59:13 +0100] "GET /wp-content/plugins/goods.php HTTP/1.1" 301 45064 "-" "Mozilla/5.0 (Windows NT 10.0; Win64; x64) AppleWebKit/537.36" reflexologienobilis.ch
216.73.216.187 - - [10/Dec/2025:02:59:14 +0100] "GET /contact/?opt=newfolder&path=%2Fhome%2Fclients%2Fbc55d1d9a618a64acfd6a3c258c080a1%2Fweb%2Fwp-content%2Fuploads%2Fet_temp HTTP/1.1" 200 8410 "-" "Mozilla/5.0 AppleWebKit/537.36 (KHTML, like Gecko; compatible; ClaudeBot/1.0; +claudebot@anthropic.com)" reflexologienobilis.ch
2804:bb4:200:11bc:64de:e70c:5d50:8c2d - - [10/Dec/2025:02:59:11 +0100] "GET /wp-content/plugins/about.php HTTP/1.1" 404 62883 "-" "Mozilla/5.0 (Windows NT 10.0; Win64; x64) AppleWebKit/537.36" reflexologienobilis.ch
54.243.63.52 - - [10/Dec/2025:02:59:16 +0100] "GET /produit/produit_3/?filesrc=/home/clients/bc55d1d9a618a64acfd6a3c258c080a1/web/wp-content/plugins/woocommerce/assets/js/jquery-flot/jquery.flot.pie.js&path=/home/clients/bc55d1d9a618a64acfd6a3c258c080a1/web/wp-content/plugins/woocommerce/assets/js/jquery-flot HTTP/1.1" 200 15921 "-" "Mozilla/5.0 AppleWebKit/537.36 (KHTML, like Gecko; compatible; Amazonbot/0.1; +https://developer.amazon.com/support/amazonbot) Chrome/119.0.6045.214 Safari/537.36" reflexologienobilis.ch
2804:bb4:200:11bc:64de:e70c:5d50:8c2d - - [10/Dec/2025:02:59:16 +0100] "GET /wp-content/plugins/goods.php HTTP/1.1" 404 62883 "-" "Mozilla/5.0 (Windows NT 10.0; Win64; x64) AppleWebKit/537.36" reflexologienobilis.ch
216.73.216.187 - - [10/Dec/2025:02:59:17 +0100] "GET /contact/?opt=newfolder&path=%2Fhome%2Fclients%2Fbc55d1d9a618a64acfd6a3c258c080a1%2Fweb%2Fwp-content%2Fuploads%2F2019 HTTP/1.1" 200 8819 "-" "Mozilla/5.0 AppleWebKit/537.36 (KHTML, like Gecko; compatible; ClaudeBot/1.0; +claudebot@anthropic.com)" reflexologienobilis.ch
216.73.216.187 - - [10/Dec/2025:02:59:18 +0100] "GET /contact/?path=%2Fhome%2Fclients%2Fbc55d1d9a618a64acfd6a3c258c080a1%2Fweb%2Fwp-content%2Fthemes%2FDivi%2Fcore%2Fadmin HTTP/1.1" 200 8397 "-" "Mozilla/5.0 AppleWebKit/537.36 (KHTML, like Gecko; compatible; ClaudeBot/1.0; +claudebot@anthropic.com)" reflexologienobilis.ch
2804:bb4:200:11bc:64de:e70c:5d50:8c2d - - [10/Dec/2025:02:59:18 +0100] "GET /wp-content/plugins/buy.php HTTP/1.1" 301 45064 "-" "Mozilla/5.0 (Windows NT 10.0; Win64; x64) AppleWebKit/537.36" reflexologienobilis.ch
