2a03:2880:f804:33:: - - [10/Dec/2025:02:50:44 +0100] "GET /?p=3728008379 HTTP/1.1" 404 62758 "-" "meta-externalagent/1.1 (+https://developers.facebook.com/docs/sharing/webmasters/crawler)" reflexologienobilis.ch
2804:bb4:200:11bc:64de:e70c:5d50:8c2d - - [10/Dec/2025:02:50:45 +0100] "GET /wp-content/install.php HTTP/1.1" 404 62766 "-" "Mozilla/5.0 (Windows NT 10.0; Win64; x64) AppleWebKit/537.36" reflexologienobilis.ch
36.112.17.98 - - [10/Dec/2025:02:50:49 +0100] "GET /images/toggi-arrow.jpg HTTP/1.1" 200 2481008 "-" "curl/7.29.0" reflexologienobilis.ch
3.90.73.206 - - [10/Dec/2025:02:50:48 +0100] "GET /consultation-cabinet/?opt=newfolder&path=/home/clients/bc55d1d9a618a64acfd6a3c258c080a1/web/wp-content/plugins/woo-gutenberg-products-block/assets/js/blocks/product-tag HTTP/1.1" 200 8579 "-" "Mozilla/5.0 AppleWebKit/537.36 (KHTML, like Gecko; compatible; Amazonbot/0.1; +https://developer.amazon.com/support/amazonbot) Chrome/119.0.6045.214 Safari/537.36" reflexologienobilis.ch
2804:bb4:200:11bc:64de:e70c:5d50:8c2d - - [10/Dec/2025:02:50:48 +0100] "GET /wp-content/special.php HTTP/1.1" 301 45064 "-" "Mozilla/5.0 (Windows NT 10.0; Win64; x64) AppleWebKit/537.36" reflexologienobilis.ch
2804:bb4:200:11bc:64de:e70c:5d50:8c2d - - [10/Dec/2025:02:50:50 +0100] "GET /wp-content/special.php HTTP/1.1" 404 62766 "-" "Mozilla/5.0 (Windows NT 10.0; Win64; x64) AppleWebKit/537.36" reflexologienobilis.ch
3.230.224.6 - - [10/Dec/2025:02:50:52 +0100] "GET /reflexologie-amerindienne/?path=/home/clients/bc55d1d9a618a64acfd6a3c258c080a1/web/wp-content/themes/Divi/includes/builder/frontend-builder/assets/vendors/plugins/hr HTTP/1.1" 200 7228 "-" "Mozilla/5.0 AppleWebKit/537.36 (KHTML, like Gecko; compatible; Amazonbot/0.1; +https://developer.amazon.com/support/amazonbot) Chrome/119.0.6045.214 Safari/537.36" reflexologienobilis.ch
2804:bb4:200:11bc:64de:e70c:5d50:8c2d - - [10/Dec/2025:02:50:53 +0100] "GET /wp-content/plugin-install.php HTTP/1.1" 301 45064 "-" "Mozilla/5.0 (Windows NT 10.0; Win64; x64) AppleWebKit/537.36" reflexologienobilis.ch
34.192.67.98 - - [10/Dec/2025:02:50:56 +0100] "GET /article-1/?opt=newfolder&path=/home/clients/bc55d1d9a618a64acfd6a3c258c080a1/web/wp-includes/js/tinymce/plugins/compat3x/css HTTP/1.1" 200 7926 "-" "Mozilla/5.0 AppleWebKit/537.36 (KHTML, like Gecko; compatible; Amazonbot/0.1; +https://developer.amazon.com/support/amazonbot) Chrome/119.0.6045.214 Safari/537.36" reflexologienobilis.ch
2804:bb4:200:11bc:64de:e70c:5d50:8c2d - - [10/Dec/2025:02:50:56 +0100] "GET /wp-content/plugin-install.php HTTP/1.1" 404 62766 "-" "Mozilla/5.0 (Windows NT 10.0; Win64; x64) AppleWebKit/537.36" reflexologienobilis.ch
3.216.227.216 - - [10/Dec/2025:02:51:00 +0100] "GET /reflexologie-amerindienne/?path=/home/clients/bc55d1d9a618a64acfd6a3c258c080a1/web/wp-content/themes/Divi/includes/builder/frontend-builder/assets/vendors/plugins/pagebreak HTTP/1.1" 200 7234 "-" "Mozilla/5.0 AppleWebKit/537.36 (KHTML, like Gecko; compatible; Amazonbot/0.1; +https://developer.amazon.com/support/amazonbot) Chrome/119.0.6045.214 Safari/537.36" reflexologienobilis.ch
2804:bb4:200:11bc:64de:e70c:5d50:8c2d - - [10/Dec/2025:02:51:01 +0100] "GET /wp-content/brand.php HTTP/1.1" 404 62766 "-" "Mozilla/5.0 (Windows NT 10.0; Win64; x64) AppleWebKit/537.36" reflexologienobilis.ch
2804:bb4:200:11bc:64de:e70c:5d50:8c2d - - [10/Dec/2025:02:50:58 +0100] "GET /wp-content/brand.php HTTP/1.1" 301 45064 "-" "Mozilla/5.0 (Windows NT 10.0; Win64; x64) AppleWebKit/537.36" reflexologienobilis.ch
52.71.203.206 - - [10/Dec/2025:02:51:04 +0100] "GET /category/reflexologie/?path=/home/clients/bc55d1d9a618a64acfd6a3c258c080a1/web/wp-content/themes/Divi/css/tinymce-skin/img HTTP/1.1" 200 7151 "-" "Mozilla/5.0 AppleWebKit/537.36 (KHTML, like Gecko; compatible; Amazonbot/0.1; +https://developer.amazon.com/support/amazonbot) Chrome/119.0.6045.214 Safari/537.36" reflexologienobilis.ch
2804:bb4:200:11bc:64de:e70c:5d50:8c2d - - [10/Dec/2025:02:51:04 +0100] "GET /wp-admin/item.php HTTP/1.1" 301 45064 "-" "Mozilla/5.0 (Windows NT 10.0; Win64; x64) AppleWebKit/537.36" reflexologienobilis.ch
2804:bb4:200:11bc:64de:e70c:5d50:8c2d - - [10/Dec/2025:02:51:07 +0100] "GET /wp-admin/item.php HTTP/1.1" 404 62766 "-" "Mozilla/5.0 (Windows NT 10.0; Win64; x64) AppleWebKit/537.36" reflexologienobilis.ch
100.29.34.97 - - [10/Dec/2025:02:51:08 +0100] "GET /produit/produit_2/?act=download&dir=/home/clients/bc55d1d9a618a64acfd6a3c258c080a1/web/wp-content/themes/Divi/includes/builder/frontend-builder/assets/css&file=/home/clients/bc55d1d9a618a64acfd6a3c258c080a1/web/wp-content/themes/Divi/includes/builder/frontend-builder/assets/css/responsive-preview.css HTTP/1.1" 200 109361 "-" "Mozilla/5.0 AppleWebKit/537.36 (KHTML, like Gecko; compatible; Amazonbot/0.1; +https://developer.amazon.com/support/amazonbot) Chrome/119.0.6045.214 Safari/537.36" reflexologienobilis.ch
216.73.216.187 - - [10/Dec/2025:02:51:08 +0100] "GET /contact/?path=%2Fhome%2Fclients%2Fbc55d1d9a618a64acfd6a3c258c080a1%2Fweb%2Fwp-content%2Fuploads%2F2021%2F01 HTTP/1.1" 200 8123 "-" "Mozilla/5.0 AppleWebKit/537.36 (KHTML, like Gecko; compatible; ClaudeBot/1.0; +claudebot@anthropic.com)" reflexologienobilis.ch
216.73.216.187 - - [10/Dec/2025:02:51:08 +0100] "GET /contact/?path=%2Fhome%2Fclients%2Fbc55d1d9a618a64acfd6a3c258c080a1%2Fweb%2Fwp-content%2Fuploads%2F2021%2F12 HTTP/1.1" 200 8123 "-" "Mozilla/5.0 AppleWebKit/537.36 (KHTML, like Gecko; compatible; ClaudeBot/1.0; +claudebot@anthropic.com)" reflexologienobilis.ch
2804:bb4:200:11bc:64de:e70c:5d50:8c2d - - [10/Dec/2025:02:51:10 +0100] "GET /wp-admin/about.php HTTP/1.1" 302 - "-" "Mozilla/5.0 (Windows NT 10.0; Win64; x64) AppleWebKit/537.36" reflexologienobilis.ch
2804:bb4:200:11bc:64de:e70c:5d50:8c2d - - [10/Dec/2025:02:51:11 +0100] "GET /wp-admin/about.php HTTP/1.1" 302 - "-" "Mozilla/5.0 (Windows NT 10.0; Win64; x64) AppleWebKit/537.36" reflexologienobilis.ch
54.235.172.108 - - [10/Dec/2025:02:51:12 +0100] "GET /2018/12/?filesrc=/home/clients/bc55d1d9a618a64acfd6a3c258c080a1/web/wp-includes/Requests/Exception/HTTP/404.php&path=/home/clients/bc55d1d9a618a64acfd6a3c258c080a1/web/wp-includes/Requests/Exception/HTTP HTTP/1.1" 200 6913 "-" "Mozilla/5.0 AppleWebKit/537.36 (KHTML, like Gecko; compatible; Amazonbot/0.1; +https://developer.amazon.com/support/amazonbot) Chrome/119.0.6045.214 Safari/537.36" reflexologienobilis.ch
173.208.176.202 - - [10/Dec/2025:02:50:17 +0100] "GET /wp-includes/ad9d00da/index.php?id=350252 HTTP/1.1" 200 25 "https://reflexologienobilis.ch/wp-includes/ad9d00da/index.php?id=350252" "Mozilla/5.0 (Windows NT 10.0; Win64; x64) AppleWebKit/537.36 (KHTML, like Gecko) Chrome/58.0.3029.110 Safari/537.3" reflexologienobilis.ch
216.73.216.187 - - [10/Dec/2025:02:51:12 +0100] "GET /contact/?path=%2Fhome%2Fclients%2Fbc55d1d9a618a64acfd6a3c258c080a1%2Fweb%2Fwp-content%2Fuploads%2F2021%2F06 HTTP/1.1" 200 8124 "-" "Mozilla/5.0 AppleWebKit/537.36 (KHTML, like Gecko; compatible; ClaudeBot/1.0; +claudebot@anthropic.com)" reflexologienobilis.ch
2804:bb4:200:11bc:64de:e70c:5d50:8c2d - - [10/Dec/2025:02:51:12 +0100] "GET /wp-login.php?redirect_to=https%3A%2F%2Freflexologienobilis.ch%2Fwp-admin%2Fabout.php&reauth=1 HTTP/1.1" 404 62766 "-" "Mozilla/5.0 (Windows NT 10.0; Win64; x64) AppleWebKit/537.36" reflexologienobilis.ch
216.73.216.187 - - [10/Dec/2025:02:51:13 +0100] "GET /contact/?path=%2Fhome%2Fclients%2Fbc55d1d9a618a64acfd6a3c258c080a1%2Fweb%2Fwp-content%2Fuploads%2F2021%2F05 HTTP/1.1" 200 8124 "-" "Mozilla/5.0 AppleWebKit/537.36 (KHTML, like Gecko; compatible; ClaudeBot/1.0; +claudebot@anthropic.com)" reflexologienobilis.ch
2804:bb4:200:11bc:64de:e70c:5d50:8c2d - - [10/Dec/2025:02:51:15 +0100] "GET /wp-admin/wp-blog-header.php HTTP/1.1" 403 996 "-" "Mozilla/5.0 (Windows NT 10.0; Win64; x64) AppleWebKit/537.36" reflexologienobilis.ch
52.167.144.222 - - [10/Dec/2025:02:51:15 +0100] "GET /?products/4573752/ HTTP/1.1" 200 30655 "-" "Mozilla/5.0 AppleWebKit/537.36 (KHTML, like Gecko; compatible; bingbot/2.0; +http://www.bing.com/bingbot.htm) Chrome/116.0.1938.76 Safari/537.36" reflexologienobilis.ch
2804:bb4:200:11bc:64de:e70c:5d50:8c2d - - [10/Dec/2025:02:51:15 +0100] "GET /wp-admin/goods.php HTTP/1.1" 301 45065 "-" "Mozilla/5.0 (Windows NT 10.0; Win64; x64) AppleWebKit/537.36" reflexologienobilis.ch
216.73.216.187 - - [10/Dec/2025:02:51:16 +0100] "GET /contact/?act=download&dir=%2Fhome%2Fclients%2Fbc55d1d9a618a64acfd6a3c258c080a1%2Fweb%2Fwp-admin%2Fnetwork&file=%2Fhome%2Fclients%2Fbc55d1d9a618a64acfd6a3c258c080a1%2Fweb%2Fwp-admin%2Fnetwork%2Fplugin-editor.php HTTP/1.1" 200 279 "-" "Mozilla/5.0 AppleWebKit/537.36 (KHTML, like Gecko; compatible; ClaudeBot/1.0; +claudebot@anthropic.com)" reflexologienobilis.ch
18.213.102.186 - - [10/Dec/2025:02:51:16 +0100] "GET /consultation-cabinet/?do=newfile&path=/home/clients/bc55d1d9a618a64acfd6a3c258c080a1/web/wp-content/plugins/woo-gutenberg-products-block/assets/js/data/collections HTTP/1.1" 200 8859 "-" "Mozilla/5.0 AppleWebKit/537.36 (KHTML, like Gecko; compatible; Amazonbot/0.1; +https://developer.amazon.com/support/amazonbot) Chrome/119.0.6045.214 Safari/537.36" reflexologienobilis.ch
216.73.216.187 - - [10/Dec/2025:02:51:16 +0100] "GET /contact/?opt=newfolder&path=%2Fhome%2Fclients%2Fbc55d1d9a618a64acfd6a3c258c080a1%2Fweb%2Fwp-content%2Fplugins%2Fwordpress-importer HTTP/1.1" 200 8557 "-" "Mozilla/5.0 AppleWebKit/537.36 (KHTML, like Gecko; compatible; ClaudeBot/1.0; +claudebot@anthropic.com)" reflexologienobilis.ch
216.73.216.187 - - [10/Dec/2025:02:51:17 +0100] "GET /contact/?path=%2Fhome%2Fclients%2Fbc55d1d9a618a64acfd6a3c258c080a1%2Fweb%2Fwp-content%2Fuploads%2F2021%2F04 HTTP/1.1" 200 8124 "-" "Mozilla/5.0 AppleWebKit/537.36 (KHTML, like Gecko; compatible; ClaudeBot/1.0; +claudebot@anthropic.com)" reflexologienobilis.ch
52.167.144.222 - - [10/Dec/2025:02:51:19 +0100] "GET /?r=226822411 HTTP/1.1" 200 39 "-" "Mozilla/5.0 AppleWebKit/537.36 (KHTML, like Gecko; compatible; bingbot/2.0; +http://www.bing.com/bingbot.htm) Chrome/116.0.1938.76 Safari/537.36" reflexologienobilis.ch
2804:bb4:200:11bc:64de:e70c:5d50:8c2d - - [10/Dec/2025:02:51:18 +0100] "GET /wp-admin/goods.php HTTP/1.1" 404 62766 "-" "Mozilla/5.0 (Windows NT 10.0; Win64; x64) AppleWebKit/537.36" reflexologienobilis.ch
54.235.172.108 - - [10/Dec/2025:02:51:20 +0100] "GET /category/reflexologie/?act=download&dir=/home/clients/bc55d1d9a618a64acfd6a3c258c080a1/web/wp-content/plugins/divi-builder/lang&file=/home/clients/bc55d1d9a618a64acfd6a3c258c080a1/web/wp-content/plugins/divi-builder/lang/et_builder_plugin-ro_RO.mo HTTP/1.1" 200 7487 "-" "Mozilla/5.0 AppleWebKit/537.36 (KHTML, like Gecko; compatible; Amazonbot/0.1; +https://developer.amazon.com/support/amazonbot) Chrome/119.0.6045.214 Safari/537.36" reflexologienobilis.ch
216.73.216.187 - - [10/Dec/2025:02:51:20 +0100] "GET /contact/?act=download&dir=%2Fhome%2Fclients%2Fbc55d1d9a618a64acfd6a3c258c080a1%2Fweb%2Fwp-admin%2Fnetwork&file=%2Fhome%2Fclients%2Fbc55d1d9a618a64acfd6a3c258c080a1%2Fweb%2Fwp-admin%2Fnetwork%2Fplugins.php HTTP/1.1" 200 267 "-" "Mozilla/5.0 AppleWebKit/537.36 (KHTML, like Gecko; compatible; ClaudeBot/1.0; +claudebot@anthropic.com)" reflexologienobilis.ch
2804:bb4:200:11bc:64de:e70c:5d50:8c2d - - [10/Dec/2025:02:51:21 +0100] "GET /wp-admin/buy.php HTTP/1.1" 301 45064 "-" "Mozilla/5.0 (Windows NT 10.0; Win64; x64) AppleWebKit/537.36" reflexologienobilis.ch
3.232.102.111 - - [10/Dec/2025:02:51:24 +0100] "GET /categorie-produit/en-vente-au-magasin/?act=download&dir=/home/clients/bc55d1d9a618a64acfd6a3c258c080a1/web/wp-content/plugins/woo-gutenberg-products-block/assets/js/components/block-title&file=/home/clients/bc55d1d9a618a64acfd6a3c258c080a1/web/wp-content/plugins/woo-gutenberg-products-block/assets/js/components/block-title/editor.scss HTTP/1.1" 200 359 "-" "Mozilla/5.0 AppleWebKit/537.36 (KHTML, like Gecko; compatible; Amazonbot/0.1; +https://developer.amazon.com/support/amazonbot) Chrome/119.0.6045.214 Safari/537.36" reflexologienobilis.ch
216.73.216.187 - - [10/Dec/2025:02:51:24 +0100] "GET /contact/?act=download&dir=%2Fhome%2Fclients%2Fbc55d1d9a618a64acfd6a3c258c080a1%2Fweb%2Fwp-includes%2Fjs&file=%2Fhome%2Fclients%2Fbc55d1d9a618a64acfd6a3c258c080a1%2Fweb%2Fwp-includes%2Fjs%2Fwp-emoji.min.js HTTP/1.1" 200 2796 "-" "Mozilla/5.0 AppleWebKit/537.36 (KHTML, like Gecko; compatible; ClaudeBot/1.0; +claudebot@anthropic.com)" reflexologienobilis.ch
216.73.216.187 - - [10/Dec/2025:02:51:21 +0100] "GET /contact/?path=%2Fhome%2Fclients%2Fbc55d1d9a618a64acfd6a3c258c080a1%2Fweb%2Fwp-content%2Fplugins%2Fwp-super-cache%2Frest HTTP/1.1" 200 25 "-" "Mozilla/5.0 AppleWebKit/537.36 (KHTML, like Gecko; compatible; ClaudeBot/1.0; +claudebot@anthropic.com)" reflexologienobilis.ch
2804:bb4:200:11bc:64de:e70c:5d50:8c2d - - [10/Dec/2025:02:51:23 +0100] "GET /wp-admin/buy.php HTTP/1.1" 404 62767 "-" "Mozilla/5.0 (Windows NT 10.0; Win64; x64) AppleWebKit/537.36" reflexologienobilis.ch
2804:bb4:200:11bc:64de:e70c:5d50:8c2d - - [10/Dec/2025:02:51:26 +0100] "GET /wp-admin/install.php HTTP/1.1" 200 573 "-" "Mozilla/5.0 (Windows NT 10.0; Win64; x64) AppleWebKit/537.36" reflexologienobilis.ch
3.216.13.10 - - [10/Dec/2025:02:51:27 +0100] "GET /categorie-produit/en-vente-au-magasin/?act=download&dir=/home/clients/bc55d1d9a618a64acfd6a3c258c080a1/web/wp-content/plugins/divi-builder/includes/builder/scripts/frontend&file=/home/clients/bc55d1d9a618a64acfd6a3c258c080a1/web/wp-content/plugins/divi-builder/includes/builder/scripts/frontend/preview.js HTTP/1.1" 200 2854 "-" "Mozilla/5.0 AppleWebKit/537.36 (KHTML, like Gecko; compatible; Amazonbot/0.1; +https://developer.amazon.com/support/amazonbot) Chrome/119.0.6045.214 Safari/537.36" reflexologienobilis.ch
2804:bb4:200:11bc:64de:e70c:5d50:8c2d - - [10/Dec/2025:02:51:26 +0100] "GET /wp-admin/special.php HTTP/1.1" 301 45064 "-" "Mozilla/5.0 (Windows NT 10.0; Win64; x64) AppleWebKit/537.36" reflexologienobilis.ch
123.57.1.16 - - [10/Dec/2025:02:51:30 +0100] "GET /images/toggi-arrow.jpg HTTP/1.1" 200 2481008 "-" "Mikrotik/6.x Fetch" reflexologienobilis.ch
123.60.109.71 - - [10/Dec/2025:02:51:30 +0100] "GET /images/toggi-arrow.jpg HTTP/1.1" 200 2481008 "-" "Mikrotik/6.x Fetch" reflexologienobilis.ch
122.9.131.161 - - [10/Dec/2025:02:51:30 +0100] "GET /images/toggi-arrow.jpg HTTP/1.1" 200 2481008 "-" "Wget/1.12 (linux-gnu)" reflexologienobilis.ch
54.90.8.255 - - [10/Dec/2025:02:51:30 +0100] "GET /consultation-cabinet/?opt=newfolder&path=/home/clients/bc55d1d9a618a64acfd6a3c258c080a1/web/wp-includes/js/tinymce/plugins/wpautoresize/nextjs HTTP/1.1" 200 8475 "-" "Mozilla/5.0 AppleWebKit/537.36 (KHTML, like Gecko; compatible; Amazonbot/0.1; +https://developer.amazon.com/support/amazonbot) Chrome/119.0.6045.214 Safari/537.36" reflexologienobilis.ch
36.112.17.98 - - [10/Dec/2025:02:51:30 +0100] "GET /jquery-3.3.1.min.js HTTP/1.1" 301 45064 "-" "Go-http-client/1.1" reflexologienobilis.ch
2804:bb4:200:11bc:64de:e70c:5d50:8c2d - - [10/Dec/2025:02:51:32 +0100] "GET /wp-admin/plugin-install.php HTTP/1.1" 302 - "-" "Mozilla/5.0 (Windows NT 10.0; Win64; x64) AppleWebKit/537.36" reflexologienobilis.ch
2804:bb4:200:11bc:64de:e70c:5d50:8c2d - - [10/Dec/2025:02:51:34 +0100] "GET /wp-admin/plugin-install.php HTTP/1.1" 302 - "-" "Mozilla/5.0 (Windows NT 10.0; Win64; x64) AppleWebKit/537.36" reflexologienobilis.ch
2001:1600:4:13:d294:66ff:fe7d:42eb - - [10/Dec/2025:02:51:30 +0100] "POST /wp-cron.php?doing_wp_cron=1765331490.8396840095520019531250 HTTP/1.1" 403 996 "https://reflexologienobilis.ch/wp-cron.php?doing_wp_cron=1765331490.8396840095520019531250" "WordPress/5.1.21; https://reflexologienobilis.ch" reflexologienobilis.ch
2804:bb4:200:11bc:64de:e70c:5d50:8c2d - - [10/Dec/2025:02:51:29 +0100] "GET /wp-admin/special.php HTTP/1.1" 404 62766 "-" "Mozilla/5.0 (Windows NT 10.0; Win64; x64) AppleWebKit/537.36" reflexologienobilis.ch
44.207.69.106 - - [10/Dec/2025:02:51:35 +0100] "GET /2017/02/?filesrc=/home/clients/bc55d1d9a618a64acfd6a3c258c080a1/web/wp-content/themes/twentyseventeen/template-parts/header/site-branding.php&path=/home/clients/bc55d1d9a618a64acfd6a3c258c080a1/web/wp-content/themes/twentyseventeen/template-parts/header HTTP/1.1" 200 7228 "-" "Mozilla/5.0 AppleWebKit/537.36 (KHTML, like Gecko; compatible; Amazonbot/0.1; +https://developer.amazon.com/support/amazonbot) Chrome/119.0.6045.214 Safari/537.36" reflexologienobilis.ch
2804:bb4:200:11bc:64de:e70c:5d50:8c2d - - [10/Dec/2025:02:51:34 +0100] "GET /wp-login.php?redirect_to=https%3A%2F%2Freflexologienobilis.ch%2Fwp-admin%2Fplugin-install.php&reauth=1 HTTP/1.1" 404 62766 "-" "Mozilla/5.0 (Windows NT 10.0; Win64; x64) AppleWebKit/537.36" reflexologienobilis.ch
2804:bb4:200:11bc:64de:e70c:5d50:8c2d - - [10/Dec/2025:02:51:37 +0100] "GET /wp-admin/brand.php HTTP/1.1" 301 45064 "-" "Mozilla/5.0 (Windows NT 10.0; Win64; x64) AppleWebKit/537.36" reflexologienobilis.ch
51.89.129.249 - - [10/Dec/2025:02:51:38 +0100] "GET /?p=129122355 HTTP/1.1" 301 45064 "-" "Mozilla/5.0 (compatible; AhrefsBot/7.0; +http://ahrefs.com/robot/)" reflexologienobilis.ch
34.239.197.197 - - [10/Dec/2025:02:51:39 +0100] "GET /category/reflexologie/?act=download&dir=/home/clients/bc55d1d9a618a64acfd6a3c258c080a1/ik-logs&file=/home/clients/bc55d1d9a618a64acfd6a3c258c080a1/ik-logs/error.log-20251206 HTTP/1.1" 200 - "-" "Mozilla/5.0 AppleWebKit/537.36 (KHTML, like Gecko; compatible; Amazonbot/0.1; +https://developer.amazon.com/support/amazonbot) Chrome/119.0.6045.214 Safari/537.36" reflexologienobilis.ch
216.73.216.187 - - [10/Dec/2025:02:51:39 +0100] "GET /contact/%22%20.%20esc_attr(%20$href%20)%20.%20%22 HTTP/1.1" 301 45064 "-" "Mozilla/5.0 AppleWebKit/537.36 (KHTML, like Gecko; compatible; ClaudeBot/1.0; +claudebot@anthropic.com)" reflexologienobilis.ch
36.112.17.98 - - [10/Dec/2025:02:51:40 +0100] "GET /jquery-3.3.1.min.js HTTP/1.1" 301 45064 "-" "Go-http-client/1.1" reflexologienobilis.ch
2804:bb4:200:11bc:64de:e70c:5d50:8c2d - - [10/Dec/2025:02:51:40 +0100] "GET /wp-admin/brand.php HTTP/1.1" 404 62766 "-" "Mozilla/5.0 (Windows NT 10.0; Win64; x64) AppleWebKit/537.36" reflexologienobilis.ch
216.73.216.187 - - [10/Dec/2025:02:51:39 +0100] "GET /contact/'%20.$src%20.' HTTP/1.1" 301 45064 "-" "Mozilla/5.0 AppleWebKit/537.36 (KHTML, like Gecko; compatible; ClaudeBot/1.0; +claudebot@anthropic.com)" reflexologienobilis.ch
216.73.216.187 - - [10/Dec/2025:02:51:42 +0100] "GET /contact/%20.src%20. HTTP/1.1" 301 45064 "https://reflexologienobilis.ch/contact/'%20.$src%20.'" "Mozilla/5.0 AppleWebKit/537.36 (KHTML, like Gecko; compatible; ClaudeBot/1.0; +claudebot@anthropic.com)" reflexologienobilis.ch
2804:bb4:200:11bc:64de:e70c:5d50:8c2d - - [10/Dec/2025:02:51:43 +0100] "GET /wp-content/upgrade/item.php HTTP/1.1" 301 45064 "-" "Mozilla/5.0 (Windows NT 10.0; Win64; x64) AppleWebKit/537.36" reflexologienobilis.ch
34.234.200.207 - - [10/Dec/2025:02:51:43 +0100] "GET /boutique/?filesrc=/home/clients/bc55d1d9a618a64acfd6a3c258c080a1/web/wp-content/plugins/divi-builder/includes/builder/frontend-builder/assets/vendors/skins/lightgray/content.inline.min.css&path=/home/clients/bc55d1d9a618a64acfd6a3c258c080a1/web/wp-content/plugins/divi-builder/includes/builder/frontend-builder/assets/vendors/skins/lightgray HTTP/1.1" 200 7817 "-" "Mozilla/5.0 AppleWebKit/537.36 (KHTML, like Gecko; compatible; Amazonbot/0.1; +https://developer.amazon.com/support/amazonbot) Chrome/119.0.6045.214 Safari/537.36" reflexologienobilis.ch
2804:bb4:200:11bc:64de:e70c:5d50:8c2d - - [10/Dec/2025:02:51:46 +0100] "GET /wp-content/upgrade/item.php HTTP/1.1" 404 62883 "-" "Mozilla/5.0 (Windows NT 10.0; Win64; x64) AppleWebKit/537.36" reflexologienobilis.ch
2a03:2880:f804:2a:: - - [10/Dec/2025:02:51:45 +0100] "GET /?p=3236377938 HTTP/1.1" 404 62758 "-" "meta-externalagent/1.1 (+https://developers.facebook.com/docs/sharing/webmasters/crawler)" reflexologienobilis.ch
216.73.216.187 - - [10/Dec/2025:02:51:46 +0100] "GET /contact/%22%20.%20esc_attr(%20$src%20)%20.%20%22 HTTP/1.1" 301 45064 "-" "Mozilla/5.0 AppleWebKit/537.36 (KHTML, like Gecko; compatible; ClaudeBot/1.0; +claudebot@anthropic.com)" reflexologienobilis.ch
3.224.215.150 - - [10/Dec/2025:02:51:47 +0100] "GET /2017/02/?act=download&dir=/home/clients/bc55d1d9a618a64acfd6a3c258c080a1/web/wp-includes/images/media&file=/home/clients/bc55d1d9a618a64acfd6a3c258c080a1/web/wp-includes/images/media/video.png HTTP/1.1" 200 283 "-" "Mozilla/5.0 AppleWebKit/537.36 (KHTML, like Gecko; compatible; Amazonbot/0.1; +https://developer.amazon.com/support/amazonbot) Chrome/119.0.6045.214 Safari/537.36" reflexologienobilis.ch
216.73.216.187 - - [10/Dec/2025:02:51:50 +0100] "GET /contact/?path=%2Fhome%2Fclients%2Fbc55d1d9a618a64acfd6a3c258c080a1%2Fweb%2Fwp-content%2Fuploads%2F2021%2F07 HTTP/1.1" 500 1029 "-" "Mozilla/5.0 AppleWebKit/537.36 (KHTML, like Gecko; compatible; ClaudeBot/1.0; +claudebot@anthropic.com)" reflexologienobilis.ch
216.73.216.187 - - [10/Dec/2025:02:51:42 +0100] "GET /contact/%22%20.%20esc_attr(%20href HTTP/1.1" 404 62758 "https://reflexologienobilis.ch/contact/%22%20.%20esc_attr(%20$href%20)%20.%20%22" "Mozilla/5.0 AppleWebKit/537.36 (KHTML, like Gecko; compatible; ClaudeBot/1.0; +claudebot@anthropic.com)" reflexologienobilis.ch
216.73.216.187 - - [10/Dec/2025:02:51:46 +0100] "GET /contact/%20.src HTTP/1.1" 404 62759 "https://reflexologienobilis.ch/contact/%20.src%20." "Mozilla/5.0 AppleWebKit/537.36 (KHTML, like Gecko; compatible; ClaudeBot/1.0; +claudebot@anthropic.com)" reflexologienobilis.ch
2804:bb4:200:11bc:64de:e70c:5d50:8c2d - - [10/Dec/2025:02:51:48 +0100] "GET /wp-content/upgrade/about.php HTTP/1.1" 301 45064 "-" "Mozilla/5.0 (Windows NT 10.0; Win64; x64) AppleWebKit/537.36" reflexologienobilis.ch
216.73.216.187 - - [10/Dec/2025:02:51:49 +0100] "GET /contact/%22%20.%20esc_attr(%20src HTTP/1.1" 404 62758 "https://reflexologienobilis.ch/contact/%22%20.%20esc_attr(%20$src%20)%20.%20%22" "Mozilla/5.0 AppleWebKit/537.36 (KHTML, like Gecko; compatible; ClaudeBot/1.0; +claudebot@anthropic.com)" reflexologienobilis.ch
2804:bb4:200:11bc:64de:e70c:5d50:8c2d - - [10/Dec/2025:02:51:50 +0100] "GET /wp-content/upgrade/about.php HTTP/1.1" 404 62883 "-" "Mozilla/5.0 (Windows NT 10.0; Win64; x64) AppleWebKit/537.36" reflexologienobilis.ch
2804:bb4:200:11bc:64de:e70c:5d50:8c2d - - [10/Dec/2025:02:51:52 +0100] "GET /wp-content/upgrade/wp-blog-header.php HTTP/1.1" 403 996 "-" "Mozilla/5.0 (Windows NT 10.0; Win64; x64) AppleWebKit/537.36" reflexologienobilis.ch
34.206.249.188 - - [10/Dec/2025:02:51:52 +0100] "GET /2018/12/?act=download&dir=/home/clients/bc55d1d9a618a64acfd6a3c258c080a1/web/wp-admin/images&file=/home/clients/bc55d1d9a618a64acfd6a3c258c080a1/web/wp-admin/images/marker.png HTTP/1.1" 200 360 "-" "Mozilla/5.0 AppleWebKit/537.36 (KHTML, like Gecko; compatible; Amazonbot/0.1; +https://developer.amazon.com/support/amazonbot) Chrome/119.0.6045.214 Safari/537.36" reflexologienobilis.ch
2804:bb4:200:11bc:64de:e70c:5d50:8c2d - - [10/Dec/2025:02:51:53 +0100] "GET /wp-content/upgrade/goods.php HTTP/1.1" 301 45064 "-" "Mozilla/5.0 (Windows NT 10.0; Win64; x64) AppleWebKit/537.36" reflexologienobilis.ch
216.73.216.187 - - [10/Dec/2025:02:51:54 +0100] "GET /contact/?path=%2Fhome%2Fclients%2Fbc55d1d9a618a64acfd6a3c258c080a1%2Fweb%2Fwp-content%2Fuploads%2F2021%2F03 HTTP/1.1" 200 8124 "-" "Mozilla/5.0 AppleWebKit/537.36 (KHTML, like Gecko; compatible; ClaudeBot/1.0; +claudebot@anthropic.com)" reflexologienobilis.ch
54.90.244.132 - - [10/Dec/2025:02:51:55 +0100] "GET /produit/produit_1/?filesrc=/home/clients/bc55d1d9a618a64acfd6a3c258c080a1/web/wp-content/plugins/contact-form-7/includes/js/jquery-ui/themes/smoothness/images/ui-bg_flat_0_aaaaaa_40x100.png&path=/home/clients/bc55d1d9a618a64acfd6a3c258c080a1/web/wp-content/plugins/contact-form-7/includes/js/jquery-ui/themes/smoothness/images HTTP/1.1" 200 10204 "-" "Mozilla/5.0 AppleWebKit/537.36 (KHTML, like Gecko; compatible; Amazonbot/0.1; +https://developer.amazon.com/support/amazonbot) Chrome/119.0.6045.214 Safari/537.36" reflexologienobilis.ch
2804:bb4:200:11bc:64de:e70c:5d50:8c2d - - [10/Dec/2025:02:51:56 +0100] "GET /wp-content/upgrade/goods.php HTTP/1.1" 404 62883 "-" "Mozilla/5.0 (Windows NT 10.0; Win64; x64) AppleWebKit/537.36" reflexologienobilis.ch
216.73.216.187 - - [10/Dec/2025:02:51:49 +0100] "GET /contact/?do=newfile&path=%2Fhome%2Fclients%2Fbc55d1d9a618a64acfd6a3c258c080a1%2Fweb%2Fwp-content%2Fuploads%2F2021 HTTP/1.1" 200 8788 "-" "Mozilla/5.0 AppleWebKit/537.36 (KHTML, like Gecko; compatible; ClaudeBot/1.0; +claudebot@anthropic.com)" reflexologienobilis.ch
216.73.216.187 - - [10/Dec/2025:02:51:50 +0100] "GET /contact/?path=%2Fhome%2Fclients%2Fbc55d1d9a618a64acfd6a3c258c080a1%2Fweb%2Fwp-content%2Fuploads%2F2021%2F02 HTTP/1.1" 200 8123 "-" "Mozilla/5.0 AppleWebKit/537.36 (KHTML, like Gecko; compatible; ClaudeBot/1.0; +claudebot@anthropic.com)" reflexologienobilis.ch
216.73.216.187 - - [10/Dec/2025:02:51:53 +0100] "GET /contact/?path=%2Fhome%2Fclients%2Fbc55d1d9a618a64acfd6a3c258c080a1%2Fweb%2Fwp-content%2Fuploads%2F2021%2F09 HTTP/1.1" 200 8125 "-" "Mozilla/5.0 AppleWebKit/537.36 (KHTML, like Gecko; compatible; ClaudeBot/1.0; +claudebot@anthropic.com)" reflexologienobilis.ch
216.73.216.187 - - [10/Dec/2025:02:51:56 +0100] "GET /contact/?path=%2Fhome%2Fclients%2Fbc55d1d9a618a64acfd6a3c258c080a1%2Fweb%2Fwp-content%2Fuploads%2F2021%2F10 HTTP/1.1" 200 8122 "-" "Mozilla/5.0 AppleWebKit/537.36 (KHTML, like Gecko; compatible; ClaudeBot/1.0; +claudebot@anthropic.com)" reflexologienobilis.ch
3.230.224.6 - - [10/Dec/2025:02:51:59 +0100] "GET /produit/produit_3/?act=download&dir=/home/clients/bc55d1d9a618a64acfd6a3c258c080a1/web/wp-content/themes/Divi/lang&file=/home/clients/bc55d1d9a618a64acfd6a3c258c080a1/web/wp-content/themes/Divi/lang/th.mo HTTP/1.1" 200 92775 "-" "Mozilla/5.0 AppleWebKit/537.36 (KHTML, like Gecko; compatible; Amazonbot/0.1; +https://developer.amazon.com/support/amazonbot) Chrome/119.0.6045.214 Safari/537.36" reflexologienobilis.ch
2804:bb4:200:11bc:64de:e70c:5d50:8c2d - - [10/Dec/2025:02:52:03 +0100] "GET /wp-content/upgrade/buy.php HTTP/1.1" 301 45064 "-" "Mozilla/5.0 (Windows NT 10.0; Win64; x64) AppleWebKit/537.36" reflexologienobilis.ch
52.23.112.144 - - [10/Dec/2025:02:52:03 +0100] "GET /produit/produit_3/?act=download&dir=/home/clients/bc55d1d9a618a64acfd6a3c258c080a1/web/wp-content/themes/Divi/includes/builder/module&file=/home/clients/bc55d1d9a618a64acfd6a3c258c080a1/web/wp-content/themes/Divi/includes/builder/module/Testimonial.php HTTP/1.1" 200 27155 "-" "Mozilla/5.0 AppleWebKit/537.36 (KHTML, like Gecko; compatible; Amazonbot/0.1; +https://developer.amazon.com/support/amazonbot) Chrome/119.0.6045.214 Safari/537.36" reflexologienobilis.ch
2804:bb4:200:11bc:64de:e70c:5d50:8c2d - - [10/Dec/2025:02:52:06 +0100] "GET /wp-content/upgrade/buy.php HTTP/1.1" 404 62883 "-" "Mozilla/5.0 (Windows NT 10.0; Win64; x64) AppleWebKit/537.36" reflexologienobilis.ch
2804:bb4:200:11bc:64de:e70c:5d50:8c2d - - [10/Dec/2025:02:52:08 +0100] "GET /wp-content/upgrade/install.php HTTP/1.1" 301 45064 "-" "Mozilla/5.0 (Windows NT 10.0; Win64; x64) AppleWebKit/537.36" reflexologienobilis.ch
34.204.150.196 - - [10/Dec/2025:02:52:09 +0100] "GET /produit/produit_2/?act=download&dir=/home/clients/bc55d1d9a618a64acfd6a3c258c080a1/web/wp-includes/js/tinymce/themes/inlite/search-api&file=/home/clients/bc55d1d9a618a64acfd6a3c258c080a1/web/wp-includes/js/tinymce/themes/inlite/search-api/index.php HTTP/1.1" 200 1323 "-" "Mozilla/5.0 AppleWebKit/537.36 (KHTML, like Gecko; compatible; Amazonbot/0.1; +https://developer.amazon.com/support/amazonbot) Chrome/119.0.6045.214 Safari/537.36" reflexologienobilis.ch
2804:bb4:200:11bc:64de:e70c:5d50:8c2d - - [10/Dec/2025:02:52:11 +0100] "GET /wp-content/upgrade/install.php HTTP/1.1" 404 62883 "-" "Mozilla/5.0 (Windows NT 10.0; Win64; x64) AppleWebKit/537.36" reflexologienobilis.ch
173.208.176.202 - - [10/Dec/2025:02:51:16 +0100] "GET /wp-includes/ad9d00da/index.php?id=350252 HTTP/1.1" 200 25 "https://reflexologienobilis.ch/wp-includes/ad9d00da/index.php?id=350252" "Mozilla/5.0 (Windows NT 10.0; Win64; x64) AppleWebKit/537.36 (KHTML, like Gecko) Chrome/58.0.3029.110 Safari/537.3" reflexologienobilis.ch
36.112.17.98 - - [10/Dec/2025:02:52:11 +0100] "GET /jquery-3.3.1.min.js HTTP/1.1" 301 45064 "-" "Go-http-client/1.1" reflexologienobilis.ch
2804:bb4:200:11bc:64de:e70c:5d50:8c2d - - [10/Dec/2025:02:52:13 +0100] "GET /wp-content/upgrade/special.php HTTP/1.1" 301 45065 "-" "Mozilla/5.0 (Windows NT 10.0; Win64; x64) AppleWebKit/537.36" reflexologienobilis.ch
23.21.179.120 - - [10/Dec/2025:02:52:13 +0100] "GET /categorie-produit/en-vente-au-magasin/?filesrc=/home/clients/bc55d1d9a618a64acfd6a3c258c080a1/web/wp-content/plugins/divi-builder/dashboard/js/tinymce/js/tinymce/license.txt&path=/home/clients/bc55d1d9a618a64acfd6a3c258c080a1/web/wp-content/plugins/divi-builder/dashboard/js/tinymce/js/tinymce HTTP/1.1" 200 16390 "-" "Mozilla/5.0 AppleWebKit/537.36 (KHTML, like Gecko; compatible; Amazonbot/0.1; +https://developer.amazon.com/support/amazonbot) Chrome/119.0.6045.214 Safari/537.36" reflexologienobilis.ch
2804:bb4:200:11bc:64de:e70c:5d50:8c2d - - [10/Dec/2025:02:52:15 +0100] "GET /wp-content/upgrade/special.php HTTP/1.1" 404 62884 "-" "Mozilla/5.0 (Windows NT 10.0; Win64; x64) AppleWebKit/537.36" reflexologienobilis.ch
2804:bb4:200:11bc:64de:e70c:5d50:8c2d - - [10/Dec/2025:02:52:17 +0100] "GET /wp-content/upgrade/plugin-install.php HTTP/1.1" 301 45065 "-" "Mozilla/5.0 (Windows NT 10.0; Win64; x64) AppleWebKit/537.36" reflexologienobilis.ch
54.157.99.244 - - [10/Dec/2025:02:52:17 +0100] "GET /produit/produit_3/?filesrc=/home/clients/bc55d1d9a618a64acfd6a3c258c080a1/web/wp-content/plugins/woo-gutenberg-products-block/vendor/composer/installers/src/Composer/Installers/OntoWikiInstaller.php&path=/home/clients/bc55d1d9a618a64acfd6a3c258c080a1/web/wp-content/plugins/woo-gutenberg-products-block/vendor/composer/installers/src/Composer/Installers HTTP/1.1" 200 9271 "-" "Mozilla/5.0 AppleWebKit/537.36 (KHTML, like Gecko; compatible; Amazonbot/0.1; +https://developer.amazon.com/support/amazonbot) Chrome/119.0.6045.214 Safari/537.36" reflexologienobilis.ch
2804:bb4:200:11bc:64de:e70c:5d50:8c2d - - [10/Dec/2025:02:52:20 +0100] "GET /wp-content/upgrade/plugin-install.php HTTP/1.1" 404 62884 "-" "Mozilla/5.0 (Windows NT 10.0; Win64; x64) AppleWebKit/537.36" reflexologienobilis.ch
2804:bb4:200:11bc:64de:e70c:5d50:8c2d - - [10/Dec/2025:02:52:22 +0100] "GET /wp-content/upgrade/brand.php HTTP/1.1" 301 45065 "-" "Mozilla/5.0 (Windows NT 10.0; Win64; x64) AppleWebKit/537.36" reflexologienobilis.ch
3.213.85.234 - - [10/Dec/2025:02:52:25 +0100] "GET /article-1/?act=download&dir=/home/clients/bc55d1d9a618a64acfd6a3c258c080a1/web/wp-includes/Requests/Exception/HTTP&file=/home/clients/bc55d1d9a618a64acfd6a3c258c080a1/web/wp-includes/Requests/Exception/HTTP/403.php HTTP/1.1" 200 381 "-" "Mozilla/5.0 AppleWebKit/537.36 (KHTML, like Gecko; compatible; Amazonbot/0.1; +https://developer.amazon.com/support/amazonbot) Chrome/119.0.6045.214 Safari/537.36" reflexologienobilis.ch
2804:bb4:200:11bc:64de:e70c:5d50:8c2d - - [10/Dec/2025:02:52:26 +0100] "GET /wp-admin/css/colors/item.php HTTP/1.1" 301 45065 "-" "Mozilla/5.0 (Windows NT 10.0; Win64; x64) AppleWebKit/537.36" reflexologienobilis.ch
54.86.59.155 - - [10/Dec/2025:02:52:22 +0100] "GET /article-1/?do=newfile&path=/home/clients/bc55d1d9a618a64acfd6a3c258c080a1/web/wp-content/plugins/woocommerce/assets/js/jquery-serializejson HTTP/1.1" 200 8019 "-" "Mozilla/5.0 AppleWebKit/537.36 (KHTML, like Gecko; compatible; Amazonbot/0.1; +https://developer.amazon.com/support/amazonbot) Chrome/119.0.6045.214 Safari/537.36" reflexologienobilis.ch
2804:bb4:200:11bc:64de:e70c:5d50:8c2d - - [10/Dec/2025:02:52:24 +0100] "GET /wp-content/upgrade/brand.php HTTP/1.1" 404 62884 "-" "Mozilla/5.0 (Windows NT 10.0; Win64; x64) AppleWebKit/537.36" reflexologienobilis.ch
54.197.114.76 - - [10/Dec/2025:02:52:28 +0100] "GET /2018/12/?filesrc=/home/clients/bc55d1d9a618a64acfd6a3c258c080a1/web/wp-content/languages/admin-fr_FR.po&path=/home/clients/bc55d1d9a618a64acfd6a3c258c080a1/web/wp-content/languages HTTP/1.1" 200 157912 "-" "Mozilla/5.0 AppleWebKit/537.36 (KHTML, like Gecko; compatible; Amazonbot/0.1; +https://developer.amazon.com/support/amazonbot) Chrome/119.0.6045.214 Safari/537.36" reflexologienobilis.ch
2804:bb4:200:11bc:64de:e70c:5d50:8c2d - - [10/Dec/2025:02:52:28 +0100] "GET /wp-admin/css/colors/item.php HTTP/1.1" 404 62884 "-" "Mozilla/5.0 (Windows NT 10.0; Win64; x64) AppleWebKit/537.36" reflexologienobilis.ch
36.112.17.98 - - [10/Dec/2025:02:52:30 +0100] "GET /images/toggi-arrow.jpg HTTP/1.1" 200 2481008 "-" "curl/7.29.0" reflexologienobilis.ch
2001:1600:4:13:d294:66ff:fe7d:42eb - - [10/Dec/2025:02:52:31 +0100] "POST /wp-cron.php?doing_wp_cron=1765331551.3028099536895751953125 HTTP/1.1" 403 996 "http://reflexologienobilis.ch/wp-cron.php?doing_wp_cron=1765331551.3028099536895751953125" "WordPress/5.1.21; https://reflexologienobilis.ch" reflexologienobilis.ch
2804:bb4:200:11bc:64de:e70c:5d50:8c2d - - [10/Dec/2025:02:52:30 +0100] "GET /wp-admin/css/colors/about.php HTTP/1.1" 301 45065 "-" "Mozilla/5.0 (Windows NT 10.0; Win64; x64) AppleWebKit/537.36" reflexologienobilis.ch
2804:bb4:200:11bc:64de:e70c:5d50:8c2d - - [10/Dec/2025:02:52:32 +0100] "GET /wp-admin/css/colors/about.php HTTP/1.1" 404 62883 "-" "Mozilla/5.0 (Windows NT 10.0; Win64; x64) AppleWebKit/537.36" reflexologienobilis.ch
54.164.106.236 - - [10/Dec/2025:02:52:32 +0100] "GET /article-1/?filesrc=/home/clients/bc55d1d9a618a64acfd6a3c258c080a1/web/wp-content/plugins/woo-gutenberg-products-block/build/price-filter.deps.json&path=/home/clients/bc55d1d9a618a64acfd6a3c258c080a1/web/wp-content/plugins/woo-gutenberg-products-block/build HTTP/1.1" 200 7708 "-" "Mozilla/5.0 AppleWebKit/537.36 (KHTML, like Gecko; compatible; Amazonbot/0.1; +https://developer.amazon.com/support/amazonbot) Chrome/119.0.6045.214 Safari/537.36" reflexologienobilis.ch
2804:bb4:200:11bc:64de:e70c:5d50:8c2d - - [10/Dec/2025:02:52:34 +0100] "GET /wp-admin/css/colors/wp-blog-header.php HTTP/1.1" 403 996 "-" "Mozilla/5.0 (Windows NT 10.0; Win64; x64) AppleWebKit/537.36" reflexologienobilis.ch
2804:bb4:200:11bc:64de:e70c:5d50:8c2d - - [10/Dec/2025:02:52:35 +0100] "GET /wp-admin/css/colors/goods.php HTTP/1.1" 301 45064 "-" "Mozilla/5.0 (Windows NT 10.0; Win64; x64) AppleWebKit/537.36" reflexologienobilis.ch
54.235.191.179 - - [10/Dec/2025:02:52:36 +0100] "GET /2017/02/?filesrc=/home/clients/bc55d1d9a618a64acfd6a3c258c080a1/web/wp-content/uploads/2019/02/reflexo-pied-1-600x400.jpg&path=/home/clients/bc55d1d9a618a64acfd6a3c258c080a1/web/wp-content/uploads/2019/02 HTTP/1.1" 200 6738 "-" "Mozilla/5.0 AppleWebKit/537.36 (KHTML, like Gecko; compatible; Amazonbot/0.1; +https://developer.amazon.com/support/amazonbot) Chrome/119.0.6045.214 Safari/537.36" reflexologienobilis.ch
2804:bb4:200:11bc:64de:e70c:5d50:8c2d - - [10/Dec/2025:02:52:37 +0100] "GET /wp-admin/css/colors/goods.php HTTP/1.1" 404 62883 "-" "Mozilla/5.0 (Windows NT 10.0; Win64; x64) AppleWebKit/537.36" reflexologienobilis.ch
36.112.17.98 - - [10/Dec/2025:02:52:39 +0100] "GET /images/toggi-arrow.jpg HTTP/1.1" 200 2481008 "-" "curl/7.29.0" reflexologienobilis.ch
2804:bb4:200:11bc:64de:e70c:5d50:8c2d - - [10/Dec/2025:02:52:39 +0100] "GET /wp-admin/css/colors/buy.php HTTP/1.1" 301 45064 "-" "Mozilla/5.0 (Windows NT 10.0; Win64; x64) AppleWebKit/537.36" reflexologienobilis.ch
2804:bb4:200:11bc:64de:e70c:5d50:8c2d - - [10/Dec/2025:02:52:42 +0100] "GET /wp-admin/css/colors/buy.php HTTP/1.1" 404 62883 "-" "Mozilla/5.0 (Windows NT 10.0; Win64; x64) AppleWebKit/537.36" reflexologienobilis.ch
2804:bb4:200:11bc:64de:e70c:5d50:8c2d - - [10/Dec/2025:02:52:44 +0100] "GET /wp-admin/css/colors/install.php HTTP/1.1" 301 45064 "-" "Mozilla/5.0 (Windows NT 10.0; Win64; x64) AppleWebKit/537.36" reflexologienobilis.ch
107.20.25.33 - - [10/Dec/2025:02:52:41 +0100] "GET /category/reflexologie/?filesrc=/home/clients/bc55d1d9a618a64acfd6a3c258c080a1/web/wp-content/languages/plugins/really-simple-ssl-de_DE.po&path=/home/clients/bc55d1d9a618a64acfd6a3c258c080a1/web/wp-content/languages/plugins HTTP/1.1" 200 16870 "-" "Mozilla/5.0 AppleWebKit/537.36 (KHTML, like Gecko; compatible; Amazonbot/0.1; +https://developer.amazon.com/support/amazonbot) Chrome/119.0.6045.214 Safari/537.36" reflexologienobilis.ch
44.207.207.36 - - [10/Dec/2025:02:52:44 +0100] "GET /2017/02/?filesrc=/home/clients/bc55d1d9a618a64acfd6a3c258c080a1/web/wp-content/languages/plugins/woo-gutenberg-products-block-es_ES-4d7151291d2de9f5e7dec0e08842a6f8.json&path=/home/clients/bc55d1d9a618a64acfd6a3c258c080a1/web/wp-content/languages/plugins HTTP/1.1" 200 6992 "-" "Mozilla/5.0 AppleWebKit/537.36 (KHTML, like Gecko; compatible; Amazonbot/0.1; +https://developer.amazon.com/support/amazonbot) Chrome/119.0.6045.214 Safari/537.36" reflexologienobilis.ch
216.73.216.187 - - [10/Dec/2025:02:52:45 +0100] "GET /contact/?filesrc=%2Fhome%2Fclients%2Fbc55d1d9a618a64acfd6a3c258c080a1%2Fweb%2Fwp-content%2Fcache%2Fmeta%2Findex.html&path=%2Fhome%2Fclients%2Fbc55d1d9a618a64acfd6a3c258c080a1%2Fweb%2Fwp-content%2Fcache%2Fmeta HTTP/1.1" 200 8130 "-" "Mozilla/5.0 AppleWebKit/537.36 (KHTML, like Gecko; compatible; ClaudeBot/1.0; +claudebot@anthropic.com)" reflexologienobilis.ch
2804:bb4:200:11bc:64de:e70c:5d50:8c2d - - [10/Dec/2025:02:52:46 +0100] "GET /wp-admin/css/colors/install.php HTTP/1.1" 404 62883 "-" "Mozilla/5.0 (Windows NT 10.0; Win64; x64) AppleWebKit/537.36" reflexologienobilis.ch
2804:bb4:200:11bc:64de:e70c:5d50:8c2d - - [10/Dec/2025:02:52:48 +0100] "GET /wp-admin/css/colors/special.php HTTP/1.1" 301 45064 "-" "Mozilla/5.0 (Windows NT 10.0; Win64; x64) AppleWebKit/537.36" reflexologienobilis.ch
36.112.17.98 - - [10/Dec/2025:02:52:49 +0100] "GET /images/toggi-arrow.jpg HTTP/1.1" 200 2481008 "-" "curl/7.29.0" reflexologienobilis.ch
52.203.65.83 - - [10/Dec/2025:02:52:48 +0100] "GET /produit/produit_2/'%20.%20esc_url(%20apply_filters(%20'woocommerce_grouped_product_list_link',%20$grouped_product_child-%3Eget_permalink(),%20$grouped_product_child-%3Eget_id()%20)%20)%20.%20' HTTP/1.1" 301 45064 "-" "Mozilla/5.0 AppleWebKit/537.36 (KHTML, like Gecko; compatible; Amazonbot/0.1; +https://developer.amazon.com/support/amazonbot) Chrome/119.0.6045.214 Safari/537.36" reflexologienobilis.ch
2a03:2880:f804:a:: - - [10/Dec/2025:02:52:49 +0100] "GET /?p=1510271389 HTTP/1.1" 404 62758 "-" "meta-externalagent/1.1 (+https://developers.facebook.com/docs/sharing/webmasters/crawler)" reflexologienobilis.ch
2804:bb4:200:11bc:64de:e70c:5d50:8c2d - - [10/Dec/2025:02:52:51 +0100] "GET /wp-admin/css/colors/special.php HTTP/1.1" 404 62883 "-" "Mozilla/5.0 (Windows NT 10.0; Win64; x64) AppleWebKit/537.36" reflexologienobilis.ch
2804:bb4:200:11bc:64de:e70c:5d50:8c2d - - [10/Dec/2025:02:52:53 +0100] "GET /wp-admin/css/colors/plugin-install.php HTTP/1.1" 301 45064 "-" "Mozilla/5.0 (Windows NT 10.0; Win64; x64) AppleWebKit/537.36" reflexologienobilis.ch
98.80.130.239 - - [10/Dec/2025:02:52:52 +0100] "GET /2017/02/?filesrc=/home/clients/bc55d1d9a618a64acfd6a3c258c080a1/web/wp-content/uploads/2019/02/Re%CC%81flexo-pied4-2657x1800.jpg&path=/home/clients/bc55d1d9a618a64acfd6a3c258c080a1/web/wp-content/uploads/2019/02 HTTP/1.1" 200 6749 "-" "Mozilla/5.0 AppleWebKit/537.36 (KHTML, like Gecko; compatible; Amazonbot/0.1; +https://developer.amazon.com/support/amazonbot) Chrome/119.0.6045.214 Safari/537.36" reflexologienobilis.ch
52.205.222.214 - - [10/Dec/2025:02:52:53 +0100] "GET /produit/produit_2/%20.%20esc_url(%20apply_filters(%20woocommerce_grouped_product_list_link,%20grouped_product_child-%3Eget_permalink(),%20grouped_product_child-%3Eget_id()%20)%20)%20.%20 HTTP/1.1" 301 45064 "-" "Mozilla/5.0 AppleWebKit/537.36 (KHTML, like Gecko; compatible; Amazonbot/0.1; +https://developer.amazon.com/support/amazonbot) Chrome/119.0.6045.214 Safari/537.36" reflexologienobilis.ch
2804:bb4:200:11bc:64de:e70c:5d50:8c2d - - [10/Dec/2025:02:52:55 +0100] "GET /wp-admin/css/colors/plugin-install.php HTTP/1.1" 404 62883 "-" "Mozilla/5.0 (Windows NT 10.0; Win64; x64) AppleWebKit/537.36" reflexologienobilis.ch
54.80.73.122 - - [10/Dec/2025:02:52:57 +0100] "GET /categorie-produit/en-vente-au-magasin/?act=download&dir=/home/clients/bc55d1d9a618a64acfd6a3c258c080a1/web/wp-includes/js/tinymce/plugins/image/photos&file=/home/clients/bc55d1d9a618a64acfd6a3c258c080a1/web/wp-includes/js/tinymce/plugins/image/photos/index.php HTTP/1.1" 200 1910 "-" "Mozilla/5.0 AppleWebKit/537.36 (KHTML, like Gecko; compatible; Amazonbot/0.1; +https://developer.amazon.com/support/amazonbot) Chrome/119.0.6045.214 Safari/537.36" reflexologienobilis.ch
2804:bb4:200:11bc:64de:e70c:5d50:8c2d - - [10/Dec/2025:02:52:57 +0100] "GET /wp-admin/css/colors/brand.php HTTP/1.1" 301 45064 "-" "Mozilla/5.0 (Windows NT 10.0; Win64; x64) AppleWebKit/537.36" reflexologienobilis.ch
216.73.216.187 - - [10/Dec/2025:02:52:57 +0100] "GET /contact/?opt=newfolder&path=%2Fhome%2Fclients%2Fbc55d1d9a618a64acfd6a3c258c080a1%2Fweb%2Fwp-content%2Fcache%2Fmeta HTTP/1.1" 200 8414 "-" "Mozilla/5.0 AppleWebKit/537.36 (KHTML, like Gecko; compatible; ClaudeBot/1.0; +claudebot@anthropic.com)" reflexologienobilis.ch
52.203.65.83 - - [10/Dec/2025:02:52:59 +0100] "GET /produit/produit_2/%20.%20esc_url(%20apply_filters(%20woocommerce_grouped_product_list_link,%20grouped_product_child-%3Eget_permalink(),%20grouped_product_child-%3Eget_id HTTP/1.1" 404 62758 "-" "Mozilla/5.0 AppleWebKit/537.36 (KHTML, like Gecko; compatible; Amazonbot/0.1; +https://developer.amazon.com/support/amazonbot) Chrome/119.0.6045.214 Safari/537.36" reflexologienobilis.ch
2804:bb4:200:11bc:64de:e70c:5d50:8c2d - - [10/Dec/2025:02:52:59 +0100] "GET /wp-admin/css/colors/brand.php HTTP/1.1" 404 62883 "-" "Mozilla/5.0 (Windows NT 10.0; Win64; x64) AppleWebKit/537.36" reflexologienobilis.ch
52.71.218.25 - - [10/Dec/2025:02:53:01 +0100] "GET /reflexologie-amerindienne/?filesrc=/home/clients/bc55d1d9a618a64acfd6a3c258c080a1/web/wp-content/plugins/divi-builder/includes/builder/post/type/Layout.php&path=/home/clients/bc55d1d9a618a64acfd6a3c258c080a1/web/wp-content/plugins/divi-builder/includes/builder/post/type HTTP/1.1" 200 9002 "-" "Mozilla/5.0 AppleWebKit/537.36 (KHTML, like Gecko; compatible; Amazonbot/0.1; +https://developer.amazon.com/support/amazonbot) Chrome/119.0.6045.214 Safari/537.36" reflexologienobilis.ch
2804:bb4:200:11bc:64de:e70c:5d50:8c2d - - [10/Dec/2025:02:53:01 +0100] "GET /wp-admin/network/item.php HTTP/1.1" 301 45064 "-" "Mozilla/5.0 (Windows NT 10.0; Win64; x64) AppleWebKit/537.36" reflexologienobilis.ch
36.112.17.98 - - [10/Dec/2025:02:53:04 +0100] "GET /images/toggi-arrow.jpg HTTP/1.1" 200 2481008 "-" "curl/7.29.0" reflexologienobilis.ch
54.84.102.81 - - [10/Dec/2025:02:53:05 +0100] "GET /services/?act=download&dir=/home/clients/bc55d1d9a618a64acfd6a3c258c080a1/web/wp-content/plugins/divi-builder/includes/builder/images&file=/home/clients/bc55d1d9a618a64acfd6a3c258c080a1/web/wp-content/plugins/divi-builder/includes/builder/images/right-click-options-carrot.png HTTP/1.1" 200 1386 "-" "Mozilla/5.0 AppleWebKit/537.36 (KHTML, like Gecko; compatible; Amazonbot/0.1; +https://developer.amazon.com/support/amazonbot) Chrome/119.0.6045.214 Safari/537.36" reflexologienobilis.ch
2804:bb4:200:11bc:64de:e70c:5d50:8c2d - - [10/Dec/2025:02:53:06 +0100] "GET /wp-admin/network/about.php HTTP/1.1" 302 - "-" "Mozilla/5.0 (Windows NT 10.0; Win64; x64) AppleWebKit/537.36" reflexologienobilis.ch
2804:bb4:200:11bc:64de:e70c:5d50:8c2d - - [10/Dec/2025:02:53:04 +0100] "GET /wp-admin/network/item.php HTTP/1.1" 404 62905 "-" "Mozilla/5.0 (Windows NT 10.0; Win64; x64) AppleWebKit/537.36" reflexologienobilis.ch
2804:bb4:200:11bc:64de:e70c:5d50:8c2d - - [10/Dec/2025:02:53:08 +0100] "GET /wp-admin/network/about.php HTTP/1.1" 302 - "-" "Mozilla/5.0 (Windows NT 10.0; Win64; x64) AppleWebKit/537.36" reflexologienobilis.ch
62.138.6.15 - - [10/Dec/2025:02:53:09 +0100] "GET /consultation-cabinet/?path=/home/clients/bc55d1d9a618a64acfd6a3c258c080a1/web/cv/antai/prevents HTTP/1.1" 200 8754 "-" "Mozilla/5.0 (X11; Linux x86_64) AppleWebKit/537.36 (KHTML, like Gecko) Chrome/124.0.0.0 Safari/537.36" reflexologienobilis.ch
52.3.102.51 - - [10/Dec/2025:02:53:10 +0100] "GET /services/?act=download&dir=/home/clients/bc55d1d9a618a64acfd6a3c258c080a1/web/wp-content/plugins/divi-builder/includes/builder/images&file=/home/clients/bc55d1d9a618a64acfd6a3c258c080a1/web/wp-content/plugins/divi-builder/includes/builder/images/clone.gif HTTP/1.1" 200 83819 "-" "Mozilla/5.0 AppleWebKit/537.36 (KHTML, like Gecko; compatible; Amazonbot/0.1; +https://developer.amazon.com/support/amazonbot) Chrome/119.0.6045.214 Safari/537.36" reflexologienobilis.ch
2804:bb4:200:11bc:64de:e70c:5d50:8c2d - - [10/Dec/2025:02:53:09 +0100] "GET /wp-login.php?redirect_to=https%3A%2F%2Freflexologienobilis.ch%2Fwp-admin%2Fnetwork%2Fabout.php&reauth=1 HTTP/1.1" 404 62766 "-" "Mozilla/5.0 (Windows NT 10.0; Win64; x64) AppleWebKit/537.36" reflexologienobilis.ch
2804:bb4:200:11bc:64de:e70c:5d50:8c2d - - [10/Dec/2025:02:53:12 +0100] "GET /wp-admin/network/wp-blog-header.php HTTP/1.1" 403 996 "-" "Mozilla/5.0 (Windows NT 10.0; Win64; x64) AppleWebKit/537.36" reflexologienobilis.ch
2804:bb4:200:11bc:64de:e70c:5d50:8c2d - - [10/Dec/2025:02:53:12 +0100] "GET /wp-admin/network/goods.php HTTP/1.1" 301 45064 "-" "Mozilla/5.0 (Windows NT 10.0; Win64; x64) AppleWebKit/537.36" reflexologienobilis.ch
36.112.17.98 - - [10/Dec/2025:02:53:16 +0100] "GET /images/toggi-arrow.jpg HTTP/1.1" 200 2481008 "-" "curl/7.29.0" reflexologienobilis.ch
2804:bb4:200:11bc:64de:e70c:5d50:8c2d - - [10/Dec/2025:02:53:15 +0100] "GET /wp-admin/network/goods.php HTTP/1.1" 404 62883 "-" "Mozilla/5.0 (Windows NT 10.0; Win64; x64) AppleWebKit/537.36" reflexologienobilis.ch
2804:bb4:200:11bc:64de:e70c:5d50:8c2d - - [10/Dec/2025:02:53:17 +0100] "GET /wp-admin/network/buy.php HTTP/1.1" 301 45064 "-" "Mozilla/5.0 (Windows NT 10.0; Win64; x64) AppleWebKit/537.36" reflexologienobilis.ch
44.215.210.112 - - [10/Dec/2025:02:53:18 +0100] "GET /services/?act=download&dir=/home/clients/bc55d1d9a618a64acfd6a3c258c080a1/web/wp-content/plugins/divi-builder/includes/builder/images&file=/home/clients/bc55d1d9a618a64acfd6a3c258c080a1/web/wp-content/plugins/divi-builder/includes/builder/images/premade.gif HTTP/1.1" 200 76994 "-" "Mozilla/5.0 AppleWebKit/537.36 (KHTML, like Gecko; compatible; Amazonbot/0.1; +https://developer.amazon.com/support/amazonbot) Chrome/119.0.6045.214 Safari/537.36" reflexologienobilis.ch
2804:bb4:200:11bc:64de:e70c:5d50:8c2d - - [10/Dec/2025:02:53:19 +0100] "GET /wp-admin/network/buy.php HTTP/1.1" 404 62883 "-" "Mozilla/5.0 (Windows NT 10.0; Win64; x64) AppleWebKit/537.36" reflexologienobilis.ch
2804:bb4:200:11bc:64de:e70c:5d50:8c2d - - [10/Dec/2025:02:53:21 +0100] "GET /wp-admin/network/install.php HTTP/1.1" 301 45064 "-" "Mozilla/5.0 (Windows NT 10.0; Win64; x64) AppleWebKit/537.36" reflexologienobilis.ch
36.112.17.98 - - [10/Dec/2025:02:53:21 +0100] "GET /jquery-3.3.1.min.js HTTP/1.1" 301 45064 "-" "Go-http-client/1.1" reflexologienobilis.ch
52.4.238.8 - - [10/Dec/2025:02:53:22 +0100] "GET /services/?act=download&dir=/home/clients/bc55d1d9a618a64acfd6a3c258c080a1/web/wp-content/plugins/divi-builder/includes/builder/images&file=/home/clients/bc55d1d9a618a64acfd6a3c258c080a1/web/wp-content/plugins/divi-builder/includes/builder/images/library-global.svg HTTP/1.1" 200 903 "-" "Mozilla/5.0 AppleWebKit/537.36 (KHTML, like Gecko; compatible; Amazonbot/0.1; +https://developer.amazon.com/support/amazonbot) Chrome/119.0.6045.214 Safari/537.36" reflexologienobilis.ch
2804:bb4:200:11bc:64de:e70c:5d50:8c2d - - [10/Dec/2025:02:53:24 +0100] "GET /wp-admin/network/install.php HTTP/1.1" 404 62883 "-" "Mozilla/5.0 (Windows NT 10.0; Win64; x64) AppleWebKit/537.36" reflexologienobilis.ch
44.214.19.8 - - [10/Dec/2025:02:53:25 +0100] "GET /categorie-produit/en-vente-au-magasin/?filesrc=/home/clients/bc55d1d9a618a64acfd6a3c258c080a1/web/wp-content/plugins/woocommerce/vendor/automattic/cssjs/index.php&path=/home/clients/bc55d1d9a618a64acfd6a3c258c080a1/web/wp-content/plugins/woocommerce/vendor/automattic/cssjs HTTP/1.1" 200 7822 "-" "Mozilla/5.0 AppleWebKit/537.36 (KHTML, like Gecko; compatible; Amazonbot/0.1; +https://developer.amazon.com/support/amazonbot) Chrome/119.0.6045.214 Safari/537.36" reflexologienobilis.ch
173.208.176.202 - - [10/Dec/2025:02:52:30 +0100] "GET /wp-includes/ad9d00da/index.php?id=350252 HTTP/1.1" 200 25 "https://reflexologienobilis.ch/wp-includes/ad9d00da/index.php?id=350252" "Mozilla/5.0 (Windows NT 10.0; Win64; x64) AppleWebKit/537.36 (KHTML, like Gecko) Chrome/58.0.3029.110 Safari/537.3" reflexologienobilis.ch
2804:bb4:200:11bc:64de:e70c:5d50:8c2d - - [10/Dec/2025:02:53:26 +0100] "GET /wp-admin/network/special.php HTTP/1.1" 301 45064 "-" "Mozilla/5.0 (Windows NT 10.0; Win64; x64) AppleWebKit/537.36" reflexologienobilis.ch
2804:bb4:200:11bc:64de:e70c:5d50:8c2d - - [10/Dec/2025:02:53:28 +0100] "GET /wp-admin/network/special.php HTTP/1.1" 404 62884 "-" "Mozilla/5.0 (Windows NT 10.0; Win64; x64) AppleWebKit/537.36" reflexologienobilis.ch
47.109.52.147 - - [10/Dec/2025:02:53:30 +0100] "GET /images/toggi-arrow.jpg HTTP/1.1" 200 2481008 "-" "Mikrotik/6.x Fetch" reflexologienobilis.ch
34.227.156.153 - - [10/Dec/2025:02:53:29 +0100] "GET /2018/12/?filesrc=/home/clients/bc55d1d9a618a64acfd6a3c258c080a1/web/wp-content/uploads/2019/03/Reflexologienobilis6.jpg&path=/home/clients/bc55d1d9a618a64acfd6a3c258c080a1/web/wp-content/uploads/2019/03 HTTP/1.1" 200 6756 "-" "Mozilla/5.0 AppleWebKit/537.36 (KHTML, like Gecko; compatible; Amazonbot/0.1; +https://developer.amazon.com/support/amazonbot) Chrome/119.0.6045.214 Safari/537.36" reflexologienobilis.ch
36.112.17.98 - - [10/Dec/2025:02:53:31 +0100] "GET /images/toggi-arrow.jpg HTTP/1.1" 200 2481008 "-" "curl/7.29.0" reflexologienobilis.ch
